821
CXUS52 KTAE 010800
CF6ABY
PRELIMINARY LOCAL CLIMATOLOGICAL DATA (WS FORM: F-6)
STATION: ALBANY
MONTH: MARCH
YEAR: 2020
LATITUDE: 31 31 N
LONGITUDE: 84 11 W
TEMPERATURE IN F: :PCPN: SNOW: WIND :SUNSHINE: SKY :PK WND
================================================================================
1 2 3 4 5 6A 6B 7 8 9 10 11 12 13 14 15 16 17 18
12Z AVG MX 2MIN
DY MAX MIN AVG DEP HDD CDD WTR SNW DPTH SPD SPD DIR MIN PSBL S-S WX SPD DR
================================================================================
1 70 34 52 -4 13 0 0.00 0.0 0 3.3 13 170 M M 0 18 18 180
2 73 47 60 4 5 0 0.06 M 0 9.4 24 200 M M 6 1 32 190
3 80 63 72 16 0 7 0.00 0.0 0 10.7 25 210 M M 8 1 33 210
4 69 57 63 7 2 0 3.19 0.0 0 7.3 26 320 M M 10 123 35 300
5 59 53 56 -1 9 0 0.89 0.0 0 8.9 20 60 M M 10 13 25 50
6 68 46 57 0 8 0 0.00 0.0 0 11.8 25 330 M M 2 35 310
7 61 38 50 -7 15 0 0.00 0.0 0 5.8 15 20 M M 0 21 20
8 69 38 54 -3 11 0 0.00 0.0 0 4.3 15 90 M M 0 20 90
9 77 47 62 4 3 0 0.00 0.0 0 6.1 18 160 M M 2 8 28 150
10 78 57 68 10 0 3 T 0.0 0 4.1 15 190 M M 5 19 190
11 77 56 67 9 0 2 0.05 0.0 0 5.1 15 210 M M 7 1 18 210
12 81 59 70 12 0 5 0.00 0.0 0 5.8 12 210 M M 4 128 16 320
13 81 61 71 12 0 6 T 0.0 0 5.5 12 220 M M 4 1 16 230
14 85 58 72 13 0 7 0.00 0.0 0 2.3 12 230 M M 0 18 15 220
15 87 58 73 14 0 8 0.00 0.0 0 3.3 13 360 M M 1 18 16 10
16 79 63 71 12 0 6 0.00 0.0 0 7.8 13 80 M M 7 8 17 100
17 81 62 72 12 0 7 0.01 0.0 0 4.5 12 140 M M 7 18 14 140
18 87 62 75 15 0 10 T 0.0 0 5.0 17 200 M M 5 128 25 190
19 88 60 74 14 0 9 0.00 0.0 0 5.8 17 190 M M 2 128 25 170
20 86 60 73 13 0 8 0.00 0.0 0 4.9 16 220 M M 5 18 21 220
21 80 61 71 11 0 6 T 0.0 0 3.2 10 330 M M 5 18 13 280
22 76 60 68 7 0 3 T 0.0 0 7.0 23 320 M M 4 28 320
23 84 64 74 13 0 9 T 0.0 0 6.5 15 220 M M 7 18 20 220
24 87 64 76 15 0 11 T 0.0 0 10.1 23 220 M M 3 1 30 210
25 88 64 76 15 0 11 T 0.0 0 7.8 17 240 M M 5 25 240
26 88 59 74 12 0 9 0.00 0.0 0 2.4 10 220 M M 1 8 14 200
27 89 61 75 13 0 10 0.00 0.0 0 6.7 16 250 M M 3 18 20 250
28 90 63 77 15 0 12 0.00 0.0 0 6.9 20 210 M M 5 128 28 210
29 90 67 79 17 0 14 0.00 0.0 0 7.2 15 210 M M 5 18 20 210
30 86 60 73 11 0 8 0.00 0.0 0 4.6 10 330 M M 2 8 13 340
31 79 58 69 6 0 4 0.41 0.0 0 9.2 25 230 M M 5 138 42 210
================================================================================
SM 2473 1760 66 175 4.61 0.0 193.3 M 130
================================================================================
AV 79.8 56.8 6.2 FASTST M M 4 MAX(MPH)
MISC ----> # 26 320 # 42 210
================================================================================
NOTES:
# LAST OF SEVERAL OCCURRENCES
COLUMN 17 PEAK WIND IN M.P.H.
PRELIMINARY LOCAL CLIMATOLOGICAL DATA (WS FORM: F-6) , PAGE 2
STATION: ALBANY
MONTH: MARCH
YEAR: 2020
LATITUDE: 31 31 N
LONGITUDE: 84 11 W
[TEMPERATURE DATA] [PRECIPITATION DATA] SYMBOLS USED IN COLUMN 16
AVERAGE MONTHLY: 68.3 TOTAL FOR MONTH: 4.61 1 = FOG OR MIST
DPTR FM NORMAL: 9.1 DPTR FM NORMAL: -0.44 2 = FOG REDUCING VISIBILITY
HIGHEST: 90 ON 29,28 GRTST 24HR 3.19 ON 4- 4 TO 1/4 MILE OR LESS
LOWEST: 34 ON 1 3 = THUNDER
SNOW, ICE PELLETS, HAIL 4 = ICE PELLETS
TOTAL MONTH: 0.0 INCH 5 = HAIL
GRTST 24HR 0.0 6 = FREEZING RAIN OR DRIZZLE
GRTST DEPTH: 0 7 = DUSTSTORM OR SANDSTORM:
VSBY 1/2 MILE OR LESS
8 = SMOKE OR HAZE
[NO. OF DAYS WITH] [WEATHER - DAYS WITH] 9 = BLOWING SNOW
X = TORNADO
MAX 32 OR BELOW: 0 0.01 INCH OR MORE: 6
MAX 90 OR ABOVE: 2 0.10 INCH OR MORE: 3
MIN 32 OR BELOW: 0 0.50 INCH OR MORE: 2
MIN 0 OR BELOW: 0 1.00 INCH OR MORE: 1
[HDD (BASE 65) ]
TOTAL THIS MO. 66 CLEAR (SCALE 0-3) 10
DPTR FM NORMAL -143 PTCLDY (SCALE 4-7) 18
TOTAL FM JUL 1 1215 CLOUDY (SCALE 8-10) 3
DPTR FM NORMAL -554
[CDD (BASE 65) ]
TOTAL THIS MO. 175
DPTR FM NORMAL 146 [PRESSURE DATA]
TOTAL FM JAN 1 236 HIGHEST SLP 30.60 ON 8
DPTR FM NORMAL 198 LOWEST SLP 29.63 ON 31
[REMARKS]
#FINAL-03-20#