000
CXUS51 KPHI 010915
CF6ACY
PRELIMINARY LOCAL CLIMATOLOGICAL DATA (WS FORM: F-6)
STATION: ATLANTIC CITY NJ
MONTH: NOVEMBER
YEAR: 2021
LATITUDE: 39 27 N
LONGITUDE: 74 34 W
TEMPERATURE IN F: :PCPN: SNOW: WIND :SUNSHINE: SKY :PK WND
================================================================================
1 2 3 4 5 6A 6B 7 8 9 10 11 12 13 14 15 16 17 18
12Z AVG MX 2MIN
DY MAX MIN AVG DEP HDD CDD WTR SNW DPTH SPD SPD DIR MIN PSBL S-S WX SPD DR
================================================================================
1 63 38 51 0 14 0 0.00 0.0 0 8.8 23 290 M M 0 33 310
2 55 39 47 -4 18 0 0.21 0.0 0 4.6 14 320 M M 8 1 18 330
3 54 34 44 -7 21 0 0.00 0.0 0 6.3 17 310 M M 1 1 23 320
4 53 34 44 -6 21 0 0.00 0.0 0 5.3 13 360 M M 3 18 20
5 55 31 43 -7 22 0 0.00 0.0 0 6.2 17 360 M M 1 24 350
6 56 31 44 -6 21 0 0.00 0.0 0 6.6 21 60 M M 1 28 80
7 55 39 47 -2 18 0 0.00 0.0 0 8.0 17 20 M M 2 25 20
8 66 38 52 3 13 0 0.00 0.0 0 7.1 17 350 M M 0 24 10
9 73 43 58 9 7 0 0.00 0.0 0 4.1 15 280 M M 0 20 280
10 69 41 55 7 10 0 0.00 0.0 0 5.4 18 320 M M 0 25 310
11 65 36 51 3 14 0 0.00 0.0 0 7.1 16 110 M M 1 23 120
12 66 37 52 4 13 0 0.32 0.0 0 8.9 22 190 M M 4 1 37 200
13 65 36 51 3 14 0 0.00 0.0 0 10.2 35 300 M M 1 49 260
14 49 36 43 -4 22 0 T 0.0 0 6.9 16 260 M M 3 23 260
15 51 33 42 -5 23 0 T 0.0 0 11.6 29 290 M M 5 39 300
16 51 29 40 -7 25 0 0.00 0.0 0 6.5 18 300 M M 0 25 310
17 62 29 46 0 19 0 0.00 0.0 0 7.2 16 200 M M 0 26 170
18 72 47 60 14 5 0 0.02 0.0 0 11.5 30 310 M M 1 40 310
19 49 32 41 -5 24 0 T 0.0 0 12.9 26 320 M M 2 38 300
20 49 26 38 -7 27 0 0.00 0.0 0 3.9 12 120 M M 0 15 120
21 58 31 45 0 20 0 0.00 0.0 0 3.6 16 180 M M 7 26 200
22 58 35 47 2 18 0 0.03 0.0 0 9.6 20 330 M M M 1 31 340
23 45 25 35 -10 30 0 0.00 0.0 0 11.0 24 310 M M 1 32 310
24 47 23 35 -9 30 0 0.00 0.0 0 7.9 17 330 M M 0 25 350
25 58 27 43 -1 22 0 0.00 0.0 0 4.2 12 270 M M 1 17 250
26 50 37 44 0 21 0 0.38 0.0 0 14.6 33 280 M M 8 1 47 280
27 42 34 38 -5 27 0 0.00 0.0 0 13.8 25 320 M M 1 35 320
28 57 31 44 1 21 0 T T 0 5.4 17 280 M M 5 23 280
29 45 24 35 -8 30 0 0.00 0.0 0 9.5 22 310 M M 6 30 310
30 44 24 34 -9 31 0 0.00 0.0 0 4.5 15 200 M M 6 22 210
================================================================================
SM 1682 1000 601 0 0.96 T 233.2 M 68
================================================================================
AV 56.1 33.3 7.8 FASTST M M 2 MAX(MPH)
MISC ----> 35 300 49 260
================================================================================
NOTES:
# LAST OF SEVERAL OCCURRENCES
COLUMN 17 PEAK WIND IN M.P.H.
PRELIMINARY LOCAL CLIMATOLOGICAL DATA (WS FORM: F-6) , PAGE 2
STATION: ATLANTIC CITY NJ
MONTH: NOVEMBER
YEAR: 2021
LATITUDE: 39 27 N
LONGITUDE: 74 34 W
[TEMPERATURE DATA] [PRECIPITATION DATA] SYMBOLS USED IN COLUMN 16
AVERAGE MONTHLY: 44.7 TOTAL FOR MONTH: 0.96 1 = FOG OR MIST
DPTR FM NORMAL: -2.1 DPTR FM NORMAL: -2.41 2 = FOG REDUCING VISIBILITY
HIGHEST: 73 ON 9 GRTST 24HR 0.38 ON 26-26 TO 1/4 MILE OR LESS
LOWEST: 23 ON 24 3 = THUNDER
SNOW, ICE PELLETS, HAIL 4 = ICE PELLETS
TOTAL MONTH: T 5 = HAIL
GRTST 24HR T ON 28-28 6 = FREEZING RAIN OR DRIZZLE
GRTST DEPTH: 0 7 = DUSTSTORM OR SANDSTORM:
VSBY 1/2 MILE OR LESS
8 = SMOKE OR HAZE
[NO. OF DAYS WITH] [WEATHER - DAYS WITH] 9 = BLOWING SNOW
X = TORNADO
MAX 32 OR BELOW: 0 0.01 INCH OR MORE: 5
MAX 90 OR ABOVE: 0 0.10 INCH OR MORE: 3
MIN 32 OR BELOW: 13 0.50 INCH OR MORE: 0
MIN 0 OR BELOW: 0 1.00 INCH OR MORE: 0
[HDD (BASE 65) ]
TOTAL THIS MO. 601 CLEAR (SCALE 0-3) 21
DPTR FM NORMAL 55 PTCLDY (SCALE 4-7) 7
TOTAL FM JUL 1 716 CLOUDY (SCALE 8-10) 2
DPTR FM NORMAL -144
[CDD (BASE 65) ]
TOTAL THIS MO. 0
DPTR FM NORMAL -1 [PRESSURE DATA]
TOTAL FM JAN 1 1313 HIGHEST SLP 30.58 ON 20
DPTR FM NORMAL 177 LOWEST SLP 29.62 ON 13
[REMARKS]
#FINAL-11-21#