000
CXUS54 KLZK 011230
CF6ADF
PRELIMINARY LOCAL CLIMATOLOGICAL DATA (WS FORM: F-6)
STATION: ARKADELPHIA AIRPORT
MONTH: JULY
YEAR: 2023
LATITUDE: 34 9 N
LONGITUDE: 93 4 W
TEMPERATURE IN F: :PCPN: SNOW: WIND :SUNSHINE: SKY :PK WND
================================================================================
1 2 3 4 5 6A 6B 7 8 9 10 11 12 13 14 15 16 17 18
12Z AVG MX 2MIN
DY MAX MIN AVG DEP HDD CDD WTR SNW DPTH SPD SPD DIR MIN PSBL S-S WX SPD DR
================================================================================
1 96 75 86 6 0 21 0.00 M M 5.8 17 230 M M 1 18 22 230
2 95 74 85 5 0 20 T M M 4.8 27 190 M M 1 3 32 190
3 96 72 84 4 0 19 T M M 3.8 13 230 M M 1 13 17 330
4 91 71 81 1 0 16 T M M 2.9 9 220 M M 3 3 M M
5 95 71 83 3 0 18 0.05 M M 2.2 10 220 M M 4 123 17 30
6 93 71 82 2 0 17 1.32 M M 3.5 23 260 M M 5 13 37 180
7 90 71 81 1 0 16 0.01 M M 1.9 7 180 M M 6 12 M M
8 84 71 78 -2 0 13 0.15 M M 3.4 10 250 M M 3 123 M M
9 82 69 76 -5 0 11 1.14 M M 3.8 14 300 M M 5 13 18 270
10 87 67 77 -4 0 12 0.00 M M 1.7 7 20 M M 3 1 M M
11 87 68 78 -3 0 13 0.00 M M 2.0 9 20 M M 5 M M
12 87 74 81 0 0 16 0.84 M M 3.4 13 180 M M 8 13 17 180
13 93 75 84 3 0 19 0.11 M M 3.5 12 190 M M 5 138 M M
14 85 71 78 -3 0 13 0.54 M M 1.5 8 200 M M 4 13 40 360
15 92 71 82 1 0 17 0.64 M M 3.4 21 10 M M 4 13 26 10
16 90 71 81 0 0 16 0.00 M M 1.8 14 240 M M 1 12 25 250
17 93 67 80 -1 0 15 0.00 M M 2.7 8 200 M M 1 1 M M
18 96 74 85 4 0 20 0.00 M M 4.3 13 220 M M 0 1 17 220
19 96 77 87 6 0 22 0.07 M M 5.7 13 220 M M 0 M M
20 93 73 83 2 0 18 0.00 M M 3.1 9 220 M M 0 1 M M
21 89 74 82 1 0 17 0.00 M M 3.5 10 30 M M 4 12 17 30
22 88 68 78 -3 0 13 T M M 3.9 9 10 M M 4 M M
23 92 64 78 -3 0 13 0.00 M M 1.9 7 99 M M 0 M M
24 93 67 80 -1 0 15 0.00 M M 2.6 8 200 M M 0 1 M M
25 95 66 81 0 0 16 0.00 M M 2.9 10 210 M M 0 M M
26 95 72 84 3 0 19 0.00 M M 3.9 12 230 M M 1 1 17 220
27 96 70 83 2 0 18 0.00 M M 3.3 10 220 M M 0 1 M M
28 97 72 85 4 0 20 0.00 M M 2.3 8 170 M M 0 1 M M
29 98 72 85 4 0 20 0.00 M M 3.4 9 210 M M 0 1 M M
30 98 72 85 4 0 20 T M M 2.4 9 230 M M 0 13 M M
31 95 71 83 2 0 18 0.92 M M 4.0 21 20 M M 2 13 30 10
================================================================================
SM 2857 2201 0 521 5.79 M 99.1 M 71
================================================================================
AV 92.2 71.0 3.2 FASTST M M 2 MAX(MPH)
MISC ----> 27 190 40 360
================================================================================
NOTES:
# LAST OF SEVERAL OCCURRENCES
COLUMN 17 PEAK WIND IN M.P.H.
PRELIMINARY LOCAL CLIMATOLOGICAL DATA (WS FORM: F-6) , PAGE 2
STATION: ARKADELPHIA AIRPORT
MONTH: JULY
YEAR: 2023
LATITUDE: 34 9 N
LONGITUDE: 93 4 W
[TEMPERATURE DATA] [PRECIPITATION DATA] SYMBOLS USED IN COLUMN 16
AVERAGE MONTHLY: 81.6 TOTAL FOR MONTH: 5.79 1 = FOG OR MIST
DPTR FM NORMAL: 0.7 DPTR FM NORMAL: 1.42 2 = FOG REDUCING VISIBILITY
HIGHEST: 98 ON 30,29 GRTST 24HR 1.32 ON 6- 6 TO 1/4 MILE OR LESS
LOWEST: 64 ON 23 3 = THUNDER
SNOW, ICE PELLETS, HAIL 4 = ICE PELLETS
TOTAL MONTH: M 5 = HAIL
GRTST 24HR M ON M 6 = FREEZING RAIN OR DRIZZLE
GRTST DEPTH: M ON M 7 = DUSTSTORM OR SANDSTORM:
VSBY 1/2 MILE OR LESS
8 = SMOKE OR HAZE
[NO. OF DAYS WITH] [WEATHER - DAYS WITH] 9 = BLOWING SNOW
X = TORNADO
MAX 32 OR BELOW: 0 0.01 INCH OR MORE: 11
MAX 90 OR ABOVE: 23 0.10 INCH OR MORE: 8
MIN 32 OR BELOW: 0 0.50 INCH OR MORE: 6
MIN 0 OR BELOW: 0 1.00 INCH OR MORE: 2
[HDD (BASE 65) ]
TOTAL THIS MO. 0 CLEAR (SCALE 0-3) 19
DPTR FM NORMAL 0 PTCLDY (SCALE 4-7) 11
TOTAL FM JUL 1 0 CLOUDY (SCALE 8-10) 1
DPTR FM NORMAL 0
[CDD (BASE 65) ]
TOTAL THIS MO. 521
DPTR FM NORMAL 30 [PRESSURE DATA]
TOTAL FM JAN 1 1203 HIGHEST SLP M ON M
DPTR FM NORMAL 104 LOWEST SLP M ON M
[REMARKS]
#FINAL-07-23#