000
CXUS54 KFWD 161604
CF6AFW
PRELIMINARY LOCAL CLIMATOLOGICAL DATA (WS FORM: F-6)
STATION: FORT WORTH ALLIANCE
MONTH: JANUARY
YEAR: 2024
LATITUDE: 32 58 N
LONGITUDE: 97 19 W
TEMPERATURE IN F: :PCPN: SNOW: WIND :SUNSHINE: SKY :PK WND
================================================================================
1 2 3 4 5 6A 6B 7 8 9 10 11 12 13 14 15 16 17 18
12Z AVG MX 2MIN
DY MAX MIN AVG DEP HDD CDD WTR SNW DPTH SPD SPD DIR MIN PSBL S-S WX SPD DR
================================================================================
1 44 32 38 -8 27 0 0.00 M M 8.8 21 10 M M 4 26 20
2 48 29 39 -7 26 0 0.78 M M 5.5 14 110 M M 8 18 25 90
3 55 40 48 2 17 0 0.00 M M 2.5 13 360 M M 6 1 16 30
4 57 32 45 -1 20 0 0.06 M M 7.7 20 140 M M 7 128 29 110
5 56 44 50 4 15 0 0.26 M M 9.2 22 130 M M 9 1 29 130
6 50 38 44 -2 21 0 0.00 M M 8.2 15 310 M M 6 19 310
7 59 33 46 0 19 0 T M M 11.8 29 150 M M 1 44 120
8 58 37 48 2 17 0 0.38 M M 20.2 41 280 M M 9 138 61 280
9 49 34 42 -4 23 0 0.00 M M 17.3 38 300 M M 2 50 300
10 66 33 50 4 15 0 0.00 M M 11.7 25 210 M M 2 35 220
11 71 34 53 7 12 0 0.00 M M 9.7 24 160 M M 1 30 160
12 62 27 45 -1 20 0 0.00 M M 15.5 36 310 M M 5 8 48 320
13 62 20 41 -5 24 0 0.00 M M 15.5 29 360 M M 3 36 360
14 20 11 16 -30 49 0 T M M 15.9 24 360 M M 8 18 33 360
15 27 10 19 -27 46 0 T M M 16.1 28 360 M M 6 168 37 350
16 28 11 20 -26 45 0 0.00 M M 10.7 23 350 M M 3 30 340
17 43 17 30 -16 35 0 0.00 M M 15.2 30 190 M M 2 39 190
18 58 37 48 1 17 0 0.00 M M 12.2 23 190 M M 3 35 180
19 42 22 32 -15 33 0 0.00 M M 15.9 26 340 M M 1 35 360
20 36 17 27 -20 38 0 0.00 M M 7.4 14 10 M M 4 18 90
21 40 31 36 -11 29 0 0.05 M M 12.1 20 120 M M 10 18 26 130
22 39 32 36 -11 29 0 0.10 M M 6.0 12 40 M M 10 12 14 50
23 50 39 45 -2 20 0 0.43 M M 6.4 12 340 M M 10 12 14 340
24 52 44 48 1 17 0 T M M 5.4 12 330 M M 10 1 17 340
25 56 47 52 5 13 0 0.01 M M 5.1 9 230 M M 9 1 16 300
26 52 48 50 2 15 0 0.42 M M 8.8 18 70 M M 10 18 25 70
27 50 35 43 -5 22 0 0.35 M M 12.8 23 330 M M 7 1 37 300
28 63 31 47 -1 18 0 0.00 M M 4.6 12 260 M M 0 17 280
29 73 40 57 9 8 0 0.00 M M 7.0 20 290 M M 2 26 270
30 75 46 61 13 4 0 0.00 M M 4.7 13 320 M M 3 28 280
31 74 44 59 11 6 0 0.00 M M 4.7 12 150 M M 4 15 200
================================================================================
SM 1615 995 700 0 2.84 M 314.6 M 165
================================================================================
AV 52.1 32.1 10.1 FASTST M M 5 MAX(MPH)
MISC ----> 41 280 61 280
================================================================================
NOTES:
# LAST OF SEVERAL OCCURRENCES
COLUMN 17 PEAK WIND IN M.P.H.
PRELIMINARY LOCAL CLIMATOLOGICAL DATA (WS FORM: F-6) , PAGE 2
STATION: FORT WORTH ALLIANCE
MONTH: JANUARY
YEAR: 2024
LATITUDE: 32 58 N
LONGITUDE: 97 19 W
[TEMPERATURE DATA] [PRECIPITATION DATA] SYMBOLS USED IN COLUMN 16
AVERAGE MONTHLY: 42.1 TOTAL FOR MONTH: 2.84 1 = FOG OR MIST
DPTR FM NORMAL: -4.6 DPTR FM NORMAL: 0.90 2 = FOG REDUCING VISIBILITY
HIGHEST: 75 ON 30 GRTST 24HR 1.03 ON 22-23 TO 1/4 MILE OR LESS
LOWEST: 10 ON 15 3 = THUNDER
SNOW, ICE PELLETS, HAIL 4 = ICE PELLETS
TOTAL MONTH: M 5 = HAIL
GRTST 24HR M ON M 6 = FREEZING RAIN OR DRIZZLE
GRTST DEPTH: M ON M 7 = DUSTSTORM OR SANDSTORM:
VSBY 1/2 MILE OR LESS
8 = SMOKE OR HAZE
[NO. OF DAYS WITH] [WEATHER - DAYS WITH] 9 = BLOWING SNOW
X = TORNADO
MAX 32 OR BELOW: 3 0.01 INCH OR MORE: 10
MAX 90 OR ABOVE: 0 0.10 INCH OR MORE: 7
MIN 32 OR BELOW: 14 0.50 INCH OR MORE: 1
MIN 0 OR BELOW: 0 1.00 INCH OR MORE: 0
[HDD (BASE 65) ]
TOTAL THIS MO. 700 CLEAR (SCALE 0-3) 12
DPTR FM NORMAL 128 PTCLDY (SCALE 4-7) 10
TOTAL FM JUL 1 1461 CLOUDY (SCALE 8-10) 9
DPTR FM NORMAL 8
[CDD (BASE 65) ]
TOTAL THIS MO. 0
DPTR FM NORMAL -3 [PRESSURE DATA]
TOTAL FM JAN 1 0 HIGHEST SLP 30.67 ON 20
DPTR FM NORMAL -3 LOWEST SLP 29.42 ON 12
[REMARKS]
#FINAL-01-24#