000
CXUS52 KCAE 011400
CF6AGS
PRELIMINARY LOCAL CLIMATOLOGICAL DATA (WS FORM: F-6)
STATION: AUGUSTA BUSH FIELD GA
MONTH: JULY
YEAR: 2023
LATITUDE: 33 22 N
LONGITUDE: 81 58 W
TEMPERATURE IN F: :PCPN: SNOW: WIND :SUNSHINE: SKY :PK WND
================================================================================
1 2 3 4 5 6A 6B 7 8 9 10 11 12 13 14 15 16 17 18
12Z AVG MX 2MIN
DY MAX MIN AVG DEP HDD CDD WTR SNW DPTH SPD SPD DIR MIN PSBL S-S WX SPD DR
================================================================================
1 95 68 82 0 0 17 0.08 0.0 0 2.9 26 40 M M 2 1238 31 30
2 96 73 85 3 0 20 0.08 0.0 0 3.6 28 310 M M 1 138 33 320
3 93 72 83 1 0 18 T 0.0 0 5.3 18 260 M M 2 3 23 280
4 95 73 84 2 0 19 0.00 0.0 0 3.8 16 190 M M 0 13 20 180
5 93 73 83 1 0 18 1.20 0.0 0 3.9 28 340 M M 2 13 33 330
6 93 70 82 0 0 17 0.00 0.0 0 2.0 10 40 M M 4 1 14 280
7 95 72 84 2 0 19 T 0.0 0 3.7 24 260 M M 1 3 34 260
8 93 72 83 0 0 18 0.04 0.0 0 3.8 22 30 M M 1 3 26 350
9 92 73 83 0 0 18 0.00 0.0 0 6.7 17 260 M M 1 1 21 270
10 80 69 75 -8 0 10 1.80 0.0 0 3.1 26 20 M M 6 123 30 10
11 91 65 78 -5 0 13 0.00 0.0 0 2.5 12 210 M M 4 123 15 200
12 94 71 83 0 0 18 0.00 0.0 0 1.6 13 10 M M 2 128 15 10
13 95 70 83 0 0 18 0.00 0.0 0 3.1 16 190 M M 3 123 21 190
14 91 73 82 -1 0 17 0.00 0.0 0 4.4 14 190 M M 3 17 190
15 93 74 84 1 0 19 0.38 0.0 0 6.2 21 300 M M 5 13 26 260
16 94 73 84 1 0 19 0.00 0.0 0 6.5 14 290 M M 1 18 290
17 93 69 81 -2 0 16 T 0.0 M 2.8 14 50 M M 1 138 17 50
18 94 71 83 0 0 18 0.00 0.0 0 2.6 9 200 M M 1 18 13 200
19 95 73 84 1 0 19 0.55 0.0 0 5.2 35 320 M M 1 138 41 320
20 95 71 83 0 0 18 0.04 0.0 0 6.5 39 310 M M 1 138 52 320
21 94 71 83 0 0 18 0.11 0.0 0 8.0 24 300 M M 4 13 32 310
22 90 72 81 -2 0 16 0.00 0.0 0 7.4 16 320 M M 1 22 320
23 91 72 82 -1 0 17 0.04 0.0 0 4.2 21 200 M M 4 13 28 190
24 89 71 80 -3 0 15 0.01 0.0 0 2.5 20 200 M M 6 1 24 210
25 94 68 81 -2 0 16 0.00 0.0 0 1.7 9 120 M M 2 1 12 120
26 94 70 82 -1 0 17 T 0.0 0 2.0 12 90 M M 1 13 14 90
27 94 70 82 -1 0 17 0.00 0.0 0 2.3 12 140 M M 0 1 14 130
28 92 72 82 -1 0 17 0.01 0.0 0 2.7 14 130 M M 1 13 18 140
29 85 74 80 -3 0 15 3.20 0.0 0 4.8 13 30 M M 6 13 16 30
30 93 72 83 0 0 18 0.08 0.0 0 3.6 15 10 M M 1 3 19 20
31 94 70 82 -1 0 17 T 0.0 0 2.8 10 150 M M 3 123 13 150
================================================================================
SM 2870 2207 0 532 7.62 0.0 122.2 M 71
================================================================================
AV 92.6 71.2 3.9 FASTST M M 2 MAX(MPH)
MISC ----> 39 310 52 320
================================================================================
NOTES:
# LAST OF SEVERAL OCCURRENCES
COLUMN 17 PEAK WIND IN M.P.H.
PRELIMINARY LOCAL CLIMATOLOGICAL DATA (WS FORM: F-6) , PAGE 2
STATION: AUGUSTA BUSH FIELD GA
MONTH: JULY
YEAR: 2023
LATITUDE: 33 22 N
LONGITUDE: 81 58 W
[TEMPERATURE DATA] [PRECIPITATION DATA] SYMBOLS USED IN COLUMN 16
AVERAGE MONTHLY: 81.9 TOTAL FOR MONTH: 7.62 1 = FOG OR MIST
DPTR FM NORMAL: -0.9 DPTR FM NORMAL: 3.14 2 = FOG REDUCING VISIBILITY
HIGHEST: 96 ON 2 GRTST 24HR 3.21 ON 28-29 TO 1/4 MILE OR LESS
LOWEST: 65 ON 11 3 = THUNDER
SNOW, ICE PELLETS, HAIL 4 = ICE PELLETS
TOTAL MONTH: 0.0 INCH 5 = HAIL
GRTST 24HR 0.0 6 = FREEZING RAIN OR DRIZZLE
GRTST DEPTH: 0 7 = DUSTSTORM OR SANDSTORM:
VSBY 1/2 MILE OR LESS
8 = SMOKE OR HAZE
[NO. OF DAYS WITH] [WEATHER - DAYS WITH] 9 = BLOWING SNOW
X = TORNADO
MAX 32 OR BELOW: 0 0.01 INCH OR MORE: 14
MAX 90 OR ABOVE: 28 0.10 INCH OR MORE: 6
MIN 32 OR BELOW: 0 0.50 INCH OR MORE: 4
MIN 0 OR BELOW: 0 1.00 INCH OR MORE: 3
[HDD (BASE 65) ]
TOTAL THIS MO. 0 CLEAR (SCALE 0-3) 22
DPTR FM NORMAL 0 PTCLDY (SCALE 4-7) 9
TOTAL FM JUL 1 0 CLOUDY (SCALE 8-10) 0
DPTR FM NORMAL 0
[CDD (BASE 65) ]
TOTAL THIS MO. 532
DPTR FM NORMAL -21 [PRESSURE DATA]
TOTAL FM JAN 1 1066 HIGHEST SLP 30.15 ON 28
DPTR FM NORMAL -297 LOWEST SLP 29.77 ON 8
[REMARKS]
#FINAL-07-23#