000
CXUS52 KFFC 011110
CF6AHN
PRELIMINARY LOCAL CLIMATOLOGICAL DATA (WS FORM: F-6)
STATION: ATHENS
MONTH: FEBRUARY
YEAR: 2023
LATITUDE: 33 57 N
LONGITUDE: 83 19 W
TEMPERATURE IN F: :PCPN: SNOW: WIND :SUNSHINE: SKY :PK WND
================================================================================
1 2 3 4 5 6A 6B 7 8 9 10 11 12 13 14 15 16 17 18
12Z AVG MX 2MIN
DY MAX MIN AVG DEP HDD CDD WTR SNW DPTH SPD SPD DIR MIN PSBL S-S WX SPD DR
================================================================================
1 64 52 58 13 7 0 0.01 0.0 M 6.4 15 320 M M 9 22 320
2 52 46 49 3 16 0 0.94 M M 3.5 10 70 M M 10 1 14 300
3 54 34 44 -2 21 0 0.03 M M 8.7 18 300 M M 3 26 300
4 50 28 39 -7 26 0 0.00 0.0 M 5.5 14 90 M M 0 18 100
5 60 33 47 1 18 0 0.00 0.0 M 1.2 8 110 M M 4 13 240
6 65 38 52 6 13 0 0.00 0.0 M 3.1 9 320 M M 0 14 270
7 67 33 50 4 15 0 0.00 0.0 M 2.6 9 230 M M 0 15 160
8 70 42 56 10 9 0 0.00 0.0 M 2.6 9 90 M M 5 12 90
9 68 52 60 13 5 0 0.02 0.0 M 5.8 17 300 M M 6 28 160
10 66 49 58 11 7 0 T 0.0 M 3.8 12 300 M M 6 1 17 300
11 54 41 48 1 17 0 1.00 M M 12.4 26 60 M M 6 13 36 50
12 49 41 45 -2 20 0 0.25 M M 9.9 23 70 M M 8 1 35 60
13 68 32 50 2 15 0 0.00 0.0 M 5.9 17 300 M M 0 26 290
14 70 35 53 5 12 0 0.00 0.0 M 4.0 12 130 M M 0 18 130
15 64 47 56 8 9 0 0.01 M M 3.2 7 20 M M 6 1 16 150
16 73 44 59 11 6 0 0.00 0.0 M 4.1 10 180 M M 6 12 19 190
17 66 33 50 2 15 0 0.44 M M 11.5 25 300 M M 4 1 40 300
18 57 28 43 -5 22 0 0.00 0.0 M 4.5 10 300 M M 0 15 280
19 64 36 50 1 15 0 0.00 0.0 M 3.0 10 180 M M 3 18 220
20 76 41 59 10 6 0 0.00 0.0 M 7.0 16 240 M M 0 29 220
21 73 59 66 17 0 1 0.02 0.0 M 5.6 14 250 M M 5 25 280
22 81 58 70 20 0 5 0.00 0.0 M 5.4 14 200 M M 4 26 210
23 80 64 72 22 0 7 T 0.0 M 5.4 13 240 M M 8 1 24 230
24 80 55 68 18 0 3 0.37 0.0 M 5.0 17 60 M M 6 1 25 50
25 58 50 54 4 11 0 0.02 M M 3.8 14 80 M M 10 1 19 70
26 74 58 66 16 0 1 0.00 0.0 M 6.0 17 290 M M 5 1 27 290
27 72 53 63 12 2 0 0.01 0.0 M 4.3 13 220 M M 5 1 30 210
28 79 56 68 17 0 3 0.00 0.0 M 5.6 15 290 M M 0 26 290
================================================================================
SM 1854 1238 287 20 3.12 0.0 149.8 M 119
================================================================================
AV 66.2 44.2 5.4 FASTST M M 4 MAX(MPH)
MISC ----> 26 60 40 300
================================================================================
NOTES:
# LAST OF SEVERAL OCCURRENCES
COLUMN 17 PEAK WIND IN M.P.H.
PRELIMINARY LOCAL CLIMATOLOGICAL DATA (WS FORM: F-6) , PAGE 2
STATION: ATHENS
MONTH: FEBRUARY
YEAR: 2023
LATITUDE: 33 57 N
LONGITUDE: 83 19 W
[TEMPERATURE DATA] [PRECIPITATION DATA] SYMBOLS USED IN COLUMN 16
AVERAGE MONTHLY: 55.2 TOTAL FOR MONTH: 3.12 1 = FOG OR MIST
DPTR FM NORMAL: 7.3 DPTR FM NORMAL: -1.24 2 = FOG REDUCING VISIBILITY
HIGHEST: 81 ON 22 GRTST 24HR 1.25 ON 11-12 TO 1/4 MILE OR LESS
LOWEST: 28 ON 18, 4 3 = THUNDER
SNOW, ICE PELLETS, HAIL 4 = ICE PELLETS
TOTAL MONTH: 0.0 INCH 5 = HAIL
GRTST 24HR 0.0 6 = FREEZING RAIN OR DRIZZLE
GRTST DEPTH: M ON M 7 = DUSTSTORM OR SANDSTORM:
VSBY 1/2 MILE OR LESS
8 = SMOKE OR HAZE
[NO. OF DAYS WITH] [WEATHER - DAYS WITH] 9 = BLOWING SNOW
X = TORNADO
MAX 32 OR BELOW: 0 0.01 INCH OR MORE: 12
MAX 90 OR ABOVE: 0 0.10 INCH OR MORE: 5
MIN 32 OR BELOW: 3 0.50 INCH OR MORE: 2
MIN 0 OR BELOW: 0 1.00 INCH OR MORE: 1
[HDD (BASE 65) ]
TOTAL THIS MO. 287 CLEAR (SCALE 0-3) 9
DPTR FM NORMAL -193 PTCLDY (SCALE 4-7) 15
TOTAL FM JUL 1 1848 CLOUDY (SCALE 8-10) 4
DPTR FM NORMAL -333
[CDD (BASE 65) ]
TOTAL THIS MO. 20
DPTR FM NORMAL 18 [PRESSURE DATA]
TOTAL FM JAN 1 20 HIGHEST SLP 30.63 ON 4
DPTR FM NORMAL 20 LOWEST SLP 29.63 ON 27
[REMARKS]
#FINAL-02-23#