000
CXUS52 KFFC 011110
CF6AHN
PRELIMINARY LOCAL CLIMATOLOGICAL DATA (WS FORM: F-6)
STATION: ATHENS
MONTH: FEBRUARY
YEAR: 2024
LATITUDE: 33 57 N
LONGITUDE: 83 19 W
TEMPERATURE IN F: :PCPN: SNOW: WIND :SUNSHINE: SKY :PK WND
================================================================================
1 2 3 4 5 6A 6B 7 8 9 10 11 12 13 14 15 16 17 18
12Z AVG MX 2MIN
DY MAX MIN AVG DEP HDD CDD WTR SNW DPTH SPD SPD DIR MIN PSBL S-S WX SPD DR
================================================================================
1 62 30 46 1 19 0 0.00 0.0 M 2.6 9 240 M M 0 14 220
2 72 40 56 10 9 0 0.00 0.0 M 4.2 10 290 M M 0 17 290
3 58 41 50 4 15 0 0.00 0.0 M 9.4 17 60 M M 0 23 70
4 48 38 43 -3 22 0 0.24 M M 12.0 21 70 M M 6 33 50
5 59 38 49 3 16 0 0.21 M M 8.4 18 60 M M 7 18 28 60
6 61 34 48 2 17 0 0.00 0.0 M 5.9 15 70 M M 0 21 50
7 56 32 44 -2 21 0 0.00 0.0 M 4.1 15 90 M M 0 21 100
8 57 30 44 -2 21 0 0.00 0.0 M 1.6 8 110 M M 0 18 11 110
9 62 41 52 5 13 0 0.00 0.0 M 1.6 8 240 M M 0 12 230
10 66 48 57 10 8 0 0.02 M M 1.8 8 230 M M 7 1 14 220
11 68 57 63 16 2 0 0.80 0.0 M 4.7 10 240 M M 8 1 18 170
12 60 49 55 8 10 0 3.06 M M 7.4 22 260 M M 10 13 34 260
13 58 41 50 2 15 0 0.00 0.0 M 10.6 23 280 M M 2 37 290
14 65 35 50 2 15 0 0.00 0.0 M 3.0 10 300 M M 0 15 330
15 68 36 52 4 13 0 0.00 0.0 M 2.6 13 240 M M 0 21 230
16 65 46 56 8 9 0 0.00 0.0 M 2.6 8 210 M M 0 15 240
17 55 38 47 -1 18 0 0.00 0.0 M 9.8 18 310 M M 3 29 290
18 54 32 43 -5 22 0 0.00 0.0 M 3.7 9 280 M M 0 16 260
19 60 30 45 -4 20 0 0.00 0.0 M 3.9 15 80 M M 1 8 23 80
20 62 29 46 -3 19 0 0.00 0.0 M 2.5 9 100 M M 1 18 14 110
21 63 31 47 -2 18 0 0.00 0.0 M 3.6 8 90 M M 0 12 140
22 69 38 54 4 11 0 0.00 0.0 M 5.5 14 200 M M 1 25 170
23 67 51 59 9 6 0 0.33 0.0 M 9.1 23 290 M M 4 1 35 290
24 63 40 52 2 13 0 0.00 0.0 M 9.4 26 300 M M 1 40 290
25 60 28 44 -6 21 0 0.00 0.0 M 2.3 9 280 M M 0 16 270
26 74 33 54 4 11 0 0.00 0.0 M 4.2 9 220 M M 0 22 220
27 68 54 61 10 4 0 T 0.0 M 5.4 10 180 M M 6 8 23 180
28 77 43 60 9 5 0 0.37 M M 9.3 25 290 M M 6 13 41 310
29 52 36 44 -7 21 0 0.00 0.0 M 5.5 13 80 M M 1 18 70
================================================================================
SM 1809 1119 414 0 5.03 0.0 156.7 M 64
================================================================================
AV 62.4 38.6 5.4 FASTST M M 2 MAX(MPH)
MISC ----> 26 300 41 310
================================================================================
NOTES:
# LAST OF SEVERAL OCCURRENCES
COLUMN 17 PEAK WIND IN M.P.H.
PRELIMINARY LOCAL CLIMATOLOGICAL DATA (WS FORM: F-6) , PAGE 2
STATION: ATHENS
MONTH: FEBRUARY
YEAR: 2024
LATITUDE: 33 57 N
LONGITUDE: 83 19 W
[TEMPERATURE DATA] [PRECIPITATION DATA] SYMBOLS USED IN COLUMN 16
AVERAGE MONTHLY: 50.5 TOTAL FOR MONTH: 5.03 1 = FOG OR MIST
DPTR FM NORMAL: 2.6 DPTR FM NORMAL: 0.67 2 = FOG REDUCING VISIBILITY
HIGHEST: 77 ON 28 GRTST 24HR 3.73 ON 11-12 TO 1/4 MILE OR LESS
LOWEST: 28 ON 25 3 = THUNDER
SNOW, ICE PELLETS, HAIL 4 = ICE PELLETS
TOTAL MONTH: 0.0 INCH 5 = HAIL
GRTST 24HR 0.0 6 = FREEZING RAIN OR DRIZZLE
GRTST DEPTH: M ON M 7 = DUSTSTORM OR SANDSTORM:
VSBY 1/2 MILE OR LESS
8 = SMOKE OR HAZE
[NO. OF DAYS WITH] [WEATHER - DAYS WITH] 9 = BLOWING SNOW
X = TORNADO
MAX 32 OR BELOW: 0 0.01 INCH OR MORE: 7
MAX 90 OR ABOVE: 0 0.10 INCH OR MORE: 6
MIN 32 OR BELOW: 8 0.50 INCH OR MORE: 2
MIN 0 OR BELOW: 0 1.00 INCH OR MORE: 1
[HDD (BASE 65) ]
TOTAL THIS MO. 414 CLEAR (SCALE 0-3) 21
DPTR FM NORMAL -66 PTCLDY (SCALE 4-7) 7
TOTAL FM JUL 1 2032 CLOUDY (SCALE 8-10) 1
DPTR FM NORMAL -177
[CDD (BASE 65) ]
TOTAL THIS MO. 0
DPTR FM NORMAL -2 [PRESSURE DATA]
TOTAL FM JAN 1 2 HIGHEST SLP 30.46 ON 29
DPTR FM NORMAL 0 LOWEST SLP 29.55 ON 12
[REMARKS]
#FINAL-02-24#