000
CXUS52 KFFC 011010
CF6AHN
PRELIMINARY LOCAL CLIMATOLOGICAL DATA (WS FORM: F-6)
STATION: ATHENS
MONTH: SEPTEMBER
YEAR: 2021
LATITUDE: 33 57 N
LONGITUDE: 83 19 W
TEMPERATURE IN F: :PCPN: SNOW: WIND :SUNSHINE: SKY :PK WND
================================================================================
1 2 3 4 5 6A 6B 7 8 9 10 11 12 13 14 15 16 17 18
12Z AVG MX 2MIN
DY MAX MIN AVG DEP HDD CDD WTR SNW DPTH SPD SPD DIR MIN PSBL S-S WX SPD DR
================================================================================
1 87 72 80 2 0 15 T 0.0 M 7.4 17 270 M M 6 1 28 260
2 87 68 78 1 0 13 0.00 0.0 M 5.0 14 60 M M 1 21 60
3 84 63 74 -3 0 9 0.00 0.0 M 3.9 13 70 M M 0 18 60
4 86 58 72 -5 0 7 0.00 0.0 M 1.3 8 60 M M 0 12 170
5 89 59 74 -3 0 9 0.00 0.0 M 1.8 9 210 M M 1 18 16 290
6 89 69 79 2 0 14 0.01 0.0 M 2.9 12 300 M M 5 1 18 300
7 89 71 80 4 0 15 0.01 0.0 M 3.5 10 30 M M 6 12 14 130
8 87 72 80 4 0 15 T 0.0 M 3.5 9 210 M M 4 1 19 230
9 88 66 77 1 0 12 0.01 0.0 M 5.6 13 310 M M 4 21 320
10 86 58 72 -4 0 7 0.00 0.0 M 2.0 12 80 M M 1 15 80
11 89 59 74 -1 0 9 0.00 0.0 0 0.9 6 100 M M 2 11 220
12 87 61 74 -1 0 9 0.00 0.0 M 0.9 6 240 M M 0 10 240
13 92 62 77 2 0 12 0.00 0.0 M 2.1 10 310 M M 0 1 17 300
14 93 66 80 5 0 15 0.00 0.0 M 1.1 9 120 M M 2 18 14 140
15 86 66 76 2 0 11 0.51 0.0 M 3.0 10 50 M M 4 1 13 50
16 76 68 72 -2 0 7 0.35 0.0 M 6.5 12 80 M M 10 1 17 100
17 86 72 79 5 0 14 0.01 0.0 M 3.1 7 40 M M 10 1 10 90
18 87 69 78 5 0 13 0.00 0.0 M 3.2 8 100 M M 4 18 17 110
19 86 72 79 6 0 14 0.00 0.0 M 6.1 13 90 M M 2 20 80
20 76 70 73 0 0 8 0.52 0.0 M 8.7 18 100 M M 9 1 29 100
21 79 71 75 3 0 10 0.36 0.0 M 5.0 13 20 M M 10 18 17 360
22 86 61 74 2 0 9 0.24 0.0 M 5.8 20 300 M M 6 1 31 310
23 79 52 66 -6 0 1 0.00 0.0 M 5.6 14 300 M M 0 21 300
24 80 50 65 -7 0 0 0.00 0.0 M 2.7 14 90 M M 0 19 100
25 81 52 67 -4 0 2 0.00 0.0 M 2.1 12 300 M M 0 19 280
26 85 56 71 0 0 6 0.00 0.0 M 3.6 10 300 M M 1 17 310
27 86 56 71 1 0 6 0.00 0.0 M 2.1 9 270 M M 1 18 15 310
28 88 59 74 4 0 9 0.00 0.0 M 2.7 10 280 M M 0 18 18 250
29 89 59 74 4 0 9 0.00 0.0 M 2.3 10 70 M M 0 1 19 70
30 87 62 75 5 0 10 0.00 0.0 M 1.1 9 60 M M 0 1 12 80
================================================================================
SM 2570 1899 0 290 2.02 0.0 105.5 M 89
================================================================================
AV 85.7 63.3 3.5 FASTST M M 3 MAX(MPH)
MISC ----> 20 300 31 310
================================================================================
NOTES:
# LAST OF SEVERAL OCCURRENCES
COLUMN 17 PEAK WIND IN M.P.H.
PRELIMINARY LOCAL CLIMATOLOGICAL DATA (WS FORM: F-6) , PAGE 2
STATION: ATHENS
MONTH: SEPTEMBER
YEAR: 2021
LATITUDE: 33 57 N
LONGITUDE: 83 19 W
[TEMPERATURE DATA] [PRECIPITATION DATA] SYMBOLS USED IN COLUMN 16
AVERAGE MONTHLY: 74.5 TOTAL FOR MONTH: 2.02 1 = FOG OR MIST
DPTR FM NORMAL: 0.6 DPTR FM NORMAL: -1.87 2 = FOG REDUCING VISIBILITY
HIGHEST: 93 ON 14 GRTST 24HR 0.84 ON 20-21 TO 1/4 MILE OR LESS
LOWEST: 50 ON 24 3 = THUNDER
SNOW, ICE PELLETS, HAIL 4 = ICE PELLETS
TOTAL MONTH: 0.0 INCH 5 = HAIL
GRTST 24HR 0.0 6 = FREEZING RAIN OR DRIZZLE
GRTST DEPTH: 0 7 = DUSTSTORM OR SANDSTORM:
VSBY 1/2 MILE OR LESS
8 = SMOKE OR HAZE
[NO. OF DAYS WITH] [WEATHER - DAYS WITH] 9 = BLOWING SNOW
X = TORNADO
MAX 32 OR BELOW: 0 0.01 INCH OR MORE: 9
MAX 90 OR ABOVE: 2 0.10 INCH OR MORE: 5
MIN 32 OR BELOW: 0 0.50 INCH OR MORE: 2
MIN 0 OR BELOW: 0 1.00 INCH OR MORE: 0
[HDD (BASE 65) ]
TOTAL THIS MO. 0 CLEAR (SCALE 0-3) 18
DPTR FM NORMAL -7 PTCLDY (SCALE 4-7) 8
TOTAL FM JUL 1 0 CLOUDY (SCALE 8-10) 4
DPTR FM NORMAL -4
[CDD (BASE 65) ]
TOTAL THIS MO. 290
DPTR FM NORMAL 15 [PRESSURE DATA]
TOTAL FM JAN 1 1987 HIGHEST SLP 30.32 ON 12
DPTR FM NORMAL 112 LOWEST SLP 29.65 ON 1
[REMARKS]
#FINAL-09-21#