000
CXAK56 PAJK 061234
CF6AJN
PRELIMINARY LOCAL CLIMATOLOGICAL DATA (WS FORM: F-6)
STATION: JUNEAU
MONTH: OCTOBER
YEAR: 2020
LATITUDE: 58 22 N
LONGITUDE: 134 35 W
TEMPERATURE IN F: :PCPN: SNOW: WIND :SUNSHINE: SKY :PK WND
================================================================================
1 2 3 4 5 6A 6B 7 8 9 10 11 12 13 14 15 16 17 18
12Z AVG MX 2MIN
DY MAX MIN AVG DEP HDD CDD WTR SNW DPTH SPD SPD DIR MIN PSBL S-S WX SPD DR
================================================================================
1 57 43 50 3 15 0 0.00 0.0 0 3.6 14 100 M M 6 2 16 100
2 56 45 51 4 14 0 1.38 0.0 0 6.1 16 70 M M 10 2 20 90
3 54 47 51 4 14 0 0.08 0.0 0 5.1 13 80 M M 9 2 15 90
4 52 49 51 5 14 0 0.80 0.0 0 18.9 38 120 M M 10 1 47 110
5 53 47 50 4 15 0 0.16 0.0 0 8.0 25 120 M M 10 1 33 120
6 52 46 49 3 16 0 0.04 0.0 0 6.9 12 70 M M 9 1 16 70
7 52 38 45 0 20 0 T 0.0 0 3.8 12 240 M M 8 18 13 230
8 49 42 46 1 19 0 0.03 0.0 0 11.5 17 110 M M 9 21 120
9 50 43 47 2 18 0 0.05 0.0 0 8.5 21 120 M M 10 26 130
10 48 44 46 1 19 0 0.01 0.0 0 12.8 22 110 M M 9 27 120
11 49 44 47 3 18 0 0.09 0.0 0 11.1 21 110 M M 10 1 26 130
12 49 43 46 2 19 0 0.11 0.0 0 7.7 15 130 M M 10 1 18 120
13 49 38 44 0 21 0 0.00 0.0 0 4.0 14 230 M M 8 2 17 220
14 48 39 44 1 21 0 0.02 0.0 0 7.0 9 100 M M 9 13 110
15 48 33 41 -2 24 0 T 0.0 0 6.7 17 130 M M 8 1 21 140
16 47 32 40 -3 25 0 T 0.0 0 5.5 18 80 M M 6 4 24 70
17 40 24 32 -10 33 0 0.00 0.0 0 4.8 20 90 M M 3 27 90
18 41 25 33 -9 32 0 0.00 0.0 0 1.3 7 270 M M 8 8 290
19 41 33 37 -5 28 0 0.05 0.2 T 5.5 24 360 M M 10 1 29 350
20 42 28 35 -6 30 0 0.17 0.0 0 4.5 16 80 M M 8 1 23 80
21 37 24 31 -10 34 0 0.00 0.0 0 6.9 20 90 M M 2 28 100
22 36 24 30 -11 35 0 0.00 0.0 0 11.0 23 90 M M 2 30 90
23 40 23 32 -8 33 0 0.00 0.0 0 7.6 21 90 M M 3 28 70
24 39 20 30 -10 35 0 0.00 0.0 0 1.5 8 80 M M 7 9 80
25 39 27 33 -6 32 0 0.75 0.5 0 10.6 24 120 M M 9 1 35 110
26 53 38 46 7 19 0 1.22 0.0 0 11.8 26 120 M M 9 1 35 110
27 46 42 44 5 21 0 0.02 0.0 0 8.5 14 60 M M 9 1 20 110
28 44 40 42 4 23 0 0.16 0.0 0 6.6 13 140 M M 9 1 25 140
29 44 30 37 -1 28 0 0.04 0.0 0 5.0 15 130 M M 9 12 18 130
30 42 32 37 -1 28 0 0.32 0.0 0 11.1 25 110 M M 9 1 32 110
31 47 42 45 8 20 0 1.63 0.0 0 19.0 36 110 M M 10 1 44 110
================================================================================
SM 1444 1125 723 0 7.13 0.7 242.9 M 248
================================================================================
AV 46.6 36.3 7.8 FASTST M M 8 MAX(MPH)
MISC ----> 38 120 47 110
================================================================================
NOTES:
# LAST OF SEVERAL OCCURRENCES
COLUMN 17 PEAK WIND IN M.P.H.
PRELIMINARY LOCAL CLIMATOLOGICAL DATA (WS FORM: F-6) , PAGE 2
STATION: JUNEAU
MONTH: OCTOBER
YEAR: 2020
LATITUDE: 58 22 N
LONGITUDE: 134 35 W
[TEMPERATURE DATA] [PRECIPITATION DATA] SYMBOLS USED IN COLUMN 16
AVERAGE MONTHLY: 41.4 TOTAL FOR MONTH: 7.13 1 = FOG OR MIST
DPTR FM NORMAL: -1.0 DPTR FM NORMAL: -1.50 2 = FOG REDUCING VISIBILITY
HIGHEST: 57 ON 1 GRTST 24HR 1.63 ON 31-31 TO 1/4 MILE OR LESS
LOWEST: 20 ON 24 3 = THUNDER
SNOW, ICE PELLETS, HAIL 4 = ICE PELLETS
TOTAL MONTH: 0.7 INCH 5 = HAIL
GRTST 24HR 0.5 ON 25-25 6 = FREEZING RAIN OR DRIZZLE
GRTST DEPTH: T 7 = DUSTSTORM OR SANDSTORM:
VSBY 1/2 MILE OR LESS
8 = SMOKE OR HAZE
[NO. OF DAYS WITH] [WEATHER - DAYS WITH] 9 = BLOWING SNOW
X = TORNADO
MAX 32 OR BELOW: 0 0.01 INCH OR MORE: 20
MAX 90 OR ABOVE: 0 0.10 INCH OR MORE: 10
MIN 32 OR BELOW: 11 0.50 INCH OR MORE: 5
MIN 0 OR BELOW: 0 1.00 INCH OR MORE: 3
[HDD (BASE 65) ]
TOTAL THIS MO. 723 CLEAR (SCALE 0-3) 3
DPTR FM NORMAL 22 PTCLDY (SCALE 4-7) 8
TOTAL FM JUL 1 1655 CLOUDY (SCALE 8-10) 20
DPTR FM NORMAL -29
[CDD (BASE 65) ]
TOTAL THIS MO. 0
DPTR FM NORMAL 0 [PRESSURE DATA]
TOTAL FM JAN 1 1 HIGHEST SLP 30.62 ON 24
DPTR FM NORMAL -1 LOWEST SLP 29.21 ON 9
[REMARKS]
#FINAL-10-20#