000
CXUS51 KAKQ 010710
CF6AKQ
PRELIMINARY LOCAL CLIMATOLOGICAL DATA (WS FORM: F-6)
STATION: WAKEFIELD
MONTH: JUNE
YEAR: 2023
LATITUDE: 36 58 N
LONGITUDE: 77 0 W
TEMPERATURE IN F: :PCPN: SNOW: WIND :SUNSHINE: SKY :PK WND
================================================================================
1 2 3 4 5 6A 6B 7 8 9 10 11 12 13 14 15 16 17 18
12Z AVG MX 2MIN
DY MAX MIN AVG DEP HDD CDD WTR SNW DPTH SPD SPD DIR MIN PSBL S-S WX SPD DR
================================================================================
1 76 58 67 -4 0 2 0.05 0.0 0 2.8 10 60 M M 7 1 16 60
2 85 57 71 -1 0 6 0.00 0.0 0 1.8 8 350 M M 3 12 12 100
3 81 56 69 -3 0 4 0.00 0.0 0 4.6 14 100 M M 4 12 22 80
4 71 54 63 -9 2 0 0.00 0.0 0 3.8 10 60 M M 7 17 40
5 80 48 64 -8 1 0 0.00 0.0 0 2.2 7 360 M M 0 M M
6 81 56 69 -4 0 4 0.00 0.0 0 2.5 9 300 M M 2 M M
7 76 59 68 -5 0 3 0.50 0.0 0 1.6 9 300 M M 4 138 17 280
8 73 54 64 -9 1 0 T 0.0 0 1.9 7 99 M M 5 1238 M M
9 78 52 65 -9 0 0 0.00 0.0 0 1.8 8 270 M M 2 18 M M
10 85 51 68 -6 0 3 0.00 0.0 0 2.2 9 250 M M 0 1 M M
11 87 58 73 -1 0 8 0.00 0.0 0 4.2 8 170 M M 1 M M
12 84 69 77 3 0 12 0.01 0.0 0 4.5 12 230 M M 6 20 240
13 83 59 71 -4 0 6 0.00 0.0 0 2.6 10 240 M M 2 8 M M
14 86 59 73 -2 0 8 T 0.0 0 5.7 16 230 M M 3 31 260
15 85 62 74 -1 0 9 0.11 0.0 0 2.3 9 290 M M 3 1 M M
16 89 63 76 1 0 11 0.26 0.0 0 3.4 16 340 M M 2 13 35 250
17 82 59 71 -5 0 6 0.00 0.0 0 3.1 9 320 M M 1 1 M M
18 87 61 74 -2 0 9 0.00 0.0 0 1.4 6 250 M M 2 M M
19 89 63 76 0 0 11 0.00 0.0 0 4.0 9 110 M M 0 1 17 110
20 78 67 73 -3 0 8 0.39 0.0 0 4.4 9 50 M M 6 1 18 60
21 70 67 69 -8 0 4 0.97 0.0 0 6.5 13 70 M M 10 1 23 30
22 77 66 72 -5 0 7 0.66 0.0 0 3.1 7 90 M M 9 13 M M
23 84 70 77 0 0 12 1.68 0.0 0 3.0 8 170 M M 7 13 17 170
24 87 72 80 3 0 15 0.00 0.0 0 3.4 7 99 M M 7 M M
25 89 67 78 0 0 13 T 0.0 0 1.9 9 250 M M 1 M M
26 90 72 81 3 0 16 0.00 0.0 0 3.6 9 180 M M 1 3 M M
27 88 65 77 -1 0 12 0.65 0.0 0 4.6 10 240 M M 2 13 22 310
28 86 64 75 -3 0 10 0.00 0.0 0 1.0 6 260 M M 2 M M
29 86 64 75 -3 0 10 0.00 0.0 0 1.3 7 320 M M 0 18 11 330
30 88 63 76 -2 0 11 0.85 0.0 0 2.5 8 250 M M 6 138 11 160
================================================================================
SM 2481 1835 4 220 6.13 0.0 91.7 M 105
================================================================================
AV 82.7 61.2 3.1 FASTST M M 4 MAX(MPH)
MISC ----> # 16 230 35 250
================================================================================
NOTES:
# LAST OF SEVERAL OCCURRENCES
COLUMN 17 PEAK WIND IN M.P.H.
PRELIMINARY LOCAL CLIMATOLOGICAL DATA (WS FORM: F-6) , PAGE 2
STATION: WAKEFIELD
MONTH: JUNE
YEAR: 2023
LATITUDE: 36 58 N
LONGITUDE: 77 0 W
[TEMPERATURE DATA] [PRECIPITATION DATA] SYMBOLS USED IN COLUMN 16
AVERAGE MONTHLY: 71.9 TOTAL FOR MONTH: 6.13 1 = FOG OR MIST
DPTR FM NORMAL: -3.3 DPTR FM NORMAL: 1.45 2 = FOG REDUCING VISIBILITY
HIGHEST: 90 ON 26 GRTST 24HR 1.68 ON 23-23 TO 1/4 MILE OR LESS
LOWEST: 48 ON 5 3 = THUNDER
SNOW, ICE PELLETS, HAIL 4 = ICE PELLETS
TOTAL MONTH: 0.0 INCH 5 = HAIL
GRTST 24HR 0.0 6 = FREEZING RAIN OR DRIZZLE
GRTST DEPTH: 0 7 = DUSTSTORM OR SANDSTORM:
VSBY 1/2 MILE OR LESS
8 = SMOKE OR HAZE
[NO. OF DAYS WITH] [WEATHER - DAYS WITH] 9 = BLOWING SNOW
X = TORNADO
MAX 32 OR BELOW: 0 0.01 INCH OR MORE: 11
MAX 90 OR ABOVE: 1 0.10 INCH OR MORE: 9
MIN 32 OR BELOW: 0 0.50 INCH OR MORE: 6
MIN 0 OR BELOW: 0 1.00 INCH OR MORE: 1
[HDD (BASE 65) ]
TOTAL THIS MO. 4 CLEAR (SCALE 0-3) 18
DPTR FM NORMAL 0 PTCLDY (SCALE 4-7) 10
TOTAL FM JUL 1 3154 CLOUDY (SCALE 8-10) 2
DPTR FM NORMAL -399
[CDD (BASE 65) ]
TOTAL THIS MO. 220
DPTR FM NORMAL -89 [PRESSURE DATA]
TOTAL FM JAN 1 338 HIGHEST SLP M ON M
DPTR FM NORMAL -156 LOWEST SLP 29.98 ON 29
[REMARKS]
#FINAL-06-23#