000
CXUS51 KAKQ 010810
CF6AKQ
PRELIMINARY LOCAL CLIMATOLOGICAL DATA (WS FORM: F-6)
STATION: WAKEFIELD
MONTH: FEBRUARY
YEAR: 2024
LATITUDE: 36 58 N
LONGITUDE: 77 0 W
TEMPERATURE IN F: :PCPN: SNOW: WIND :SUNSHINE: SKY :PK WND
================================================================================
1 2 3 4 5 6A 6B 7 8 9 10 11 12 13 14 15 16 17 18
12Z AVG MX 2MIN
DY MAX MIN AVG DEP HDD CDD WTR SNW DPTH SPD SPD DIR MIN PSBL S-S WX SPD DR
================================================================================
1 56 28 42 2 23 0 0.00 0.0 0 2.0 10 230 M M 0 1 M M
2 60 35 48 8 17 0 0.00 0.0 0 1.7 8 350 M M 4 M M
3 50 28 39 -1 26 0 0.00 0.0 0 2.2 8 50 M M 0 M M
4 53 24 39 -2 26 0 0.00 0.0 0 1.0 5 70 M M 0 M M
5 56 24 40 -1 25 0 0.00 0.0 0 2.0 6 100 M M 0 M M
6 48 28 38 -3 27 0 0.00 0.0 0 3.6 10 30 M M 1 21 40
7 51 26 39 -2 26 0 0.00 0.0 0 2.2 8 70 M M 0 M M
8 56 25 41 0 24 0 0.00 0.0 0 1.0 5 260 M M 0 M M
9 57 41 49 8 16 0 0.00 0.0 0 4.2 9 220 M M 0 M M
10 72 51 62 21 3 0 0.01 0.0 0 5.2 9 200 M M 4 24 99
11 58 51 55 13 10 0 1.06 0.0 0 1.0 6 110 M M 10 12 M M
12 50 46 48 6 17 0 0.08 0.0 0 3.3 8 110 M M 10 12 17 100
13 57 32 45 3 20 0 0.22 0.0 0 5.9 14 310 M M 6 12 36 320
14 56 30 43 1 22 0 0.00 0.0 0 2.6 8 330 M M 0 M M
15 57 26 42 0 23 0 0.00 0.0 0 3.0 8 200 M M 0 18 200
16 54 39 47 5 18 0 0.00 0.0 0 3.8 8 230 M M 0 M M
17 49 27 38 -4 27 0 0.00 0.0 0 4.5 13 340 M M 3 25 340
18 47 24 36 -7 29 0 0.00 0.0 0 4.5 10 230 M M 0 17 230
19 53 25 39 -4 26 0 0.00 0.0 0 1.8 9 100 M M 0 16 70
20 52 23 38 -5 27 0 0.00 0.0 0 3.0 12 80 M M 0 20 110
21 53 27 40 -3 25 0 0.00 0.0 0 2.4 7 110 M M 0 M M
22 63 26 45 2 20 0 0.00 0.0 0 3.9 9 200 M M 0 1 23 200
23 55 39 47 3 18 0 0.26 0.0 0 4.6 12 200 M M 9 12 21 220
24 57 36 47 3 18 0 0.26 0.0 0 3.0 9 340 M M 7 13 17 50
25 50 32 41 -3 24 0 0.00 0.0 0 2.2 8 340 M M 3 15 310
26 67 35 51 7 14 0 0.01 0.0 0 5.1 9 220 M M 3 17 180
27 66 48 57 13 8 0 0.14 M M 7.6 12 190 M M 5 29 190
28 70 50 60 15 5 0 0.40 0.0 0 9.4 14 290 M M 7 1 32 280
29 51 33 42 -3 23 0 0.00 0.0 0 3.4 10 330 M M 0 20 330
================================================================================
SM 1624 959 587 0 2.44 0.0 100.1 M 72
================================================================================
AV 56.0 33.1 3.5 FASTST M M 2 MAX(MPH)
MISC ----> # 14 310 36 320
================================================================================
NOTES:
# LAST OF SEVERAL OCCURRENCES
COLUMN 17 PEAK WIND IN M.P.H.
PRELIMINARY LOCAL CLIMATOLOGICAL DATA (WS FORM: F-6) , PAGE 2
STATION: WAKEFIELD
MONTH: FEBRUARY
YEAR: 2024
LATITUDE: 36 58 N
LONGITUDE: 77 0 W
[TEMPERATURE DATA] [PRECIPITATION DATA] SYMBOLS USED IN COLUMN 16
AVERAGE MONTHLY: 44.5 TOTAL FOR MONTH: 2.44 1 = FOG OR MIST
DPTR FM NORMAL: 2.3 DPTR FM NORMAL: -0.43 2 = FOG REDUCING VISIBILITY
HIGHEST: 72 ON 10 GRTST 24HR 1.06 ON 11-11 TO 1/4 MILE OR LESS
LOWEST: 23 ON 20 3 = THUNDER
SNOW, ICE PELLETS, HAIL 4 = ICE PELLETS
TOTAL MONTH: 0.0 INCH 5 = HAIL
GRTST 24HR 0.0 6 = FREEZING RAIN OR DRIZZLE
GRTST DEPTH: 0 7 = DUSTSTORM OR SANDSTORM:
VSBY 1/2 MILE OR LESS
8 = SMOKE OR HAZE
[NO. OF DAYS WITH] [WEATHER - DAYS WITH] 9 = BLOWING SNOW
X = TORNADO
MAX 32 OR BELOW: 0 0.01 INCH OR MORE: 9
MAX 90 OR ABOVE: 0 0.10 INCH OR MORE: 6
MIN 32 OR BELOW: 17 0.50 INCH OR MORE: 1
MIN 0 OR BELOW: 0 1.00 INCH OR MORE: 1
[HDD (BASE 65) ]
TOTAL THIS MO. 587 CLEAR (SCALE 0-3) 19
DPTR FM NORMAL -52 PTCLDY (SCALE 4-7) 7
TOTAL FM JUL 1 2549 CLOUDY (SCALE 8-10) 3
DPTR FM NORMAL -242
[CDD (BASE 65) ]
TOTAL THIS MO. 0
DPTR FM NORMAL -1 [PRESSURE DATA]
TOTAL FM JAN 1 4 HIGHEST SLP M ON M
DPTR FM NORMAL 2 LOWEST SLP M ON M
[REMARKS]
#FINAL-02-24#