000
CXUS54 KEPZ 011130
CF6ALM
PRELIMINARY LOCAL CLIMATOLOGICAL DATA (WS FORM: F-6)
STATION: ALAMOGORDO
MONTH: FEBRUARY
YEAR: 2021
LATITUDE: 32 49 N
LONGITUDE: 106 0 W
TEMPERATURE IN F: :PCPN: SNOW: WIND :SUNSHINE: SKY :PK WND
================================================================================
1 2 3 4 5 6A 6B 7 8 9 10 11 12 13 14 15 16 17 18
12Z AVG MX 2MIN
DY MAX MIN AVG DEP HDD CDD WTR SNW DPTH SPD SPD DIR MIN PSBL S-S WX SPD DR
================================================================================
1 59 28 44 M 21 0 0.00 M M 4.1 10 350 M M 0 M M
2 70 37 54 M 11 0 0.00 M M 2.5 8 120 M M 0 M M
3 73 39 56 M 9 0 0.00 M M 7.4 23 250 M M 1 27 250
4 66 46 56 M 9 0 0.00 M M 7.9 17 240 M M 0 25 250
5 59 32 46 M 19 0 0.00 M M 8.2 15 360 M M 0 17 350
6 61 36 49 M 16 0 0.00 M M 11.7 21 350 M M 0 28 350
7 66 36 51 M 14 0 0.00 M M 8.8 14 160 M M 0 M M
8 72 36 54 M 11 0 0.00 M M 7.0 14 170 M M 0 20 170
9 72 41 57 M 8 0 0.00 M M 9.8 14 200 M M 0 21 180
10 68 41 55 M 10 0 0.00 M M 8.1 17 260 M M 0 23 260
11 66 36 51 M 14 0 0.00 M M 5.4 10 300 M M 0 17 0
12 63 34 49 M 16 0 0.00 M M 8.2 20 170 M M 2 46 260
13 59 32 46 M 19 0 0.00 M M 13.0 27 M M M 1 36 M
14 50 14 32 M 33 0 0.05 M M 10.8 22 190 M M 10 28 190
15 27 9 18 M 47 0 0.05 M M 2.0 5 10 M M 6 M M
16 41 23 32 M 33 0 0.12 M M 4.4 12 80 M M 7 31 0
17 48 28 38 M 27 0 0.00 M M 6.2 16 360 M M 2 21 90
18 46 28 37 M 28 0 0.00 M M 5.3 16 170 M M 4 17 200
19 54 23 39 M 26 0 0.00 M M 4.5 9 320 M M 0 M M
20 68 28 48 M 17 0 0.00 M M 9.3 20 180 M M 0 27 180
21 55 41 48 M 17 0 0.00 M M 13.9 23 330 M M 0 36 340
22 M 30 M M M M 0.00 M M 11.5 14 10 M M 0 M M
23 M M M M M M 0.00 M M M M M M M M M M
24 72 46 59 M 6 0 0.00 M M 11.4 18 200 M M 0 24 180
25 70 32 51 M 14 0 0.00 M M 6.0 14 220 M M 0 8 24 220
26 M M M M M M 0.00 M M M M M M M 0 M M
27 M M M M M M 0.00 M M M M M M M 0 M M
28 M M M M M M 0.00 M M M M M M M 0 M M
================================================================================
SM 1385 776 425 0 0.22 M 187.4 M 33
================================================================================
AV 60.2 32.3 7.8 FASTST M M 1 MAX(MPH)
MISC ----> 27 9999 46 260
================================================================================
NOTES:
# LAST OF SEVERAL OCCURRENCES
COLUMN 17 PEAK WIND IN M.P.H.
PRELIMINARY LOCAL CLIMATOLOGICAL DATA (WS FORM: F-6) , PAGE 2
STATION: ALAMOGORDO
MONTH: FEBRUARY
YEAR: 2021
LATITUDE: 32 49 N
LONGITUDE: 106 0 W
[TEMPERATURE DATA] [PRECIPITATION DATA] SYMBOLS USED IN COLUMN 16
AVERAGE MONTHLY: 46.3 TOTAL FOR MONTH: 0.22 1 = FOG OR MIST
DPTR FM NORMAL: 0.0 DPTR FM NORMAL: 0.22 2 = FOG REDUCING VISIBILITY
HIGHEST: 73 ON 3 GRTST 24HR 0.12 ON 16-16 TO 1/4 MILE OR LESS
LOWEST: 9 ON 15 3 = THUNDER
SNOW, ICE PELLETS, HAIL 4 = ICE PELLETS
TOTAL MONTH: M 5 = HAIL
GRTST 24HR M ON M 6 = FREEZING RAIN OR DRIZZLE
GRTST DEPTH: M ON M 7 = DUSTSTORM OR SANDSTORM:
VSBY 1/2 MILE OR LESS
8 = SMOKE OR HAZE
[NO. OF DAYS WITH] [WEATHER - DAYS WITH] 9 = BLOWING SNOW
X = TORNADO
MAX 32 OR BELOW: 1 0.01 INCH OR MORE: 3
MAX 90 OR ABOVE: 0 0.10 INCH OR MORE: 1
MIN 32 OR BELOW: 12 0.50 INCH OR MORE: 0
MIN 0 OR BELOW: 0 1.00 INCH OR MORE: 0
[HDD (BASE 65) ]
TOTAL THIS MO. 425 CLEAR (SCALE 0-3) 23
DPTR FM NORMAL M PTCLDY (SCALE 4-7) 3
TOTAL FM JUL 1 2391 CLOUDY (SCALE 8-10) 2
DPTR FM NORMAL M
[CDD (BASE 65) ]
TOTAL THIS MO. 0
DPTR FM NORMAL M [PRESSURE DATA]
TOTAL FM JAN 1 0 HIGHEST SLP M ON M
DPTR FM NORMAL M LOWEST SLP M ON M
[REMARKS]
#FINAL-02-21#