000
CXUS54 KEPZ 011130
CF6ALM
PRELIMINARY LOCAL CLIMATOLOGICAL DATA (WS FORM: F-6)
STATION: ALAMOGORDO
MONTH: OCTOBER
YEAR: 2020
LATITUDE: 32 49 N
LONGITUDE: 106 0 W
TEMPERATURE IN F: :PCPN: SNOW: WIND :SUNSHINE: SKY :PK WND
================================================================================
1 2 3 4 5 6A 6B 7 8 9 10 11 12 13 14 15 16 17 18
12Z AVG MX 2MIN
DY MAX MIN AVG DEP HDD CDD WTR SNW DPTH SPD SPD DIR MIN PSBL S-S WX SPD DR
================================================================================
1 90 48 69 M 0 4 0.00 M M 5.8 16 170 M M 0 21 190
2 86 48 67 M 0 2 0.00 M M 6.2 10 140 M M 0 17 240
3 86 54 70 M 0 5 0.00 M M 4.5 12 10 M M 0 M M
4 82 48 65 M 0 0 0.00 M M 4.9 9 170 M M 0 M M
5 88 50 69 M 0 4 0.00 M M 3.5 9 70 M M 0 M M
6 90 46 68 M 0 3 0.00 M M 5.1 13 310 M M 0 M M
7 90 48 69 M 0 4 0.00 M M 4.3 9 70 M M 0 M M
8 88 50 69 M 0 4 0.00 M M 3.4 9 70 M M 0 M M
9 90 52 71 M 0 6 0.00 M M 5.1 10 270 M M 0 16 300
10 88 52 70 M 0 5 0.00 M M 5.2 10 60 M M 0 M M
11 88 52 70 M 0 5 0.00 M M 7.4 14 260 M M 0 23 230
12 82 46 64 M 1 0 0.00 M M 6.9 20 180 M M 0 24 180
13 88 46 67 M 0 2 0.00 M M 5.1 12 320 M M 0 17 320
14 90 52 71 M 0 6 0.00 M M 4.1 12 260 M M 0 16 330
15 81 48 65 M 0 0 0.00 M M 9.9 17 180 M M 0 23 180
16 73 43 58 M 7 0 0.00 M M 6.0 14 180 M M 0 17 210
17 84 41 63 M 2 0 0.00 M M 5.2 10 170 M M 0 M M
18 86 48 67 M 0 2 0.00 M M 4.1 8 120 M M 0 M M
19 86 48 67 M 0 2 0.00 M M 4.4 9 150 M M 0 M M
20 84 46 65 M 0 0 0.00 M M 3.3 7 120 M M 0 M M
21 88 45 67 M 0 2 0.00 M M 5.0 10 200 M M 0 17 200
22 84 48 66 M 0 1 0.00 M M 5.4 14 280 M M 0 20 280
23 79 48 64 M 1 0 0.00 M M 8.6 18 180 M M 0 23 210
24 77 41 59 M 6 0 0.00 M M 5.9 12 10 M M 0 16 160
25 82 57 70 M 0 5 0.00 M M 9.6 18 230 M M 0 25 230
26 70 28 49 M 16 0 0.01 M M 16.0 29 180 M M 5 37 180
27 32 25 29 M 36 0 0.33 M M 3.4 8 180 M M 10 M M
28 48 28 38 M 27 0 0.10 M M 6.8 14 320 M M 4 22 310
29 61 32 47 M 18 0 0.00 M M 5.4 10 30 M M 0 M M
30 66 37 52 M 13 0 0.00 M M 3.5 7 80 M M 0 M M
31 75 39 57 M 8 0 0.00 M M 4.2 12 310 M M 0 17 350
================================================================================
SM 2482 1394 135 62 0.44 M 178.1 M 19
================================================================================
AV 80.1 45.0 5.7 FASTST M M 1 MAX(MPH)
MISC ----> 29 180 37 180
================================================================================
NOTES:
# LAST OF SEVERAL OCCURRENCES
COLUMN 17 PEAK WIND IN M.P.H.
PRELIMINARY LOCAL CLIMATOLOGICAL DATA (WS FORM: F-6) , PAGE 2
STATION: ALAMOGORDO
MONTH: OCTOBER
YEAR: 2020
LATITUDE: 32 49 N
LONGITUDE: 106 0 W
[TEMPERATURE DATA] [PRECIPITATION DATA] SYMBOLS USED IN COLUMN 16
AVERAGE MONTHLY: 62.5 TOTAL FOR MONTH: 0.44 1 = FOG OR MIST
DPTR FM NORMAL: 0.0 DPTR FM NORMAL: M 2 = FOG REDUCING VISIBILITY
HIGHEST: 90 ON 14, 9 GRTST 24HR 0.33 ON 27-27 TO 1/4 MILE OR LESS
LOWEST: 25 ON 27 3 = THUNDER
SNOW, ICE PELLETS, HAIL 4 = ICE PELLETS
TOTAL MONTH: M 5 = HAIL
GRTST 24HR M ON M 6 = FREEZING RAIN OR DRIZZLE
GRTST DEPTH: M ON M 7 = DUSTSTORM OR SANDSTORM:
VSBY 1/2 MILE OR LESS
8 = SMOKE OR HAZE
[NO. OF DAYS WITH] [WEATHER - DAYS WITH] 9 = BLOWING SNOW
X = TORNADO
MAX 32 OR BELOW: 1 0.01 INCH OR MORE: 3
MAX 90 OR ABOVE: 5 0.10 INCH OR MORE: 2
MIN 32 OR BELOW: 4 0.50 INCH OR MORE: 0
MIN 0 OR BELOW: 0 1.00 INCH OR MORE: 0
[HDD (BASE 65) ]
TOTAL THIS MO. 135 CLEAR (SCALE 0-3) 28
DPTR FM NORMAL M PTCLDY (SCALE 4-7) 2
TOTAL FM JUL 1 172 CLOUDY (SCALE 8-10) 1
DPTR FM NORMAL M
[CDD (BASE 65) ]
TOTAL THIS MO. 62
DPTR FM NORMAL M [PRESSURE DATA]
TOTAL FM JAN 1 1901 HIGHEST SLP M ON M
DPTR FM NORMAL M LOWEST SLP M ON M
[REMARKS]
#FINAL-10-20#