245
CXUS56 KPDT 011910
CF6ALW
PRELIMINARY LOCAL CLIMATOLOGICAL DATA (WS FORM: F-6)
STATION: WALLA WALLA WA
MONTH: JANUARY
YEAR: 2021
LATITUDE: 46 5 N
LONGITUDE: 118 17 W
TEMPERATURE IN F: :PCPN: SNOW: WIND :SUNSHINE: SKY :PK WND
================================================================================
1 2 3 4 5 6A 6B 7 8 9 10 11 12 13 14 15 16 17 18
12Z AVG MX 2MIN
DY MAX MIN AVG DEP HDD CDD WTR SNW DPTH SPD SPD DIR MIN PSBL S-S WX SPD DR
================================================================================
1 55 37 46 13 19 0 0.14 M M 7.9 31 240 M M 7 41 170
2 52 44 48 15 17 0 0.08 M M 19.9 32 170 M M 9 44 160
3 54 39 47 13 18 0 0.03 M M 14.8 32 230 M M 4 48 180
4 56 42 49 15 16 0 0.19 M M 18.2 38 160 M M 8 1 52 150
5 56 38 47 13 18 0 0.01 M M 12.7 26 160 M M 5 36 160
6 58 41 50 16 15 0 0.03 M M 13.5 29 150 M M 8 40 170
7 46 36 41 7 24 0 0.10 M M 5.5 14 70 M M 6 1 15 70
8 37 30 34 0 31 0 0.04 M M 4.6 10 170 M M 9 12 13 170
9 44 35 40 6 25 0 T M M 2.5 10 260 M M 9 12 12 260
10 44 30 37 2 28 0 0.00 M M 3.9 9 90 M M 7 12 12 80
11 50 28 39 4 26 0 T M M 4.3 13 130 M M 4 1 17 120
12 62 38 50 15 15 0 0.30 M M 26.5 45 190 M M 10 60 180
13 63 34 49 14 16 0 0.06 M M 19.7 47 180 M M 3 1 70 170
14 45 33 39 4 26 0 0.00 M M 6.5 15 80 M M 2 18 80
15 43 30 37 1 28 0 0.02 M M 4.7 12 120 M M 6 13 120
16 36 28 32 -4 33 0 0.00 M M 4.3 13 190 M M 6 12 14 190
17 51 32 42 6 23 0 0.03 M M 7.5 15 200 M M 5 1 20 200
18 45 30 38 2 27 0 0.00 M M 5.7 10 270 M M 1 14 260
19 42 26 34 -2 31 0 0.00 M M 4.5 10 160 M M 1 12 12 160
20 39 31 35 -1 30 0 0.00 M M 2.8 8 100 M M 6 1 10 220
21 34 31 33 -3 32 0 0.16 M M 2.8 7 190 M M 10 12 8 200
22 32 29 31 -5 34 0 T M M 4.3 9 180 M M 10 12 12 180
23 37 23 30 -7 35 0 0.00 M M 5.7 10 200 M M 0 13 210
24 34 26 30 -7 35 0 T M M 3.9 9 160 M M 4 1 11 170
25 31 28 30 -7 35 0 0.10 M M 1.0 6 310 M M 10 1 7 160
26 42 24 33 -4 32 0 T M M 7.0 25 170 M M 5 1 36 170
27 50 37 44 7 21 0 T M M 15.8 38 150 M M 8 48 150
28 48 31 40 3 25 0 T M M 4.6 15 210 M M 5 1 23 220
29 39 34 37 0 28 0 0.07 M M 5.1 9 190 M M 8 1 11 190
30 55 34 45 8 20 0 0.00 M M 11.8 30 150 M M 5 43 150
31 61 48 55 18 10 0 T M M 19.0 36 150 M M 7 49 160
================================================================================
SM 1441 1027 773 0 1.36 M 271.0 M 188
================================================================================
AV 46.5 33.1 8.7 FASTST M M 6 MAX(MPH)
MISC ----> 47 180 70 170
================================================================================
NOTES:
# LAST OF SEVERAL OCCURRENCES
COLUMN 17 PEAK WIND IN M.P.H.
PRELIMINARY LOCAL CLIMATOLOGICAL DATA (WS FORM: F-6) , PAGE 2
STATION: WALLA WALLA WA
MONTH: JANUARY
YEAR: 2021
LATITUDE: 46 5 N
LONGITUDE: 118 17 W
[TEMPERATURE DATA] [PRECIPITATION DATA] SYMBOLS USED IN COLUMN 16
AVERAGE MONTHLY: 39.8 TOTAL FOR MONTH: 1.36 1 = FOG OR MIST
DPTR FM NORMAL: 4.3 DPTR FM NORMAL: -1.17 2 = FOG REDUCING VISIBILITY
HIGHEST: 63 ON 13 GRTST 24HR 0.35 ON 12-13 TO 1/4 MILE OR LESS
LOWEST: 23 ON 23 3 = THUNDER
SNOW, ICE PELLETS, HAIL 4 = ICE PELLETS
TOTAL MONTH: M 5 = HAIL
GRTST 24HR M ON M 6 = FREEZING RAIN OR DRIZZLE
GRTST DEPTH: M ON M 7 = DUSTSTORM OR SANDSTORM:
VSBY 1/2 MILE OR LESS
8 = SMOKE OR HAZE
[NO. OF DAYS WITH] [WEATHER - DAYS WITH] 9 = BLOWING SNOW
X = TORNADO
MAX 32 OR BELOW: 2 0.01 INCH OR MORE: 15
MAX 90 OR ABOVE: 0 0.10 INCH OR MORE: 6
MIN 32 OR BELOW: 16 0.50 INCH OR MORE: 0
MIN 0 OR BELOW: 0 1.00 INCH OR MORE: 0
[HDD (BASE 65) ]
TOTAL THIS MO. 773 CLEAR (SCALE 0-3) 5
DPTR FM NORMAL -141 PTCLDY (SCALE 4-7) 16
TOTAL FM JUL 1 2724 CLOUDY (SCALE 8-10) 10
DPTR FM NORMAL -318
[CDD (BASE 65) ]
TOTAL THIS MO. 0
DPTR FM NORMAL 0 [PRESSURE DATA]
TOTAL FM JAN 1 0 HIGHEST SLP 30.59 ON 19
DPTR FM NORMAL 0 LOWEST SLP 29.50 ON 27
[REMARKS]
#FINAL-01-21#