000
CXUS53 KDMX 010920
CF6AMW
PRELIMINARY LOCAL CLIMATOLOGICAL DATA (WS FORM: F-6)
STATION: AMES IA
MONTH: SEPTEMBER
YEAR: 2020
LATITUDE: 41 59 N
LONGITUDE: 93 37 W
TEMPERATURE IN F: :PCPN: SNOW: WIND :SUNSHINE: SKY :PK WND
================================================================================
1 2 3 4 5 6A 6B 7 8 9 10 11 12 13 14 15 16 17 18
12Z AVG MX 2MIN
DY MAX MIN AVG DEP HDD CDD WTR SNW DPTH SPD SPD DIR MIN PSBL S-S WX SPD DR
================================================================================
1 72 46 59 -9 6 0 0.23 0.0 0 4.2 15 140 M M 7 13 22 110
2 89 55 72 4 0 7 0.00 0.0 0 5.8 15 300 M M 1 12 21 340
3 79 48 64 -3 1 0 0.00 0.0 0 11.8 26 340 M M 0 38 340
4 84 44 64 -3 1 0 0.00 0.0 0 7.0 17 230 M M 1 28 250
5 87 49 68 1 0 3 0.00 0.0 0 5.2 12 150 M M 0 16 150
6 92 68 80 14 0 15 T 0.0 0 14.9 28 210 M M 1 40 140
7 74 51 63 -3 2 0 0.04 0.0 0 11.8 25 20 M M 4 3 35 20
8 53 46 50 -16 15 0 1.16 0.0 0 14.1 24 40 M M 10 13 33 20
9 50 46 48 -17 17 0 0.74 0.0 0 11.3 16 10 M M 10 1 24 20
10 54 47 51 -14 14 0 0.49 0.0 0 9.2 15 50 M M 10 1 23 50
11 59 52 56 -8 9 0 0.30 0.0 0 4.8 12 140 M M 10 1 17 120
12 67 51 59 -5 6 0 0.09 0.0 0 5.6 13 290 M M 8 1 20 270
13 80 46 63 -1 2 0 0.00 0.0 0 2.5 9 310 M M 0 1 14 340
14 79 47 63 0 2 0 0.00 0.0 0 4.6 14 190 M M 3 12 18 190
15 83 50 67 4 0 2 0.00 0.0 0 8.2 18 180 M M 0 12 28 180
16 79 54 67 4 0 2 0.00 0.0 0 8.3 18 330 M M 0 25 320
17 71 48 60 -2 5 0 0.00 0.0 0 6.8 12 40 M M 0 17 320
18 69 45 57 -5 8 0 0.00 0.0 0 4.6 12 40 M M 2 16 80
19 69 43 56 -6 9 0 0.00 0.0 0 9.0 21 190 M M 1 1 29 190
20 74 45 60 -1 5 0 0.00 0.0 0 11.8 24 160 M M 0 33 160
21 79 44 62 1 3 0 0.00 0.0 0 8.8 18 180 M M 0 27 190
22 80 48 64 4 1 0 0.00 0.0 0 5.4 15 170 M M 0 1 20 160
23 79 47 63 3 2 0 0.00 0.0 0 5.8 18 180 M M 2 12 24 190
24 84 59 72 12 0 7 0.00 0.0 0 8.3 17 190 M M 2 26 230
25 86 59 73 14 0 8 0.00 0.0 0 11.0 23 180 M M 0 35 190
26 88 60 74 15 0 9 0.00 0.0 0 11.3 24 190 M M 0 35 200
27 71 51 61 3 4 0 0.15 0.0 0 8.3 18 310 M M 5 1 27 300
28 65 49 57 -1 8 0 0.08 0.0 0 11.9 25 340 M M 7 13 35 350
29 66 46 56 -2 9 0 0.00 0.0 0 8.1 18 260 M M 5 26 260
30 71 48 60 3 5 0 T 0.0 0 13.6 32 330 M M 5 51 330
================================================================================
SM 2233 1492 134 53 3.28 0.0 254.0 M 94
================================================================================
AV 74.4 49.7 8.5 FASTST M M 3 MAX(MPH)
MISC ----> # 32 330 # 51 330
================================================================================
NOTES:
# LAST OF SEVERAL OCCURRENCES
COLUMN 17 PEAK WIND IN M.P.H.
PRELIMINARY LOCAL CLIMATOLOGICAL DATA (WS FORM: F-6) , PAGE 2
STATION: AMES IA
MONTH: SEPTEMBER
YEAR: 2020
LATITUDE: 41 59 N
LONGITUDE: 93 37 W
[TEMPERATURE DATA] [PRECIPITATION DATA] SYMBOLS USED IN COLUMN 16
AVERAGE MONTHLY: 62.1 TOTAL FOR MONTH: 3.28 1 = FOG OR MIST
DPTR FM NORMAL: -0.6 DPTR FM NORMAL: 0.27 2 = FOG REDUCING VISIBILITY
HIGHEST: 92 ON 6 GRTST 24HR 1.16 ON 8- 8 TO 1/4 MILE OR LESS
LOWEST: 43 ON 19 3 = THUNDER
SNOW, ICE PELLETS, HAIL 4 = ICE PELLETS
TOTAL MONTH: 0.0 INCH 5 = HAIL
GRTST 24HR 0.0 6 = FREEZING RAIN OR DRIZZLE
GRTST DEPTH: 0 7 = DUSTSTORM OR SANDSTORM:
VSBY 1/2 MILE OR LESS
8 = SMOKE OR HAZE
[NO. OF DAYS WITH] [WEATHER - DAYS WITH] 9 = BLOWING SNOW
X = TORNADO
MAX 32 OR BELOW: 0 0.01 INCH OR MORE: 9
MAX 90 OR ABOVE: 1 0.10 INCH OR MORE: 6
MIN 32 OR BELOW: 0 0.50 INCH OR MORE: 2
MIN 0 OR BELOW: 0 1.00 INCH OR MORE: 1
[HDD (BASE 65) ]
TOTAL THIS MO. 134 CLEAR (SCALE 0-3) 19
DPTR FM NORMAL 6 PTCLDY (SCALE 4-7) 7
TOTAL FM JUL 1 143 CLOUDY (SCALE 8-10) 4
DPTR FM NORMAL -1
[CDD (BASE 65) ]
TOTAL THIS MO. 53
DPTR FM NORMAL -6 [PRESSURE DATA]
TOTAL FM JAN 1 929 HIGHEST SLP 30.41 ON 10
DPTR FM NORMAL 187 LOWEST SLP 29.45 ON 26
[REMARKS]
#FINAL-09-20#