122
CXUS54 KBMX 011110
CF6ANB
PRELIMINARY LOCAL CLIMATOLOGICAL DATA (WS FORM: F-6)
STATION: ANNISTON
MONTH: MAY
YEAR: 2020
LATITUDE: 33 35 N
LONGITUDE: 85 51 W
TEMPERATURE IN F: :PCPN: SNOW: WIND :SUNSHINE: SKY :PK WND
================================================================================
1 2 3 4 5 6A 6B 7 8 9 10 11 12 13 14 15 16 17 18
12Z AVG MX 2MIN
DY MAX MIN AVG DEP HDD CDD WTR SNW DPTH SPD SPD DIR MIN PSBL S-S WX SPD DR
================================================================================
1 77 43 60 -6 5 0 0.00 0.0 0 3.5 13 300 M M 0 20 330
2 82 47 65 -1 0 0 0.00 0.0 0 3.7 13 250 M M 0 17 250
3 84 53 69 3 0 4 0.00 0.0 0 4.6 16 250 M M 0 21 210
4 86 57 72 5 0 7 0.00 0.0 0 4.1 12 220 M M 0 16 240
5 81 63 72 5 0 7 0.00 0.0 0 9.2 17 240 M M 4 24 250
6 72 44 58 -9 7 0 0.00 0.0 0 8.3 22 360 M M 1 1 34 320
7 70 39 55 -13 10 0 0.00 0.0 0 3.3 13 10 M M 0 19 10
8 66 48 57 -11 8 0 0.10 0.0 0 5.1 18 220 M M 6 1 24 210
9 66 43 55 -13 10 0 0.00 0.0 0 6.6 16 10 M M 0 22 360
10 73 39 56 -12 9 0 0.00 0.0 0 3.3 12 280 M M 0 20 220
11 69 45 57 -12 8 0 0.00 0.0 0 5.5 17 360 M M 0 23 10
12 77 44 61 -8 4 0 0.00 0.0 0 4.3 10 10 M M 1 14 10
13 83 55 69 0 0 4 0.00 0.0 0 5.5 12 220 M M 1 16 220
14 83 63 73 4 0 8 0.00 0.0 0 6.2 14 150 M M 1 22 130
15 84 65 75 5 0 10 0.00 0.0 0 5.0 14 140 M M 2 20 140
16 85 62 74 4 0 9 0.00 0.0 0 5.5 12 90 M M 1 15 110
17 83 66 75 5 0 10 0.26 0.0 0 6.7 16 120 M M 3 13 21 120
18 83 65 74 4 0 9 1.21 0.0 0 4.7 16 290 M M 8 13 25 290
19 75 59 67 -4 0 2 0.00 0.0 0 3.8 12 280 M M 8 16 280
20 75 58 67 -4 0 2 0.00 0.0 0 6.3 13 80 M M 5 17 90
21 79 56 68 -3 0 3 0.00 0.0 0 5.2 13 70 M M 7 17 70
22 85 65 75 3 0 10 0.42 0.0 0 7.3 22 210 M M 8 13 31 210
23 87 62 75 3 0 10 1.56 0.0 0 4.4 25 230 M M 5 123 32 230
24 89 67 78 6 0 13 0.03 0.0 0 3.8 12 130 M M 1 1 17 140
25 87 67 77 5 0 12 0.00 0.0 0 8.1 17 110 M M 0 26 130
26 74 68 71 -2 0 6 0.36 0.0 0 6.0 14 120 M M 9 1 21 110
27 75 63 69 -4 0 4 1.11 0.0 0 4.8 23 250 M M 9 13 31 250
28 84 63 74 1 0 9 0.14 0.0 0 4.7 15 230 M M 3 1 18 240
29 86 65 76 3 0 11 0.00 0.0 0 2.7 12 240 M M 2 1 16 230
30 86 61 74 0 0 9 0.00 0.0 0 3.1 13 340 M M 2 12 18 340
31 85 57 71 -3 0 6 0.00 0.0 0 4.7 16 360 M M 0 21 60
================================================================================
SM 2471 1752 61 165 5.19 0.0 160.0 M 87
================================================================================
AV 79.7 56.5 5.2 FASTST M M 3 MAX(MPH)
MISC ----> # 25 230 # 34 320
================================================================================
NOTES:
# LAST OF SEVERAL OCCURRENCES
COLUMN 17 PEAK WIND IN M.P.H.
PRELIMINARY LOCAL CLIMATOLOGICAL DATA (WS FORM: F-6) , PAGE 2
STATION: ANNISTON
MONTH: MAY
YEAR: 2020
LATITUDE: 33 35 N
LONGITUDE: 85 51 W
[TEMPERATURE DATA] [PRECIPITATION DATA] SYMBOLS USED IN COLUMN 16
AVERAGE MONTHLY: 68.1 TOTAL FOR MONTH: 5.19 1 = FOG OR MIST
DPTR FM NORMAL: -1.8 DPTR FM NORMAL: 0.93 2 = FOG REDUCING VISIBILITY
HIGHEST: 89 ON 24 GRTST 24HR 1.56 ON 23-23 TO 1/4 MILE OR LESS
LOWEST: 39 ON 10, 7 3 = THUNDER
SNOW, ICE PELLETS, HAIL 4 = ICE PELLETS
TOTAL MONTH: 0.0 INCH 5 = HAIL
GRTST 24HR 0.0 6 = FREEZING RAIN OR DRIZZLE
GRTST DEPTH: 0 7 = DUSTSTORM OR SANDSTORM:
VSBY 1/2 MILE OR LESS
8 = SMOKE OR HAZE
[NO. OF DAYS WITH] [WEATHER - DAYS WITH] 9 = BLOWING SNOW
X = TORNADO
MAX 32 OR BELOW: 0 0.01 INCH OR MORE: 9
MAX 90 OR ABOVE: 0 0.10 INCH OR MORE: 8
MIN 32 OR BELOW: 0 0.50 INCH OR MORE: 3
MIN 0 OR BELOW: 0 1.00 INCH OR MORE: 3
[HDD (BASE 65) ]
TOTAL THIS MO. 61 CLEAR (SCALE 0-3) 19
DPTR FM NORMAL 35 PTCLDY (SCALE 4-7) 10
TOTAL FM JUL 1 2250 CLOUDY (SCALE 8-10) 2
DPTR FM NORMAL -530
[CDD (BASE 65) ]
TOTAL THIS MO. 165
DPTR FM NORMAL -13 [PRESSURE DATA]
TOTAL FM JAN 1 239 HIGHEST SLP 30.14 ON 31
DPTR FM NORMAL -1 LOWEST SLP 29.80 ON 20
[REMARKS]
#FINAL-05-20#