000
CXUS51 KCTP 010900
CF6AOO
PRELIMINARY LOCAL CLIMATOLOGICAL DATA (WS FORM: F-6)
STATION: ALTOONA
MONTH: NOVEMBER
YEAR: 2023
LATITUDE: 40 17 N
LONGITUDE: 78 19 W
TEMPERATURE IN F: :PCPN: SNOW: WIND :SUNSHINE: SKY :PK WND
================================================================================
1 2 3 4 5 6A 6B 7 8 9 10 11 12 13 14 15 16 17 18
12Z AVG MX 2MIN
DY MAX MIN AVG DEP HDD CDD WTR SNW DPTH SPD SPD DIR MIN PSBL S-S WX SPD DR
================================================================================
1 41 27 34 -13 31 0 0.01 M M 9.7 21 310 M M 8 31 300
2 48 25 37 -10 28 0 0.00 M M 4.1 9 180 M M 0 16 230
3 61 26 44 -3 21 0 0.00 M M 4.6 13 190 M M 0 18 19 180
4 62 34 48 2 17 0 0.00 M M 3.1 12 180 M M 4 8 17 190
5 63 40 52 6 13 0 0.00 M M 5.7 15 310 M M 3 8 22 340
6 60 36 48 2 17 0 0.00 M M 5.6 17 210 M M 2 26 220
7 70 45 58 13 7 0 T M M 12.5 26 270 M M 3 40 250
8 56 36 46 1 19 0 0.00 M M 4.0 10 120 M M 1 16 120
9 64 38 51 6 14 0 0.08 M M 5.2 18 320 M M 5 1 26 330
10 50 39 45 1 20 0 0.00 M M 7.5 17 210 M M 4 22 220
11 52 32 42 -2 23 0 0.00 M M 5.1 14 10 M M 5 1 19 360
12 48 29 39 -5 26 0 0.00 M M 1.1 7 50 M M 0 11 60
13 58 25 42 -1 23 0 0.00 M M 7.1 22 280 M M 1 18 34 300
14 54 33 44 1 21 0 0.00 M M 7.1 18 330 M M 1 28 310
15 61 28 45 3 20 0 0.00 M M 3.9 13 210 M M 0 18 210
16 67 35 51 9 14 0 0.00 M M 3.7 12 210 M M 0 8 16 190
17 66 39 53 11 12 0 0.32 M M 4.4 15 310 M M 5 18 21 170
18 56 34 45 4 20 0 0.05 M M 8.7 18 10 M M 4 1 26 330
19 53 31 42 1 23 0 0.00 M M 7.2 20 290 M M 0 26 290
20 43 27 35 -6 30 0 0.00 M M 4.6 14 360 M M 0 8 18 360
21 42 34 38 -2 27 0 1.71 M M 6.7 14 80 M M 9 1 21 130
22 46 40 43 3 22 0 0.04 M M 8.4 21 280 M M 10 12 29 310
23 51 36 44 4 21 0 0.01 M M 9.0 20 290 M M 5 29 280
24 44 29 37 -2 28 0 0.00 M M 8.3 18 340 M M 6 25 310
25 41 21 31 -8 34 0 0.00 M M 4.6 12 350 M M 0 16 340
26 44 30 37 -2 28 0 T M M 6.6 15 150 M M 3 19 140
27 44 30 37 -1 28 0 0.01 M M 17.0 31 260 M M 10 1 42 260
28 30 19 25 -13 40 0 T M M 15.4 30 280 M M 5 8 42 300
29 34 15 25 -13 40 0 0.00 M M 8.8 15 200 M M 4 21 200
30 53 29 41 4 24 0 0.00 M M 8.7 18 200 M M 0 24 230
================================================================================
SM 1562 942 691 0 2.23 M 208.4 M 98
================================================================================
AV 52.1 31.4 6.9 FASTST M M 3 MAX(MPH)
MISC ----> 31 260 # 42 260
================================================================================
NOTES:
# LAST OF SEVERAL OCCURRENCES
COLUMN 17 PEAK WIND IN M.P.H.
PRELIMINARY LOCAL CLIMATOLOGICAL DATA (WS FORM: F-6) , PAGE 2
STATION: ALTOONA
MONTH: NOVEMBER
YEAR: 2023
LATITUDE: 40 17 N
LONGITUDE: 78 19 W
[TEMPERATURE DATA] [PRECIPITATION DATA] SYMBOLS USED IN COLUMN 16
AVERAGE MONTHLY: 41.7 TOTAL FOR MONTH: 2.23 1 = FOG OR MIST
DPTR FM NORMAL: -0.6 DPTR FM NORMAL: -0.62 2 = FOG REDUCING VISIBILITY
HIGHEST: 70 ON 7 GRTST 24HR 1.74 ON 21-22 TO 1/4 MILE OR LESS
LOWEST: 15 ON 29 3 = THUNDER
SNOW, ICE PELLETS, HAIL 4 = ICE PELLETS
TOTAL MONTH: M 5 = HAIL
GRTST 24HR M ON M 6 = FREEZING RAIN OR DRIZZLE
GRTST DEPTH: M ON M 7 = DUSTSTORM OR SANDSTORM:
VSBY 1/2 MILE OR LESS
8 = SMOKE OR HAZE
[NO. OF DAYS WITH] [WEATHER - DAYS WITH] 9 = BLOWING SNOW
X = TORNADO
MAX 32 OR BELOW: 1 0.01 INCH OR MORE: 8
MAX 90 OR ABOVE: 0 0.10 INCH OR MORE: 2
MIN 32 OR BELOW: 16 0.50 INCH OR MORE: 1
MIN 0 OR BELOW: 0 1.00 INCH OR MORE: 1
[HDD (BASE 65) ]
TOTAL THIS MO. 691 CLEAR (SCALE 0-3) 16
DPTR FM NORMAL 10 PTCLDY (SCALE 4-7) 11
TOTAL FM JUL 1 1138 CLOUDY (SCALE 8-10) 3
DPTR FM NORMAL -51
[CDD (BASE 65) ]
TOTAL THIS MO. 0
DPTR FM NORMAL 0 [PRESSURE DATA]
TOTAL FM JAN 1 599 HIGHEST SLP 30.53 ON 12
DPTR FM NORMAL -93 LOWEST SLP 29.70 ON 27
[REMARKS]
#FINAL-11-23#