000
CXUS55 KBOU 170900
CF6APA
PRELIMINARY LOCAL CLIMATOLOGICAL DATA (WS FORM: F-6)
STATION: CENTENNIAL CO
MONTH: APRIL
YEAR: 2024
LATITUDE: 39 33 N
LONGITUDE: 104 51 W
TEMPERATURE IN F: :PCPN: SNOW: WIND :SUNSHINE: SKY :PK WND
================================================================================
1 2 3 4 5 6A 6B 7 8 9 10 11 12 13 14 15 16 17 18
12Z AVG MX 2MIN
DY MAX MIN AVG DEP HDD CDD WTR SNW DPTH SPD SPD DIR MIN PSBL S-S WX SPD DR
================================================================================
1 47 34 41 -3 24 0 0.06 M M 8.9 24 330 M M 8 138 33 330
2 57 28 43 -2 22 0 0.00 M M 8.1 18 350 M M 3 30 20
3 68 35 52 7 13 0 0.00 M M 5.9 21 360 M M 3 30 330
4 73 35 54 9 11 0 0.00 M M 9.3 25 160 M M 2 38 150
5 73 48 61 16 4 0 0.00 M M 13.6 27 180 M M 5 48 160
6 60 37 49 4 16 0 0.00 M M 17.2 37 300 M M 4 54 310
7 57 31 44 -1 21 0 0.00 M M 14.7 31 290 M M 0 49 310
8 55 24 40 -6 25 0 0.00 M M 6.0 13 10 M M 4 17 360
9 61 27 44 -2 21 0 0.00 M M 5.9 16 160 M M 3 22 120
10 57 35 46 0 19 0 0.00 M M 6.9 21 20 M M 6 32 20
11 61 34 48 2 17 0 0.00 M M 6.0 14 170 M M 3 19 150
12 76 39 58 12 7 0 0.00 M M 7.8 17 120 M M 2 22 120
13 74 47 61 15 4 0 0.00 M M 7.5 26 330 M M 6 36 310
14 77 41 59 13 6 0 0.00 M M 11.6 24 170 M M 1 36 170
15 72 42 57 11 8 0 0.00 M M 15.0 31 210 M M 3 43 210
16 65 40 53 6 12 0 0.13 M M 13.7 29 310 M M 6 1 40 300
================================================================================
SM 1033 577 230 0 0.19 M 158.1 M 59
================================================================================
AV 64.6 36.1 9.9 FASTST M M 4 MAX(MPH)
MISC ----> 37 300 54 310
================================================================================
NOTES:
# LAST OF SEVERAL OCCURRENCES
COLUMN 17 PEAK WIND IN M.P.H.
PRELIMINARY LOCAL CLIMATOLOGICAL DATA (WS FORM: F-6) , PAGE 2
STATION: CENTENNIAL CO
MONTH: APRIL
YEAR: 2024
LATITUDE: 39 33 N
LONGITUDE: 104 51 W
[TEMPERATURE DATA] [PRECIPITATION DATA] SYMBOLS USED IN COLUMN 16
AVERAGE MONTHLY: 50.3 TOTAL FOR MONTH: 0.19 1 = FOG OR MIST
DPTR FM NORMAL: 4.8 DPTR FM NORMAL: -0.69 2 = FOG REDUCING VISIBILITY
HIGHEST: 77 ON 14 GRTST 24HR 0.13 ON 16-16 TO 1/4 MILE OR LESS
LOWEST: 24 ON 8 3 = THUNDER
SNOW, ICE PELLETS, HAIL 4 = ICE PELLETS
TOTAL MONTH: M 5 = HAIL
GRTST 24HR M ON M 6 = FREEZING RAIN OR DRIZZLE
GRTST DEPTH: M ON M 7 = DUSTSTORM OR SANDSTORM:
VSBY 1/2 MILE OR LESS
8 = SMOKE OR HAZE
[NO. OF DAYS WITH] [WEATHER - DAYS WITH] 9 = BLOWING SNOW
X = TORNADO
MAX 32 OR BELOW: 0 0.01 INCH OR MORE: 2
MAX 90 OR ABOVE: 0 0.10 INCH OR MORE: 1
MIN 32 OR BELOW: 4 0.50 INCH OR MORE: 0
MIN 0 OR BELOW: 0 1.00 INCH OR MORE: 0
[HDD (BASE 65) ]
TOTAL THIS MO. 230 CLEAR (SCALE 0-3) 4
DPTR FM NORMAL -81 PTCLDY (SCALE 4-7) 11
TOTAL FM JUL 1 4865 CLOUDY (SCALE 8-10) 1
DPTR FM NORMAL -546
[CDD (BASE 65) ]
TOTAL THIS MO. 0
DPTR FM NORMAL 0 [PRESSURE DATA]
TOTAL FM JAN 1 0 HIGHEST SLP M ON M
DPTR FM NORMAL 0 LOWEST SLP 29.18 ON 6
[REMARKS]