000
CXUS52 KMFL 011130
CF6APF
PRELIMINARY LOCAL CLIMATOLOGICAL DATA (WS FORM: F-6)
STATION: NAPLES
MONTH: JANUARY
YEAR: 2022
LATITUDE: 26 8 N
LONGITUDE: 81 46 W
TEMPERATURE IN F: :PCPN: SNOW: WIND :SUNSHINE: SKY :PK WND
================================================================================
1 2 3 4 5 6A 6B 7 8 9 10 11 12 13 14 15 16 17 18
12Z AVG MX 2MIN
DY MAX MIN AVG DEP HDD CDD WTR SNW DPTH SPD SPD DIR MIN PSBL S-S WX SPD DR
================================================================================
1 83 66 75 9 0 10 0.00 0.0 0 6.8 18 170 M M 2 1 24 150
2 83 67 75 9 0 10 0.00 0.0 0 8.0 21 190 M M 2 1 24 190
3 75 56 66 0 0 1 0.01 0.0 0 10.2 23 310 M M 2 1 33 290
4 79 54 67 1 0 2 0.00 0.0 0 7.7 14 40 M M 2 18 50
5 78 63 71 5 0 6 T 0.0 0 4.7 13 280 M M 4 15 290
6 78 57 68 2 0 3 0.00 0.0 0 3.9 10 40 M M 4 13 150
7 82 67 75 9 0 10 T 0.0 0 7.3 20 220 M M 2 1 26 220
8 84 63 74 9 0 9 0.00 0.0 0 11.4 20 70 M M 1 25 70
9 84 69 77 12 0 12 0.03 0.0 0 9.8 18 100 M M 2 1 23 100
10 82 67 75 10 0 10 0.00 0.0 0 7.1 17 290 M M 1 21 310
11 76 63 70 5 0 5 0.00 0.0 0 12.2 20 50 M M 8 24 50
12 80 61 71 6 0 6 0.00 0.0 0 9.3 18 90 M M 5 23 90
13 74 62 68 3 0 3 0.01 0.0 0 8.8 18 290 M M 4 25 280
14 73 57 65 0 0 0 0.00 0.0 0 7.4 17 310 M M 2 23 320
15 77 53 65 0 0 0 0.00 0.0 0 6.3 13 160 M M 1 17 150
16 74 63 69 4 0 4 1.25 0.0 0 15.5 26 290 M M 6 13 34 280
17 72 56 64 -1 1 0 0.00 0.0 0 13.5 25 290 M M 3 33 290
18 68 51 60 -5 5 0 0.00 0.0 0 5.8 14 40 M M 1 18 30
19 76 49 63 -2 2 0 0.00 0.0 0 6.4 18 150 M M 1 24 150
20 81 58 70 5 0 5 0.31 0.0 0 4.7 16 180 M M 5 18 20 180
21 81 62 72 7 0 7 T 0.0 0 3.0 10 270 M M 7 12 12 270
22 70 59 65 0 0 0 T 0.0 0 7.8 13 20 M M 9 1 16 20
23 61 48 55 -10 10 0 0.00 0.0 0 7.7 18 300 M M 8 1 24 320
24 67 43 55 -10 10 0 0.00 0.0 0 5.3 14 40 M M 0 18 20
25 72 50 61 -4 4 0 T 0.0 M 6.4 14 70 M M 2 18 80
26 78 66 72 7 0 7 0.02 0.0 M 7.4 15 70 M M 9 1 19 140
27 78 64 71 6 0 6 0.00 0.0 M 7.0 15 280 M M 7 1 16 280
28 67 62 65 -1 0 0 0.01 0.0 M 9.1 23 300 M M 9 1 31 300
29 66 43 55 -11 10 0 0.00 0.0 M 14.4 28 310 M M 4 38 310
30 61 37 49 -17 16 0 0.00 0.0 M 5.7 14 300 M M 0 19 40
31 71 39 55 -11 10 0 0.00 0.0 0 5.6 13 60 M M 0 18 20
================================================================================
SM 2331 1775 68 116 1.64 0.0 246.2 M 113
================================================================================
AV 75.2 57.3 7.9 FASTST M M 4 MAX(MPH)
MISC ----> 28 310 38 310
================================================================================
NOTES:
# LAST OF SEVERAL OCCURRENCES
COLUMN 17 PEAK WIND IN M.P.H.
PRELIMINARY LOCAL CLIMATOLOGICAL DATA (WS FORM: F-6) , PAGE 2
STATION: NAPLES
MONTH: JANUARY
YEAR: 2022
LATITUDE: 26 8 N
LONGITUDE: 81 46 W
[TEMPERATURE DATA] [PRECIPITATION DATA] SYMBOLS USED IN COLUMN 16
AVERAGE MONTHLY: 66.2 TOTAL FOR MONTH: 1.64 1 = FOG OR MIST
DPTR FM NORMAL: 0.9 DPTR FM NORMAL: -0.04 2 = FOG REDUCING VISIBILITY
HIGHEST: 84 ON 9, 8 GRTST 24HR 1.25 ON 16-16 TO 1/4 MILE OR LESS
LOWEST: 37 ON 30 3 = THUNDER
SNOW, ICE PELLETS, HAIL 4 = ICE PELLETS
TOTAL MONTH: 0.0 INCH 5 = HAIL
GRTST 24HR 0.0 6 = FREEZING RAIN OR DRIZZLE
GRTST DEPTH: 0 7 = DUSTSTORM OR SANDSTORM:
VSBY 1/2 MILE OR LESS
8 = SMOKE OR HAZE
[NO. OF DAYS WITH] [WEATHER - DAYS WITH] 9 = BLOWING SNOW
X = TORNADO
MAX 32 OR BELOW: 0 0.01 INCH OR MORE: 7
MAX 90 OR ABOVE: 0 0.10 INCH OR MORE: 2
MIN 32 OR BELOW: 0 0.50 INCH OR MORE: 1
MIN 0 OR BELOW: 0 1.00 INCH OR MORE: 1
[HDD (BASE 65) ]
TOTAL THIS MO. 68 CLEAR (SCALE 0-3) 16
DPTR FM NORMAL -17 PTCLDY (SCALE 4-7) 12
TOTAL FM JUL 1 74 CLOUDY (SCALE 8-10) 3
DPTR FM NORMAL -78
[CDD (BASE 65) ]
TOTAL THIS MO. 116
DPTR FM NORMAL 20 [PRESSURE DATA]
TOTAL FM JAN 1 116 HIGHEST SLP 30.34 ON 8
DPTR FM NORMAL 20 LOWEST SLP 29.79 ON 16
[REMARKS]
#FINAL-01-22#