000
CXUS53 KAPX 010730
CF6APN
PRELIMINARY LOCAL CLIMATOLOGICAL DATA (WS FORM: F-6)
STATION: ALPENA MI
MONTH: APRIL
YEAR: 2023
LATITUDE: 45 4 N
LONGITUDE: 83 34 W
TEMPERATURE IN F: :PCPN: SNOW: WIND :SUNSHINE: SKY :PK WND
================================================================================
1 2 3 4 5 6A 6B 7 8 9 10 11 12 13 14 15 16 17 18
12Z AVG MX 2MIN
DY MAX MIN AVG DEP HDD CDD WTR SNW DPTH SPD SPD DIR MIN PSBL S-S WX SPD DR
================================================================================
1 36 27 32 -3 33 0 0.65 T 1 13.7 27 360 M M 7 1 40 50
2 45 17 31 -5 34 0 0.00 0.0 1 9.7 21 160 M M 3 28 170
3 58 32 45 9 20 0 T 0.0 1 10.7 22 260 M M 1 33 250
4 41 27 34 -2 31 0 0.03 0.0 T 11.6 23 80 M M 7 35 70
5 53 35 44 7 21 0 1.33 0.0 T 11.0 25 100 M M 8 123 44 110
6 49 30 40 3 25 0 0.00 0.0 T 14.3 29 270 M M 1 44 270
7 42 24 33 -5 32 0 0.00 0.0 0 7.8 17 350 M M 2 25 320
8 40 21 31 -7 34 0 0.10 0.2 T 3.1 8 110 M M 7 1 11 110
9 57 30 44 6 21 0 0.00 0.0 T 8.0 14 100 M M 4 12 18 120
10 72 45 59 20 6 0 0.00 0.0 0 9.1 20 220 M M 1 31 250
11 76 44 60 21 5 0 0.00 0.0 0 9.8 23 270 M M 0 35 280
12 86 40 63 23 2 0 0.00 0.0 0 9.7 17 230 M M 0 35 230
13 86 48 67 27 0 2 0.00 0.0 0 7.2 15 240 M M 0 24 230
14 74 39 57 16 8 0 0.00 0.0 0 5.0 17 120 M M 0 25 130
15 84 39 62 21 3 0 0.00 0.0 0 4.4 17 110 M M 0 22 100
16 71 42 57 16 8 0 0.63 0.0 0 7.4 25 220 M M 5 1 36 220
17 43 33 38 -4 27 0 0.09 T 0 8.9 17 220 M M 10 1 29 300
18 36 30 33 -9 32 0 T T 0 13.4 24 330 M M 10 1 38 330
19 50 30 40 -3 25 0 0.20 0.0 0 5.4 18 320 M M 7 1 28 330
20 44 36 40 -3 25 0 0.08 0.0 0 11.0 26 100 M M 9 13 36 110
21 57 38 48 4 17 0 T 0.0 0 6.0 15 110 M M 4 1 21 280
22 47 35 41 -3 24 0 0.47 0.0 0 5.6 14 150 M M 9 1 18 100
23 45 35 40 -4 25 0 T 0.0 0 7.6 16 270 M M 10 25 260
24 46 34 40 -5 25 0 T 0.0 0 7.2 16 310 M M 8 24 300
25 43 34 39 -6 26 0 0.24 T 0 4.4 13 350 M M 10 1 17 290
26 44 32 38 -8 27 0 0.02 0.0 0 4.5 12 170 M M 10 1 15 310
27 52 27 40 -6 25 0 0.00 0.0 0 8.6 21 130 M M 5 1 28 110
28 57 34 46 0 19 0 T 0.0 0 5.3 16 110 M M 4 23 100
29 53 44 49 2 16 0 0.51 0.0 0 6.0 13 80 M M 10 1 19 90
30 47 40 44 -3 21 0 0.05 0.0 0 4.5 13 220 M M 9 1 19 200
================================================================================
SM 1634 1022 617 2 4.40 0.2 240.9 M 161
================================================================================
AV 54.5 34.1 8.0 FASTST M M 5 MAX(MPH)
MISC ----> 29 270 # 44 110
================================================================================
NOTES:
# LAST OF SEVERAL OCCURRENCES
COLUMN 17 PEAK WIND IN M.P.H.
PRELIMINARY LOCAL CLIMATOLOGICAL DATA (WS FORM: F-6) , PAGE 2
STATION: ALPENA MI
MONTH: APRIL
YEAR: 2023
LATITUDE: 45 4 N
LONGITUDE: 83 34 W
[TEMPERATURE DATA] [PRECIPITATION DATA] SYMBOLS USED IN COLUMN 16
AVERAGE MONTHLY: 44.3 TOTAL FOR MONTH: 4.40 1 = FOG OR MIST
DPTR FM NORMAL: 3.1 DPTR FM NORMAL: 1.47 2 = FOG REDUCING VISIBILITY
HIGHEST: 86 ON 13,12 GRTST 24HR 1.36 ON 4- 5 TO 1/4 MILE OR LESS
LOWEST: 17 ON 2 3 = THUNDER
SNOW, ICE PELLETS, HAIL 4 = ICE PELLETS
TOTAL MONTH: 0.2 INCH 5 = HAIL
GRTST 24HR 0.2 ON 8- 8 6 = FREEZING RAIN OR DRIZZLE
GRTST DEPTH: 1 ON 3, 2 7 = DUSTSTORM OR SANDSTORM:
VSBY 1/2 MILE OR LESS
8 = SMOKE OR HAZE
[NO. OF DAYS WITH] [WEATHER - DAYS WITH] 9 = BLOWING SNOW
X = TORNADO
MAX 32 OR BELOW: 0 0.01 INCH OR MORE: 13
MAX 90 OR ABOVE: 0 0.10 INCH OR MORE: 8
MIN 32 OR BELOW: 12 0.50 INCH OR MORE: 4
MIN 0 OR BELOW: 0 1.00 INCH OR MORE: 1
[HDD (BASE 65) ]
TOTAL THIS MO. 617 CLEAR (SCALE 0-3) 10
DPTR FM NORMAL -98 PTCLDY (SCALE 4-7) 9
TOTAL FM JUL 1 6573 CLOUDY (SCALE 8-10) 11
DPTR FM NORMAL -773
[CDD (BASE 65) ]
TOTAL THIS MO. 2
DPTR FM NORMAL 1 [PRESSURE DATA]
TOTAL FM JAN 1 2 HIGHEST SLP 30.61 ON 7
DPTR FM NORMAL 1 LOWEST SLP 29.12 ON 1
[REMARKS]
#FINAL-04-23#