000
CXUS54 KEWX 011110
CF6AQO
PRELIMINARY LOCAL CLIMATOLOGICAL DATA (WS FORM: F-6)
STATION: LLANO MUNICIPAL AIRPORT
MONTH: NOVEMBER
YEAR: 2023
LATITUDE: 30 47 N
LONGITUDE: 98 40 W
TEMPERATURE IN F: :PCPN: SNOW: WIND :SUNSHINE: SKY :PK WND
================================================================================
1 2 3 4 5 6A 6B 7 8 9 10 11 12 13 14 15 16 17 18
12Z AVG MX 2MIN
DY MAX MIN AVG DEP HDD CDD WTR SNW DPTH SPD SPD DIR MIN PSBL S-S WX SPD DR
================================================================================
1 63 32 48 M 17 0 0.00 M M 2.5 6 30 M M 3 12 0
2 68 36 52 M 13 0 0.00 M M 3.1 9 150 M M 3 16 150
3 75 43 59 M 6 0 0.00 M M 4.0 14 190 M M 3 17 260
4 79 50 65 M 0 0 0.00 M M 4.0 15 210 M M 4 12 21 190
5 79 52 66 M 0 1 0.00 M M 3.1 9 200 M M 2 1 15 210
6 81 55 68 M 0 3 0.00 M M 4.7 13 190 M M 1 20 190
7 88 52 70 M 0 5 0.00 M M 2.9 12 190 M M 0 18 190
8 86 57 72 M 0 7 0.00 M M 2.9 10 180 M M 2 1 14 99
9 72 52 62 M 3 0 0.00 M M 7.0 22 340 M M 9 18 31 340
10 57 50 54 M 11 0 0.00 M M 6.8 10 340 M M 10 1 16 340
11 64 52 58 M 7 0 0.00 M M 4.4 10 340 M M 8 1 15 50
12 61 52 57 M 8 0 0.00 M M 2.6 8 50 M M 8 1 M M
13 63 54 59 M 6 0 0.00 M M 4.7 9 340 M M 10 12 40
14 70 48 59 M 6 0 0.00 M M 3.0 7 20 M M 5 M M
15 73 43 58 M 7 0 0.00 M M 1.1 5 110 M M 3 13 0
16 68 43 56 M 9 0 0.00 M M 2.7 8 110 M M 3 1 M M
17 77 48 63 M 2 0 0.00 M M 4.4 16 330 M M 3 1 24 350
18 64 57 61 M 4 0 0.00 M M 2.9 8 10 M M 10 1 M M
19 66 54 60 M 5 0 0.00 M M 3.4 7 170 M M 10 1 M M
20 75 57 66 M 0 1 0.00 M M 6.7 15 310 M M 6 12 22 310
21 57 39 48 M 17 0 0.00 M M 12.0 20 340 M M 8 28 340
22 64 30 47 M 18 0 0.00 M M 3.2 10 330 M M 4 16 330
23 63 34 49 M 16 0 0.00 M M 1.5 8 190 M M 3 12 170
24 66 34 50 M 15 0 0.00 M M 2.7 12 70 M M 4 12 16 80
25 57 39 48 M 17 0 0.00 M M 2.0 9 130 M M 9 1 17 130
26 54 36 45 M 20 0 0.00 M M 8.5 18 330 M M 7 24 330
27 55 30 43 M 22 0 0.00 M M 2.1 7 50 M M 5 M M
28 63 39 51 M 14 0 0.00 M M 2.5 6 90 M M 6 M M
29 61 36 49 M 16 0 0.00 M M 3.3 9 150 M M 7 14 160
30 77 48 63 M 2 0 M M M 4.7 12 250 M M 7 1 18 99
================================================================================
SM 2046 1352 261 17 0.00 M 119.2 M 163
================================================================================
AV 68.2 45.1 4.0 FASTST M M 5 MAX(MPH)
MISC ----> 22 340 31 340
================================================================================
NOTES:
# LAST OF SEVERAL OCCURRENCES
COLUMN 17 PEAK WIND IN M.P.H.
PRELIMINARY LOCAL CLIMATOLOGICAL DATA (WS FORM: F-6) , PAGE 2
STATION: LLANO MUNICIPAL AIRPORT
MONTH: NOVEMBER
YEAR: 2023
LATITUDE: 30 47 N
LONGITUDE: 98 40 W
[TEMPERATURE DATA] [PRECIPITATION DATA] SYMBOLS USED IN COLUMN 16
AVERAGE MONTHLY: 56.6 TOTAL FOR MONTH: 0.00 1 = FOG OR MIST
DPTR FM NORMAL: 0.0 DPTR FM NORMAL: M 2 = FOG REDUCING VISIBILITY
HIGHEST: 88 ON 7 GRTST 24HR 0.00 ON 1- 1 TO 1/4 MILE OR LESS
LOWEST: 30 ON 27,22 3 = THUNDER
SNOW, ICE PELLETS, HAIL 4 = ICE PELLETS
TOTAL MONTH: M 5 = HAIL
GRTST 24HR M ON M 6 = FREEZING RAIN OR DRIZZLE
GRTST DEPTH: M ON M 7 = DUSTSTORM OR SANDSTORM:
VSBY 1/2 MILE OR LESS
8 = SMOKE OR HAZE
[NO. OF DAYS WITH] [WEATHER - DAYS WITH] 9 = BLOWING SNOW
X = TORNADO
MAX 32 OR BELOW: 0 0.01 INCH OR MORE: 0
MAX 90 OR ABOVE: 0 0.10 INCH OR MORE: 0
MIN 32 OR BELOW: 3 0.50 INCH OR MORE: 0
MIN 0 OR BELOW: 0 1.00 INCH OR MORE: 0
[HDD (BASE 65) ]
TOTAL THIS MO. 261 CLEAR (SCALE 0-3) 8
DPTR FM NORMAL M PTCLDY (SCALE 4-7) 15
TOTAL FM JUL 1 329 CLOUDY (SCALE 8-10) 7
DPTR FM NORMAL M
[CDD (BASE 65) ]
TOTAL THIS MO. 17
DPTR FM NORMAL M [PRESSURE DATA]
TOTAL FM JAN 1 3447 HIGHEST SLP M ON M
DPTR FM NORMAL M LOWEST SLP M ON M
[REMARKS]
#FINAL-11-23#