000
CXUS51 KALY 010810
CF6AQW
PRELIMINARY LOCAL CLIMATOLOGICAL DATA (WS FORM: F-6)
STATION: NORTH ADAMS MA ASOS
MONTH: JANUARY
YEAR: 2024
LATITUDE: 42 42 N
LONGITUDE: 73 10 W
TEMPERATURE IN F: :PCPN: SNOW: WIND :SUNSHINE: SKY :PK WND
================================================================================
1 2 3 4 5 6A 6B 7 8 9 10 11 12 13 14 15 16 17 18
12Z AVG MX 2MIN
DY MAX MIN AVG DEP HDD CDD WTR SNW DPTH SPD SPD DIR MIN PSBL S-S WX SPD DR
================================================================================
1 34 23 29 4 36 0 0.00 M M 6.2 15 260 M M 8 18 260
2 36 23 30 5 35 0 0.00 M M 7.5 15 270 M M 8 20 250
3 38 33 36 11 29 0 0.00 M M 6.5 18 260 M M 10 23 240
4 39 19 29 4 36 0 T M M 6.3 16 270 M M 7 18 24 310
5 31 17 24 0 41 0 T M M 10.5 21 270 M M 7 26 270
6 35 30 33 9 32 0 T M M 11.0 28 110 M M 9 40 110
7 34 27 31 7 34 0 0.15 M M 11.4 28 100 M M 10 128 35 110
8 37 16 27 3 38 0 0.00 M M 9.3 20 270 M M 5 26 260
9 44 13 29 5 36 0 0.39 M M 13.5 29 110 M M 7 1 38 60
10 48 38 43 19 22 0 0.92 M M 16.0 32 110 M M 10 1 41 270
11 41 35 38 14 27 0 T M M 8.6 28 280 M M 10 34 260
12 47 34 41 18 24 0 0.00 M M 8.9 28 110 M M 4 36 120
13 50 36 43 20 22 0 0.38 M M 16.9 39 110 M M 10 13 53 110
14 38 21 30 7 35 0 0.01 M M 14.3 32 260 M M 7 8 48 260
15 30 15 23 0 42 0 0.00 M M 5.2 22 270 M M 0 26 250
16 27 20 24 1 41 0 0.10 M M 8.7 22 270 M M 9 30 250
17 23 3 13 -10 52 0 T M M 9.7 24 260 M M 6 29 280
18 30 3 17 -6 48 0 0.00 M M 5.4 15 240 M M 3 8 21 240
19 28 13 21 -2 44 0 0.00 M M 4.1 13 260 M M 7 8 18 320
20 17 8 13 -10 52 0 T M M 10.1 18 260 M M 9 8 22 280
21 22 8 15 -8 50 0 0.00 M M 11.0 22 260 M M 1 28 260
22 39 8 24 1 41 0 0.00 M M 5.0 13 270 M M 5 17 250
23 40 34 37 14 28 0 0.06 M M 7.4 25 260 M M 10 18 32 260
24 42 35 39 16 26 0 0.42 M M 7.5 16 80 M M 10 168 23 100
25 48 38 43 20 22 0 0.15 M M 3.7 15 100 M M 10 1 20 120
26 44 37 41 18 24 0 0.67 M M 10.2 25 110 M M 10 18 33 110
27 41 37 39 16 26 0 0.00 M M 2.3 8 330 M M 10 1 13 330
28 40 34 37 14 28 0 0.26 M M 4.2 13 100 M M 10 1 16 120
29 35 30 33 10 32 0 0.03 M M 7.2 15 270 M M 10 1 21 270
30 33 29 31 8 34 0 0.00 M M 2.0 12 120 M M 10 14 130
31 37 31 34 11 31 0 0.00 M M 4.0 9 270 M M 10 12 250
================================================================================
SM 1128 748 1068 0 3.54 M 254.6 M 242
================================================================================
AV 36.4 24.1 8.2 FASTST M M 8 MAX(MPH)
MISC ----> 39 110 53 110
================================================================================
NOTES:
# LAST OF SEVERAL OCCURRENCES
COLUMN 17 PEAK WIND IN M.P.H.
PRELIMINARY LOCAL CLIMATOLOGICAL DATA (WS FORM: F-6) , PAGE 2
STATION: NORTH ADAMS MA ASOS
MONTH: JANUARY
YEAR: 2024
LATITUDE: 42 42 N
LONGITUDE: 73 10 W
[TEMPERATURE DATA] [PRECIPITATION DATA] SYMBOLS USED IN COLUMN 16
AVERAGE MONTHLY: 30.3 TOTAL FOR MONTH: 3.54 1 = FOG OR MIST
DPTR FM NORMAL: 7.0 DPTR FM NORMAL: 1.02 2 = FOG REDUCING VISIBILITY
HIGHEST: 50 ON 13 GRTST 24HR 0.92 ON 10-10 TO 1/4 MILE OR LESS
LOWEST: 3 ON 18,17 3 = THUNDER
SNOW, ICE PELLETS, HAIL 4 = ICE PELLETS
TOTAL MONTH: M 5 = HAIL
GRTST 24HR M ON M 6 = FREEZING RAIN OR DRIZZLE
GRTST DEPTH: M ON M 7 = DUSTSTORM OR SANDSTORM:
VSBY 1/2 MILE OR LESS
8 = SMOKE OR HAZE
[NO. OF DAYS WITH] [WEATHER - DAYS WITH] 9 = BLOWING SNOW
X = TORNADO
MAX 32 OR BELOW: 8 0.01 INCH OR MORE: 12
MAX 90 OR ABOVE: 0 0.10 INCH OR MORE: 9
MIN 32 OR BELOW: 20 0.50 INCH OR MORE: 2
MIN 0 OR BELOW: 0 1.00 INCH OR MORE: 0
[HDD (BASE 65) ]
TOTAL THIS MO. 1068 CLEAR (SCALE 0-3) 3
DPTR FM NORMAL -223 PTCLDY (SCALE 4-7) 11
TOTAL FM JUL 1 3117 CLOUDY (SCALE 8-10) 17
DPTR FM NORMAL -761
[CDD (BASE 65) ]
TOTAL THIS MO. 0
DPTR FM NORMAL 0 [PRESSURE DATA]
TOTAL FM JAN 1 0 HIGHEST SLP 30.55 ON 24
DPTR FM NORMAL 0 LOWEST SLP 28.93 ON 10
[REMARKS]
#FINAL-01-24#