000
CXUS54 KHGX 011510
CF6ARM
PRELIMINARY LOCAL CLIMATOLOGICAL DATA (WS FORM: F-6)
STATION: Wharton
MONTH: DECEMBER
YEAR: 2021
LATITUDE: 29 15 N
LONGITUDE: 96 9 W
TEMPERATURE IN F: :PCPN: SNOW: WIND :SUNSHINE: SKY :PK WND
================================================================================
1 2 3 4 5 6A 6B 7 8 9 10 11 12 13 14 15 16 17 18
12Z AVG MX 2MIN
DY MAX MIN AVG DEP HDD CDD WTR SNW DPTH SPD SPD DIR MIN PSBL S-S WX SPD DR
================================================================================
1 76 48 62 M 3 0 0.00 0.0 0 2.2 9 220 M M 3 12 M M
2 77 51 64 M 1 0 0.00 0.0 0 3.0 8 180 M M 5 12 M M
3 79 61 70 M 0 5 0.00 0.0 0 5.9 13 170 M M 5 1 17 170
4 82 63 73 M 0 8 0.00 0.0 0 5.2 13 180 M M 6 12 21 180
5 78 60 69 M 0 4 0.02 0.0 0 8.7 16 160 M M 7 12 21 170
6 78 53 66 M 0 1 0.00 0.0 0 11.2 24 350 M M 7 1 29 350
7 65 51 58 M 7 0 0.00 0.0 0 4.8 9 340 M M 10 M M
8 76 61 69 M 0 4 0.00 0.0 0 3.4 12 110 M M 9 1 M M
9 82 64 73 M 0 8 0.00 0.0 0 9.0 20 190 M M 9 1 23 190
10 80 73 77 M 0 12 0.00 0.0 0 16.9 24 180 M M 10 37 180
11 75 48 62 M 3 0 0.00 0.0 0 14.6 29 360 M M 5 36 360
12 62 39 51 M 14 0 0.00 0.0 0 4.9 12 360 M M 1 17 10
13 73 46 60 M 5 0 0.00 0.0 0 4.2 10 130 M M 9 M M
14 80 69 75 M 0 10 0.00 0.0 0 9.3 15 180 M M 9 1 22 170
15 80 67 74 M 0 9 0.00 0.0 0 11.2 20 170 M M 6 28 160
16 80 63 72 M 0 7 0.00 0.0 0 8.6 15 180 M M 4 12 20 150
17 80 66 73 M 0 8 0.00 0.0 0 8.1 16 150 M M 5 1 22 160
18 75 51 63 M 2 0 0.77 0.0 0 12.7 22 360 M M 8 13 30 340
19 56 44 50 M 15 0 0.00 0.0 0 12.5 21 340 M M 7 33 340
20 58 44 51 M 14 0 0.01 0.0 0 4.9 12 10 M M 6 18 10
21 62 38 50 M 15 0 0.00 0.0 0 2.6 7 280 M M 0 1 M M
22 72 42 57 M 8 0 0.00 0.0 0 5.4 15 170 M M 1 20 150
23 75 55 65 M 0 0 0.00 0.0 0 9.6 17 200 M M 4 24 190
24 77 57 67 M 0 2 0.00 0.0 0 10.6 23 190 M M 3 1 30 190
25 79 62 71 M 0 6 0.00 0.0 0 10.3 22 200 M M 3 12 29 200
26 79 58 69 M 0 4 0.00 0.0 0 9.8 22 180 M M 6 12 29 180
27 80 60 70 M 0 5 0.00 0.0 0 8.6 21 190 M M 8 12 25 190
28 79 67 73 M 0 8 0.00 0.0 0 11.6 22 190 M M 8 1 27 190
29 79 63 71 M 0 6 0.00 0.0 0 7.3 16 200 M M 7 12 24 170
30 80 60 70 M 0 5 0.00 0.0 0 3.2 9 170 M M 9 12 M M
31 80 69 75 M 0 10 0.00 0.0 0 12.6 23 180 M M 10 18 28 180
================================================================================
SM 2334 1753 87 122 0.80 0.0 252.9 M 190
================================================================================
AV 75.3 56.5 8.2 FASTST M M 6 MAX(MPH)
MISC ----> 29 360 37 180
================================================================================
NOTES:
# LAST OF SEVERAL OCCURRENCES
COLUMN 17 PEAK WIND IN M.P.H.
PRELIMINARY LOCAL CLIMATOLOGICAL DATA (WS FORM: F-6) , PAGE 2
STATION: Wharton
MONTH: DECEMBER
YEAR: 2021
LATITUDE: 29 15 N
LONGITUDE: 96 9 W
[TEMPERATURE DATA] [PRECIPITATION DATA] SYMBOLS USED IN COLUMN 16
AVERAGE MONTHLY: 65.9 TOTAL FOR MONTH: 0.80 1 = FOG OR MIST
DPTR FM NORMAL: 0.0 DPTR FM NORMAL: M 2 = FOG REDUCING VISIBILITY
HIGHEST: 82 ON 9, 4 GRTST 24HR 0.77 ON 18-18 TO 1/4 MILE OR LESS
LOWEST: 38 ON 21 3 = THUNDER
SNOW, ICE PELLETS, HAIL 4 = ICE PELLETS
TOTAL MONTH: 0.0 INCH 5 = HAIL
GRTST 24HR 0.0 6 = FREEZING RAIN OR DRIZZLE
GRTST DEPTH: 0 7 = DUSTSTORM OR SANDSTORM:
VSBY 1/2 MILE OR LESS
8 = SMOKE OR HAZE
[NO. OF DAYS WITH] [WEATHER - DAYS WITH] 9 = BLOWING SNOW
X = TORNADO
MAX 32 OR BELOW: 0 0.01 INCH OR MORE: 3
MAX 90 OR ABOVE: 0 0.10 INCH OR MORE: 1
MIN 32 OR BELOW: 0 0.50 INCH OR MORE: 1
MIN 0 OR BELOW: 0 1.00 INCH OR MORE: 0
[HDD (BASE 65) ]
TOTAL THIS MO. 87 CLEAR (SCALE 0-3) 4
DPTR FM NORMAL M PTCLDY (SCALE 4-7) 18
TOTAL FM JUL 1 257 CLOUDY (SCALE 8-10) 9
DPTR FM NORMAL M
[CDD (BASE 65) ]
TOTAL THIS MO. 122
DPTR FM NORMAL M [PRESSURE DATA]
TOTAL FM JAN 1 2821 HIGHEST SLP M ON M
DPTR FM NORMAL M LOWEST SLP M ON M
[REMARKS]
#FINAL-12-21#