000
CXUS53 KARX 100607
CF6ARX
PRELIMINARY LOCAL CLIMATOLOGICAL DATA (WS FORM: F-6)
STATION: LA CROSSE WEATHER OFFICE WI
MONTH: AUGUST
YEAR: 2021
LATITUDE: 43 49 N
LONGITUDE: 91 12 W
TEMPERATURE IN F: :PCPN: SNOW: WIND :SUNSHINE: SKY :PK WND
================================================================================
1 2 3 4 5 6A 6B 7 8 9 10 11 12 13 14 15 16 17 18
12Z AVG MX 2MIN
DY MAX MIN AVG DEP HDD CDD WTR SNW DPTH SPD SPD DIR MIN PSBL S-S WX SPD DR
================================================================================
1 72 59 66 -4 0 1 0.00 0.0 0 M M M M M M 13 M
2 76 55 66 -4 0 1 0.00 0.0 0 M M M M M M 11 M
3 76 59 68 -2 0 3 0.00 0.0 0 M M M M M M 5 M
4 80 61 71 1 0 6 0.00 0.0 0 M M M M M M 12 M
5 71 63 67 -3 0 2 0.16 0.0 0 M M M M M M 21 M
6 80 64 72 2 0 7 T 0.0 0 M M M M M M 12 M
7 72 64 68 -2 0 3 4.85 T 0 M M M M M M 135 31 M
8 80 66 73 3 0 8 1.78 0.0 0 M M M M M M 13 21 M
9 80 64 72 2 0 7 0.28 0.0 0 M M M M M M 11 M
10 84 67 76 6 0 11 0.00 0.0 0 M M M M M M 23 M
11 84 65 75 5 0 10 0.03 0.0 0 M M M M M M 26 M
12 80 62 71 1 0 6 0.00 0.0 0 M M M M M M 18 M
13 75 56 66 -4 0 1 0.00 0.0 0 M M M M M M 20 M
14 79 54 67 -3 0 2 0.00 0.0 0 M M M M M M 11 M
15 78 58 68 -2 0 3 0.00 0.0 0 M M M M M M 15 M
16 78 60 69 -1 0 4 0.00 0.0 0 M M M M M M 19 M
17 81 62 72 3 0 7 0.00 0.0 0 M M M M M M 19 M
18 83 65 74 5 0 9 0.00 0.0 0 M M M M M M 16 M
19 84 68 76 7 0 11 0.00 0.0 0 M M M M M M 16 M
20 84 68 76 7 0 11 0.00 0.0 0 M M M M M M 25 M
21 78 60 69 0 0 4 0.07 0.0 0 M M M M M M 20 M
22 76 65 71 2 0 6 0.01 0.0 0 M M M M M M 3 16 M
23 84 61 73 4 0 8 0.17 0.0 0 M M M M M M 23 M
24 76 65 71 3 0 6 0.49 0.0 0 M M M M M M 31 M
25 82 65 74 6 0 9 0.00 0.0 0 M M M M M M 30 M
26 79 62 71 3 0 6 0.17 0.0 0 M M M M M M 13 21 M
27 74 65 70 2 0 5 2.49 0.0 0 M M M M M M 31 M
28 79 66 73 5 0 8 0.16 0.0 0 M M M M M M 27 M
29 77 63 70 3 0 5 0.04 0.0 0 M M M M M M 23 M
30 79 59 69 2 0 4 0.00 0.0 0 M M M M M M 23 M
31 77 59 68 1 0 3 0.00 0.0 0 M M M M M M 11 M
================================================================================
SM 2438 1930 0 177 10.70 T M M M
================================================================================
AV 78.6 62.3 M FASTST M M M MAX(MPH)
MISC ----> M M # 31 9999
================================================================================
NOTES:
# LAST OF SEVERAL OCCURRENCES
COLUMN 17 PEAK WIND IN M.P.H.
PRELIMINARY LOCAL CLIMATOLOGICAL DATA (WS FORM: F-6) , PAGE 2
STATION: LA CROSSE WEATHER OFFICE WI
MONTH: AUGUST
YEAR: 2021
LATITUDE: 43 49 N
LONGITUDE: 91 12 W
[TEMPERATURE DATA] [PRECIPITATION DATA] SYMBOLS USED IN COLUMN 16
AVERAGE MONTHLY: 70.5 TOTAL FOR MONTH: 10.70 1 = FOG OR MIST
DPTR FM NORMAL: 1.3 DPTR FM NORMAL: 6.23 2 = FOG REDUCING VISIBILITY
HIGHEST: 84 ON 23,20 GRTST 24HR 4.85 ON 7- 7 TO 1/4 MILE OR LESS
LOWEST: 54 ON 14 3 = THUNDER
SNOW, ICE PELLETS, HAIL 4 = ICE PELLETS
TOTAL MONTH: T 5 = HAIL
GRTST 24HR T ON 7- 7 6 = FREEZING RAIN OR DRIZZLE
GRTST DEPTH: 0 7 = DUSTSTORM OR SANDSTORM:
VSBY 1/2 MILE OR LESS
8 = SMOKE OR HAZE
[NO. OF DAYS WITH] [WEATHER - DAYS WITH] 9 = BLOWING SNOW
X = TORNADO
MAX 32 OR BELOW: 0 0.01 INCH OR MORE: 13
MAX 90 OR ABOVE: 0 0.10 INCH OR MORE: 9
MIN 32 OR BELOW: 0 0.50 INCH OR MORE: 3
MIN 0 OR BELOW: 0 1.00 INCH OR MORE: 3
[HDD (BASE 65) ]
TOTAL THIS MO. 0 CLEAR (SCALE 0-3) 0
DPTR FM NORMAL -21 PTCLDY (SCALE 4-7) 0
TOTAL FM JUL 1 6 CLOUDY (SCALE 8-10) 31
DPTR FM NORMAL -24
[CDD (BASE 65) ]
TOTAL THIS MO. 177
DPTR FM NORMAL 25 [PRESSURE DATA]
TOTAL FM JAN 1 623 HIGHEST SLP M ON M
DPTR FM NORMAL 140 LOWEST SLP M ON M
[REMARKS]
#FINAL-08-21#