000
CXUS53 KGJT 011851
CLAASE
CLIMATE REPORT
NATIONAL WEATHER SERVICE GRAND JUNCTION CO
1151 AM MST MON JAN 01 2024
...................................
...THE ASPEN CO CLIMATE SUMMARY FOR THE YEAR OF 2023...
CLIMATE NORMAL PERIOD 1991 TO 2020
CLIMATE RECORD PERIOD 9999 TO 9999
WEATHER OBSERVED NORMAL DEPART LAST YEAR`S
VALUE DATE(S) VALUE FROM VALUE DATE(S)
NORMAL
................................................................
TEMPERATURE (F)
RECORD
HIGH MM MM
LOW MM MM
HIGHEST 91 07/24 MM MM 89 07/17
LOWEST -12 02/16 MM MM -13 01/01
AVG. MAXIMUM 55.6 57.4 -1.8 56.2
AVG. MINIMUM 27.2 28.3 -1.1 27.4
MEAN 41.4 42.8 -1.4 41.8
DAYS MAX >= 90 2 1.9 0.1 0
DAYS MAX <= 32 48 46.4 1.6 50
DAYS MIN <= 32 207 211.9 -4.9 210
DAYS MIN <= 0 19 18.6 0.4 26
PRECIPITATION (INCHES)
RECORD
MAXIMUM MM MM
MINIMUM MM MM
TOTALS 12.87 14.92 -2.05 14.77
DAILY AVG. 0.04 0.04 -0.00 0.04
DAYS >= .01 111 120.1 -9.1 115
DAYS >= .10 35 49.7 -14.7 46
DAYS >= .50 5 4.1 0.9 6
DAYS >= 1.00 2 0.0 2.0 1
GREATEST
24 HR. TOTAL 1.10 MM 1.01
STORM TOTAL 1.06 1.01
(MM/DD(HH)) MM
SNOWFALL (INCHES)
RECORDS
TOTAL MM MM
24 HR TOTAL MM
SNOW DEPTH MM MM
TOTALS MM MM MM MM
LIQUID EQUIV MM MM MM MM
SINCE 7/1 MM MM MM MM
LIQUID 7/1 MM MM MM MM
SNOWDEPTH AVG. MM MM
DAYS >= TRACE MM MM MM MM
DAYS >= 1.0 MM MM MM MM
GREATEST
SNOW DEPTH MM MM MM
24 HR TOTAL MM MM
STORM TOTAL MM MM
(MM/DD(HH)) MM
DEGREE DAYS
HEATING TOTAL 8574 8142 432 8458
SINCE 7/1 3167 3360 -193 3428
COOLING TOTAL 81 90 -9 125
SINCE 1/1 81 88 -7 125
FREEZE DATES
RECORD
EARLIEST MM
LATEST MM
EARLIEST 09/23
LATEST 05/08
................................................................
WIND (MPH)
AVERAGE WIND SPEED 5.9
RESULTANT WIND SPEED/DIRECTION 1/220
HIGHEST WIND SPEED/DIRECTION 43/180 DATE 05/26
HIGHEST GUST SPEED/DIRECTION 58/180 DATE 05/26
SKY COVER
POSSIBLE SUNSHINE (PERCENT) MM
AVERAGE SKY COVER 0.35
NUMBER OF DAYS FAIR 217
NUMBER OF DAYS PC 78
NUMBER OF DAYS CLOUDY 70
AVERAGE RH (PERCENT) 53
WEATHER CONDITIONS. NUMBER OF DAYS WITH
THUNDERSTORM 49 MIXED PRECIP 0
HEAVY RAIN 7 RAIN 20
LIGHT RAIN 88 FREEZING RAIN 0
LT FREEZING RAIN 0 HAIL 0
HEAVY SNOW 10 SNOW 37
LIGHT SNOW 95 SLEET 0
FOG 105 FOG W/VIS <= 1/4 MILE 12
HAZE 80
- INDICATES NEGATIVE NUMBERS.
R INDICATES RECORD WAS SET OR TIED.
MM INDICATES DATA IS MISSING.
T INDICATES TRACE AMOUNT.
$$