000
CXAK56 PAFC 011810
CF6ASN
PRELIMINARY LOCAL CLIMATOLOGICAL DATA (WS FORM: F-6)
STATION: SAINT PAUL ISLAND
MONTH: DECEMBER
YEAR: 2019
LATITUDE: 57 9 N
LONGITUDE: 170 13 W
TEMPERATURE IN F: :PCPN: SNOW: WIND :SUNSHINE: SKY :PK WND
================================================================================
1 2 3 4 5 6A 6B 7 8 9 10 11 12 13 14 15 16 17 18
12Z AVG MX 2MIN
DY MAX MIN AVG DEP HDD CDD WTR SNW DPTH SPD SPD DIR MIN PSBL S-S WX SPD DR
================================================================================
1 36 28 32 1 33 0 0.03 M M 5.5 24 250 M M 7 18 29 250
2 37 29 33 3 32 0 0.11 M M 17.6 31 260 M M 4 37 260
3 37 24 31 1 34 0 0.03 M M 8.3 22 200 M M 2 18 26 240
4 44 34 39 9 26 0 0.90 M M 21.6 36 140 M M 10 1 45 140
5 43 27 35 5 30 0 0.24 M M 13.9 26 110 M M 4 1 39 110
6 43 35 39 9 26 0 0.01 M M 9.2 28 120 M M 8 1 33 120
7 39 35 37 7 28 0 0.16 M M 25.3 38 240 M M 8 1 52 240
8 39 32 36 6 29 0 0.06 M M 14.8 28 220 M M 5 1 38 210
9 37 33 35 5 30 0 0.14 M M 19.7 32 280 M M 8 1 46 290
10 38 27 33 3 32 0 0.03 M M 20.3 31 240 M M 7 47 270
11 34 18 26 -4 39 0 0.03 M M 7.8 23 180 M M 3 30 190
12 35 17 26 -3 39 0 0.05 M M 7.2 21 280 M M 4 1 23 280
13 38 27 33 4 32 0 T M M 12.5 25 80 M M 6 35 90
14 40 36 38 9 27 0 0.26 M M 26.9 37 10 M M 10 1 48 10
15 41 32 37 8 28 0 0.10 M M 5.4 15 110 M M 8 1 18 100
16 39 32 36 7 29 0 T M M 10.8 18 80 M M 10 12 22 70
17 40 36 38 9 27 0 0.02 M M 12.2 21 360 M M 9 1 22 60
18 37 33 35 6 30 0 0.01 M M 19.9 28 330 M M 9 1 38 340
19 42 30 36 8 29 0 0.12 M M 16.0 28 210 M M 9 1 39 200
20 39 31 35 7 30 0 0.03 M M 19.7 26 250 M M 5 41 260
21 38 21 30 2 35 0 0.12 M M 21.7 44 100 M M 5 18 55 100
22 40 33 37 9 28 0 0.14 M M 16.0 28 90 M M 9 1 40 90
23 33 21 27 -1 38 0 0.01 M M 16.0 25 40 M M 8 1 36 30
24 30 20 25 -3 40 0 0.01 M M 17.2 28 30 M M 9 1 40 30
25 29 18 24 -4 41 0 T M M 16.7 29 360 M M 8 44 360
26 29 17 23 -5 42 0 0.05 M M 12.9 35 60 M M 8 19 44 60
27 21 15 18 -10 47 0 T M M 32.3 38 40 M M 10 49 50
28 19 13 16 -11 49 0 0.01 M M 26.6 33 10 M M 9 9 46 360
29 14 11 13 -14 52 0 T M M 20.3 29 20 M M 9 40 40
30 23 14 19 -8 46 0 0.05 M M 25.4 37 350 M M 9 1289 45 350
31 M M M M M M M M M M M M M M M M M
================================================================================
SM 1054 779 1028 0 2.72 M 499.6 M 220
================================================================================
AV 35.1 26.0 16.7 FASTST M M 7 MAX(MPH)
MISC ----> 44 100 55 100
================================================================================
NOTES:
# LAST OF SEVERAL OCCURRENCES
COLUMN 17 PEAK WIND IN M.P.H.
PRELIMINARY LOCAL CLIMATOLOGICAL DATA (WS FORM: F-6) , PAGE 2
STATION: SAINT PAUL ISLAND
MONTH: DECEMBER
YEAR: 2019
LATITUDE: 57 9 N
LONGITUDE: 170 13 W
[TEMPERATURE DATA] [PRECIPITATION DATA] SYMBOLS USED IN COLUMN 16
AVERAGE MONTHLY: 30.6 TOTAL FOR MONTH: 2.72 1 = FOG OR MIST
DPTR FM NORMAL: 1.7 DPTR FM NORMAL: 0.47 2 = FOG REDUCING VISIBILITY
HIGHEST: 44 ON 4 GRTST 24HR 0.90 ON 4- 4 TO 1/4 MILE OR LESS
LOWEST: 11 ON 29 3 = THUNDER
SNOW, ICE PELLETS, HAIL 4 = ICE PELLETS
TOTAL MONTH: M 5 = HAIL
GRTST 24HR M ON M 6 = FREEZING RAIN OR DRIZZLE
GRTST DEPTH: M ON M 7 = DUSTSTORM OR SANDSTORM:
VSBY 1/2 MILE OR LESS
8 = SMOKE OR HAZE
[NO. OF DAYS WITH] [WEATHER - DAYS WITH] 9 = BLOWING SNOW
X = TORNADO
MAX 32 OR BELOW: 7 0.01 INCH OR MORE: 25
MAX 90 OR ABOVE: 0 0.10 INCH OR MORE: 10
MIN 32 OR BELOW: 22 0.50 INCH OR MORE: 1
MIN 0 OR BELOW: 0 1.00 INCH OR MORE: 0
[HDD (BASE 65) ]
TOTAL THIS MO. 1028 CLEAR (SCALE 0-3) 2
DPTR FM NORMAL -93 PTCLDY (SCALE 4-7) 13
TOTAL FM JUL 1 3312 CLOUDY (SCALE 8-10) 15
DPTR FM NORMAL -1230
[CDD (BASE 65) ]
TOTAL THIS MO. 0
DPTR FM NORMAL 0 [PRESSURE DATA]
TOTAL FM JAN 1 0 HIGHEST SLP M ON M
DPTR FM NORMAL 0 LOWEST SLP 29.48 ON 1
[REMARKS]
#FINAL-12-19#