000
CXUS53 KDLH 061300
CLAASX
CLIMATE REPORT
NATIONAL WEATHER SERVICE DULUTH MN
1225 AM CST FRI JAN 06 2023
...................................
...THE ASHLAND CLIMATE SUMMARY FOR THE YEAR OF 2022...
CLIMATE NORMAL PERIOD: 1991 TO 2020
CLIMATE RECORD PERIOD: 1893 TO 2023
WEATHER OBSERVED NORMAL DEPART LAST YEAR`S
VALUE DATE(S) VALUE FROM VALUE
NORMAL
..............................................................
TEMPERATURE (F)
RECORD
HIGH 107 07/23/1934
LOW -41 01/17/1982
HIGHEST 97 06/20 MM MM 94
LOWEST -21 02/18 MM MM -26
AVG. MAXIMUM 51.1 51.9 -0.8 54.9
AVG. MINIMUM 29.1 31.0 -1.9 31.7
MEAN 40.1 41.5 -1.4 43.3
DAYS MAX >= 90 3 5.0 -2.0 11
DAYS MAX <= 32 100 85.0 15.0 69
DAYS MIN <= 32 192 185.3 6.7 184
DAYS MIN <= 0 44 29.4 14.6 31
DEGREE DAYS
HEATING TOTAL 9225 8796 429 8128
SINCE 7/1 3293 3374 -81 MM
COOLING TOTAL 285 259 26 381
SINCE 1/1 285 259 26 MM
FREEZE DATES
RECORD
EARLIEST 08/18/1950
LATEST 07/25/1915
EARLIEST 09/22
LATEST 05/07
..............................................................
WIND (MPH)
AVERAGE WIND SPEED 8.2
RESULTANT WIND SPEED/DIRECTION 3/260
HIGHEST WIND SPEED/DIRECTION 39/280 DATE 02/18
HIGHEST GUST SPEED/DIRECTION 61/220 DATE 05/31
SKY COVER
POSSIBLE SUNSHINE (PERCENT) MM
AVERAGE SKY COVER 0.50
NUMBER OF DAYS FAIR 147
NUMBER OF DAYS PC 109
NUMBER OF DAYS CLOUDY 107
AVERAGE RH (PERCENT) 72
- INDICATES NEGATIVE NUMBERS.
R INDICATES RECORD WAS SET OR TIED.
MM INDICATES DATA IS MISSING.
T INDICATES TRACE AMOUNT.
$$