000
CXUS52 KFFC 011010
CF6ATL
PRELIMINARY LOCAL CLIMATOLOGICAL DATA (WS FORM: F-6)
STATION: ATLANTA
MONTH: JULY
YEAR: 2023
LATITUDE: 33 39 N
LONGITUDE: 84 26 W
TEMPERATURE IN F: :PCPN: SNOW: WIND :SUNSHINE: SKY :PK WND
================================================================================
1 2 3 4 5 6A 6B 7 8 9 10 11 12 13 14 15 16 17 18
12Z AVG MX 2MIN
DY MAX MIN AVG DEP HDD CDD WTR SNW DPTH SPD SPD DIR MIN PSBL S-S WX SPD DR
================================================================================
1 96 73 85 5 0 20 0.00 0.0 0 7.5 28 330 M M 7 13 35 310
2 93 73 83 3 0 18 0.61 0.0 0 5.5 21 240 M M 8 13 30 240
3 89 72 81 1 0 16 0.01 0.0 M 5.9 28 340 M M 8 3 42 330
4 92 73 83 3 0 18 0.00 0.0 0 3.2 13 210 M M 8 3 18 190
5 88 75 82 2 0 17 0.00 0.0 M 5.6 26 340 M M 6 138 39 340
6 93 73 83 2 0 18 0.00 0.0 M 7.2 17 280 M M 5 27 290
7 92 74 83 2 0 18 T 0.0 M 6.4 18 90 M M 6 3 24 80
8 92 72 82 1 0 17 0.00 0.0 0 8.2 17 310 M M 5 22 290
9 91 71 81 0 0 16 0.19 0.0 0 9.1 23 250 M M 7 13 36 260
10 87 70 79 -2 0 14 0.73 0.0 M 8.2 15 290 M M 7 1 21 300
11 90 71 81 0 0 16 0.00 0.0 M 6.1 14 290 M M 3 20 280
12 92 74 83 2 0 18 T 0.0 M 4.9 13 280 M M 4 17 280
13 92 74 83 2 0 18 0.00 0.0 M 6.8 15 230 M M 5 22 230
14 93 75 84 3 0 19 0.00 0.0 0 5.6 13 230 M M 7 38 16 280
15 93 77 85 4 0 20 0.00 0.0 0 8.4 22 300 M M 6 8 31 280
16 94 73 84 3 0 19 0.00 0.0 0 9.0 17 300 M M 5 24 330
17 91 71 81 0 0 16 0.00 0.0 M 5.6 14 330 M M 5 18 23 340
18 93 73 83 2 0 18 T 0.0 M 6.1 15 260 M M 3 8 23 260
19 94 76 85 4 0 20 T 0.0 M 7.1 21 320 M M 8 8 27 330
20 96 74 85 4 0 20 T 0.0 M 9.0 38 350 M M 7 138 49 360
21 94 72 83 2 0 18 0.13 0.0 0 9.5 24 310 M M 8 13 40 340
22 87 71 79 -2 0 14 0.05 0.0 0 7.6 17 330 M M 7 1 23 350
23 92 72 82 1 0 17 0.00 0.0 0 5.5 14 340 M M 4 18 320
24 93 72 83 2 0 18 0.00 0.0 0 6.9 15 320 M M 2 24 340
25 95 71 83 2 0 18 T 0.0 M 6.5 14 340 M M 2 21 350
26 96 76 86 5 0 21 0.00 0.0 M 4.7 16 280 M M 3 3 23 270
27 97 75 86 5 0 21 0.00 0.0 M 3.8 12 70 M M 2 8 16 90
28 94 77 86 5 0 21 0.01 0.0 0 4.7 25 50 M M 7 3 34 40
29 98 77 88 7 0 23 0.00 0.0 0 6.3 21 30 M M 7 3 27 30
30 94 75 85 4 0 20 0.00 0.0 0 8.4 20 330 M M 6 3 28 310
31 97 74 86 5 0 21 0.00 0.0 0 7.9 17 360 M M 3 23 350
================================================================================
SM 2878 2276 0 568 1.73 0.0 207.2 M 171
================================================================================
AV 92.8 73.4 6.7 FASTST M M 6 MAX(MPH)
MISC ----> 38 350 49 360
================================================================================
NOTES:
# LAST OF SEVERAL OCCURRENCES
COLUMN 17 PEAK WIND IN M.P.H.
PRELIMINARY LOCAL CLIMATOLOGICAL DATA (WS FORM: F-6) , PAGE 2
STATION: ATLANTA
MONTH: JULY
YEAR: 2023
LATITUDE: 33 39 N
LONGITUDE: 84 26 W
[TEMPERATURE DATA] [PRECIPITATION DATA] SYMBOLS USED IN COLUMN 16
AVERAGE MONTHLY: 83.1 TOTAL FOR MONTH: 1.73 1 = FOG OR MIST
DPTR FM NORMAL: 2.2 DPTR FM NORMAL: -3.02 2 = FOG REDUCING VISIBILITY
HIGHEST: 98 ON 29 GRTST 24HR 0.92 ON 9-10 TO 1/4 MILE OR LESS
LOWEST: 70 ON 10 3 = THUNDER
SNOW, ICE PELLETS, HAIL 4 = ICE PELLETS
TOTAL MONTH: 0.0 INCH 5 = HAIL
GRTST 24HR 0.0 6 = FREEZING RAIN OR DRIZZLE
GRTST DEPTH: 0 7 = DUSTSTORM OR SANDSTORM:
VSBY 1/2 MILE OR LESS
8 = SMOKE OR HAZE
[NO. OF DAYS WITH] [WEATHER - DAYS WITH] 9 = BLOWING SNOW
X = TORNADO
MAX 32 OR BELOW: 0 0.01 INCH OR MORE: 7
MAX 90 OR ABOVE: 27 0.10 INCH OR MORE: 4
MIN 32 OR BELOW: 0 0.50 INCH OR MORE: 2
MIN 0 OR BELOW: 0 1.00 INCH OR MORE: 0
[HDD (BASE 65) ]
TOTAL THIS MO. 0 CLEAR (SCALE 0-3) 5
DPTR FM NORMAL 0 PTCLDY (SCALE 4-7) 26
TOTAL FM JUL 1 0 CLOUDY (SCALE 8-10) 0
DPTR FM NORMAL 0
[CDD (BASE 65) ]
TOTAL THIS MO. 568
DPTR FM NORMAL 74 [PRESSURE DATA]
TOTAL FM JAN 1 1233 HIGHEST SLP 30.17 ON 25
DPTR FM NORMAL 55 LOWEST SLP 29.81 ON 8
[REMARKS]
#FINAL-07-23#