000
CXUS54 KEWX 161048
CF6ATT
PRELIMINARY LOCAL CLIMATOLOGICAL DATA (WS FORM: F-6)
STATION: AUSTIN CAMP MABRY
MONTH: JULY
YEAR: 2021
LATITUDE: 30 17 N
LONGITUDE: 97 42 W
TEMPERATURE IN F: :PCPN: SNOW: WIND :SUNSHINE: SKY :PK WND
================================================================================
1 2 3 4 5 6A 6B 7 8 9 10 11 12 13 14 15 16 17 18
12Z AVG MX 2MIN
DY MAX MIN AVG DEP HDD CDD WTR SNW DPTH SPD SPD DIR MIN PSBL S-S WX SPD DR
================================================================================
1 96 74 85 1 0 20 0.02 0.0 0 2.4 9 110 M M 3 14 140
2 97 76 87 2 0 22 0.00 0.0 0 1.8 12 30 M M 1 24 50
3 93 76 85 0 0 20 0.00 0.0 0 3.8 12 360 M M 1 19 340
4 86 75 81 -4 0 16 1.30 0.0 0 2.2 12 100 M M 7 13 18 100
5 85 75 80 -5 0 15 1.10 0.0 0 1.7 12 90 M M 7 1238 23 90
6 90 75 83 -2 0 18 0.52 0.0 0 4.3 13 120 M M 4 1 23 70
7 88 73 81 -4 0 16 T 0.0 0 3.2 12 110 M M 5 19 130
8 89 74 82 -3 0 17 0.20 0.0 M 4.2 15 110 M M 6 1 28 70
9 81 75 78 -7 0 13 0.23 0.0 M 6.2 14 120 M M 10 1 23 140
10 94 75 85 0 0 20 0.52 0.0 0 4.0 14 140 M M 6 1 24 130
11 91 77 84 -1 0 19 0.00 0.0 0 3.1 12 210 M M 5 22 210
12 88 75 82 -3 0 17 0.00 0.0 0 4.3 13 30 M M 4 3 28 40
13 91 72 82 -4 0 17 0.03 0.0 M 2.4 14 200 M M 3 13 31 170
14 93 72 83 -3 0 18 0.03 0.0 M 3.7 22 140 M M 5 3 37 130
15 93 76 85 -1 0 20 0.00 0.0 0 4.8 12 150 M M 4 22 200
16 94 76 85 -1 0 20 0.00 0.0 0 6.3 12 150 M M 3 22 160
17 94 77 86 0 0 21 0.00 0.0 0 5.4 12 140 M M 4 22 140
18 95 74 85 -1 0 20 0.00 0.0 0 2.8 9 150 M M 1 14 190
19 97 75 86 0 0 21 0.06 0.0 0 2.9 18 350 M M 2 13 36 10
20 92 73 83 -3 0 18 T 0.0 0 2.9 12 360 M M 5 19 10
21 93 73 83 -3 0 18 0.03 0.0 0 2.6 13 110 M M 5 22 60
22 94 71 83 -3 0 18 T 0.0 0 3.2 12 200 M M 1 3 25 200
23 95 74 85 -1 0 20 0.01 0.0 0 5.6 14 150 M M 5 26 160
24 98 77 88 1 0 23 0.00 0.0 0 5.9 10 150 M M 4 22 200
25 100 75 88 1 0 23 0.00 0.0 0 4.1 10 150 M M 1 21 180
26 99 74 87 0 0 22 0.00 0.0 0 2.4 10 140 M M 1 17 170
27 98 75 87 0 0 22 0.00 0.0 0 1.7 8 210 M M 0 15 190
28 97 78 88 1 0 23 0.00 0.0 0 2.4 10 140 M M 0 19 80
29 98 76 87 0 0 22 T 0.0 0 0.8 13 140 M M 1 3 21 120
30 97 75 86 -1 0 21 0.00 0.0 0 3.4 10 140 M M 1 19 130
31 98 77 88 1 0 23 0.00 0.0 0 2.7 10 180 M M 1 22 190
================================================================================
SM 2894 2320 0 603 4.05 0.0 107.2 M 106
================================================================================
AV 93.4 74.8 3.5 FASTST M M 3 MAX(MPH)
MISC ----> 22 140 37 130
================================================================================
NOTES:
# LAST OF SEVERAL OCCURRENCES
COLUMN 17 PEAK WIND IN M.P.H.
PRELIMINARY LOCAL CLIMATOLOGICAL DATA (WS FORM: F-6) , PAGE 2
STATION: AUSTIN CAMP MABRY
MONTH: JULY
YEAR: 2021
LATITUDE: 30 17 N
LONGITUDE: 97 42 W
[TEMPERATURE DATA] [PRECIPITATION DATA] SYMBOLS USED IN COLUMN 16
AVERAGE MONTHLY: 84.1 TOTAL FOR MONTH: 4.05 1 = FOG OR MIST
DPTR FM NORMAL: -1.7 DPTR FM NORMAL: 2.09 2 = FOG REDUCING VISIBILITY
HIGHEST: 100 ON 25 GRTST 24HR 1.30 ON 4- 4 TO 1/4 MILE OR LESS
LOWEST: 71 ON 22 3 = THUNDER
SNOW, ICE PELLETS, HAIL 4 = ICE PELLETS
TOTAL MONTH: 0.0 INCH 5 = HAIL
GRTST 24HR 0.0 6 = FREEZING RAIN OR DRIZZLE
GRTST DEPTH: 0 7 = DUSTSTORM OR SANDSTORM:
VSBY 1/2 MILE OR LESS
8 = SMOKE OR HAZE
[NO. OF DAYS WITH] [WEATHER - DAYS WITH] 9 = BLOWING SNOW
X = TORNADO
MAX 32 OR BELOW: 0 0.01 INCH OR MORE: 12
MAX 90 OR ABOVE: 25 0.10 INCH OR MORE: 6
MIN 32 OR BELOW: 0 0.50 INCH OR MORE: 4
MIN 0 OR BELOW: 0 1.00 INCH OR MORE: 2
[HDD (BASE 65) ]
TOTAL THIS MO. 0 CLEAR (SCALE 0-3) 13
DPTR FM NORMAL 0 PTCLDY (SCALE 4-7) 17
TOTAL FM JUL 1 0 CLOUDY (SCALE 8-10) 1
DPTR FM NORMAL 0
[CDD (BASE 65) ]
TOTAL THIS MO. 603
DPTR FM NORMAL -42 [PRESSURE DATA]
TOTAL FM JAN 1 1768 HIGHEST SLP 30.19 ON 14
DPTR FM NORMAL -67 LOWEST SLP 29.85 ON 7
[REMARKS]
#FINAL-07-21#