000
CXUS51 KGYX 030017
CF6AUG
PRELIMINARY LOCAL CLIMATOLOGICAL DATA (WS FORM: F-6)
STATION: AUGUSTA
MONTH: JANUARY
YEAR: 2021
LATITUDE: 44 18 N
LONGITUDE: 69 48 W
TEMPERATURE IN F: :PCPN: SNOW: WIND :SUNSHINE: SKY :PK WND
================================================================================
1 2 3 4 5 6A 6B 7 8 9 10 11 12 13 14 15 16 17 18
12Z AVG MX 2MIN
DY MAX MIN AVG DEP HDD CDD WTR SNW DPTH SPD SPD DIR MIN PSBL S-S WX SPD DR
================================================================================
1 35 22 29 8 36 0 0.00 0.0 M 3.4 12 340 M M 1 15 330
2 30 26 28 8 37 0 0.47 M M 10.0 17 360 M M 10 12 22 350
3 29 22 26 6 39 0 0.00 0.0 M 5.4 13 330 M M 7 17 320
4 32 24 28 8 37 0 0.00 0.0 M 9.4 16 20 M M 10 23 360
5 30 26 28 8 37 0 0.01 M M 12.1 18 20 M M 10 1 24 30
6 35 25 30 10 35 0 T M M 13.2 22 360 M M 6 8 31 350
7 38 22 30 10 35 0 0.00 0.0 M 10.7 21 10 M M 3 26 350
8 34 20 27 8 38 0 T M M 7.8 20 330 M M 2 25 330
9 30 18 24 5 41 0 0.00 0.0 M 11.2 23 360 M M 7 31 360
10 35 23 29 10 36 0 0.00 0.0 M 8.7 21 350 M M 1 28 340
11 29 14 22 3 43 0 0.00 0.0 M 1.3 6 50 M M 3 18 8 280
12 37 19 28 9 37 0 0.01 M M 2.8 9 350 M M 9 1 12 290
13 34 28 31 12 34 0 0.00 0.0 M 1.6 9 160 M M 10 12 170
14 37 26 32 13 33 0 0.00 0.0 M 1.4 7 340 M M 8 8 30
15 40 29 35 16 30 0 0.00 0.0 M 4.6 10 20 M M 4 13 40
16 43 29 36 17 29 0 1.22 M M 8.6 23 80 M M 10 126 32 90
17 38 33 36 17 29 0 0.03 M M 9.9 22 260 M M 9 1 32 270
18 37 20 29 10 36 0 T M M 8.3 17 290 M M 7 1 28 280
19 30 17 24 5 41 0 0.00 0.0 M 5.0 12 290 M M 3 16 310
20 32 16 24 5 41 0 T M M 5.2 16 320 M M 5 23 330
21 23 12 18 -1 47 0 0.00 0.0 M 3.4 10 170 M M 5 15 160
22 31 19 25 6 40 0 0.02 M M 2.0 8 340 M M 8 1 10 330
23 25 10 18 -1 47 0 0.00 0.0 M 11.6 22 310 M M 4 32 300
24 26 8 17 -2 48 0 0.00 0.0 M 12.3 25 310 M M 0 36 290
25 34 13 24 5 41 0 0.00 0.0 M 7.5 20 330 M M 0 27 330
26 33 12 23 4 42 0 0.08 M M 4.8 13 30 M M 3 1 17 30
27 32 25 29 10 36 0 0.05 M M 6.4 10 20 M M 10 1 15 10
28 29 16 23 4 42 0 T M M 7.4 21 310 M M 10 18 29 310
29 M M M M M M T M M 15.1 29 340 M M 6 19 40 360
30 18 2 10 -10 55 0 0.00 0.0 M 8.0 17 320 M M 1 23 320
31 26 -3 12 -8 53 0 0.00 0.0 M 3.5 9 340 M M 0 11 330
================================================================================
SM 962 573 1175 0 1.89 0.0 222.6 M 172
================================================================================
AV 32.1 19.1 7.2 FASTST M M 6 MAX(MPH)
MISC ----> 29 340 40 360
================================================================================
NOTES:
# LAST OF SEVERAL OCCURRENCES
COLUMN 17 PEAK WIND IN M.P.H.
PRELIMINARY LOCAL CLIMATOLOGICAL DATA (WS FORM: F-6) , PAGE 2
STATION: AUGUSTA
MONTH: JANUARY
YEAR: 2021
LATITUDE: 44 18 N
LONGITUDE: 69 48 W
[TEMPERATURE DATA] [PRECIPITATION DATA] SYMBOLS USED IN COLUMN 16
AVERAGE MONTHLY: 25.6 TOTAL FOR MONTH: 1.89 1 = FOG OR MIST
DPTR FM NORMAL: 6.3 DPTR FM NORMAL: -0.72 2 = FOG REDUCING VISIBILITY
HIGHEST: 43 ON 16 GRTST 24HR 1.22 ON 16-16 TO 1/4 MILE OR LESS
LOWEST: -3 ON 31 3 = THUNDER
SNOW, ICE PELLETS, HAIL 4 = ICE PELLETS
TOTAL MONTH: 0.0 INCH 5 = HAIL
GRTST 24HR 0.0 6 = FREEZING RAIN OR DRIZZLE
GRTST DEPTH: M ON M 7 = DUSTSTORM OR SANDSTORM:
VSBY 1/2 MILE OR LESS
8 = SMOKE OR HAZE
[NO. OF DAYS WITH] [WEATHER - DAYS WITH] 9 = BLOWING SNOW
X = TORNADO
MAX 32 OR BELOW: 16 0.01 INCH OR MORE: 8
MAX 90 OR ABOVE: 0 0.10 INCH OR MORE: 2
MIN 32 OR BELOW: 29 0.50 INCH OR MORE: 1
MIN 0 OR BELOW: 1 1.00 INCH OR MORE: 1
[HDD (BASE 65) ]
TOTAL THIS MO. 1175 CLEAR (SCALE 0-3) 10
DPTR FM NORMAL -241 PTCLDY (SCALE 4-7) 12
TOTAL FM JUL 1 3627 CLOUDY (SCALE 8-10) 9
DPTR FM NORMAL -542
[CDD (BASE 65) ]
TOTAL THIS MO. 0
DPTR FM NORMAL 0 [PRESSURE DATA]
TOTAL FM JAN 1 0 HIGHEST SLP 30.51 ON 1
DPTR FM NORMAL 0 LOWEST SLP 29.05 ON 17
[REMARKS]
#FINAL-01-21#