000
CXUS53 KGID 012121 AAA
CF6AUH
PRELIMINARY LOCAL CLIMATOLOGICAL DATA (WS FORM: F-6)
STATION: AURORA NE
MONTH: JULY
YEAR: 2023
LATITUDE: 40 54 N
LONGITUDE: 97 59 W
TEMPERATURE IN F: :PCPN: SNOW: WIND :SUNSHINE: SKY :PK WND
================================================================================
1 2 3 4 5 6A 6B 7 8 9 10 11 12 13 14 15 16 17 18
12Z AVG MX 2MIN
DY MAX MIN AVG DEP HDD CDD WTR SNW DPTH SPD SPD DIR MIN PSBL S-S WX SPD DR
================================================================================
1 75 61 68 M 0 3 0.07 M M 7.1 15 40 M M 7 1 21 40
2 84 57 71 M 0 6 0.00 M M 4.1 7 260 M M 0 1 M M
3 88 62 75 M 0 10 0.00 M M 6.8 14 170 M M 0 18 170
4 91 66 79 M 0 14 T M M 9.8 23 30 M M 2 28 360
5 76 57 67 M 0 2 0.00 M M 10.0 15 20 M M 6 20 10
6 73 55 64 M 1 0 0.00 M M 4.7 9 150 M M 8 M M
7 77 59 68 M 0 3 1.19 M M 8.1 15 180 M M 8 3 27 360
8 73 56 65 M 0 0 0.00 M M 4.2 12 20 M M 5 M M
9 78 56 67 M 0 2 0.00 M M 3.6 8 210 M M 1 1 16 240
10 87 61 74 M 0 9 T M M 9.7 16 200 M M 1 23 220
11 85 62 74 M 0 9 0.00 M M 6.2 9 30 M M 1 M M
12 82 62 72 M 0 7 0.40 M M 6.0 17 30 M M 3 3 35 230
13 83 60 72 M 0 7 0.10 M M 3.5 12 260 M M 3 12 17 260
14 78 62 70 M 0 5 0.04 M M 4.8 15 150 M M 2 3 22 40
15 83 61 72 M 0 7 0.00 M M 5.0 10 290 M M 0 M M
16 83 62 73 M 0 8 0.06 M M 4.9 27 350 M M 1 13 41 20
17 76 62 69 M 0 4 0.04 M M 7.8 15 70 M M 2 18 22 70
18 77 60 69 M 0 4 0.41 M M 7.8 16 50 M M 4 3 28 50
19 78 62 70 M 0 5 T M M 4.1 10 90 M M 3 1 M M
20 78 63 71 M 0 6 0.00 M M 5.1 12 20 M M 1 12 M M
21 80 62 71 M 0 6 0.00 M M 3.2 6 220 M M 2 8 M M
22 87 61 74 M 0 9 0.00 M M 4.6 7 230 M M 1 M M
23 86 59 73 M 0 8 0.00 M M 6.8 12 140 M M 0 17 140
24 92 63 78 M 0 13 0.00 M M 6.6 13 150 M M 0 22 90
25 93 71 82 M 0 17 0.00 M M 8.2 16 330 M M 1 18 33 330
26 96 71 84 M 0 19 0.00 M M 4.7 9 320 M M 0 1 M M
27 98 74 86 M 0 21 0.00 M M 4.3 9 220 M M 0 M M
28 98 68 83 M 0 18 0.21 M M 3.2 16 110 M M 1 21 190
29 82 64 73 M 0 8 1.39 M M 9.3 41 330 M M 2 13 56 330
30 83 64 74 M 0 9 0.00 M M 8.5 15 100 M M 3 22 100
31 80 67 74 M 0 9 0.53 M M 7.6 18 180 M M 7 3 27 180
================================================================================
SM 2580 1930 1 248 4.44 M 190.3 M 75
================================================================================
AV 83.2 62.3 6.1 FASTST M M 2 MAX(MPH)
MISC ----> 41 330 M M
================================================================================
NOTES:
# LAST OF SEVERAL OCCURRENCES
COLUMN 17 PEAK WIND IN M.P.H.
PRELIMINARY LOCAL CLIMATOLOGICAL DATA (WS FORM: F-6) , PAGE 2
STATION: AURORA NE
MONTH: JULY
YEAR: 2023
LATITUDE: 40 54 N
LONGITUDE: 97 59 W
[TEMPERATURE DATA] [PRECIPITATION DATA] SYMBOLS USED IN COLUMN 16
AVERAGE MONTHLY: 72.7 TOTAL FOR MONTH: 4.44 1 = FOG OR MIST
DPTR FM NORMAL: M DPTR FM NORMAL: M 2 = FOG REDUCING VISIBILITY
HIGHEST: 98 ON 28,27 GRTST 24HR 1.39 ON 29-29 TO 1/4 MILE OR LESS
LOWEST: 55 ON 6 3 = THUNDER
SNOW, ICE PELLETS, HAIL 4 = ICE PELLETS
TOTAL MONTH: M 5 = HAIL
GRTST 24HR M ON M 6 = FREEZING RAIN OR DRIZZLE
GRTST DEPTH: M ON M 7 = DUSTSTORM OR SANDSTORM:
VSBY 1/2 MILE OR LESS
8 = SMOKE OR HAZE
[NO. OF DAYS WITH] [WEATHER - DAYS WITH] 9 = BLOWING SNOW
X = TORNADO
MAX 32 OR BELOW: 0 0.01 INCH OR MORE: 11
MAX 90 OR ABOVE: 6 0.10 INCH OR MORE: 7
MIN 32 OR BELOW: 0 0.50 INCH OR MORE: 3
MIN 0 OR BELOW: 0 1.00 INCH OR MORE: 2
[HDD (BASE 65) ]
TOTAL THIS MO. 1 CLEAR (SCALE 0-3) 23
DPTR FM NORMAL M PTCLDY (SCALE 4-7) 7
TOTAL FM JUL 1 1 CLOUDY (SCALE 8-10) 1
DPTR FM NORMAL M
[CDD (BASE 65) ]
TOTAL THIS MO. 248
DPTR FM NORMAL M [PRESSURE DATA]
TOTAL FM JAN 1 546 HIGHEST SLP M ON M
DPTR FM NORMAL M LOWEST SLP M ON M
[REMARKS]
#FINAL-07-23#