000
CXUS53 KARX 010900
CF6AUM
PRELIMINARY LOCAL CLIMATOLOGICAL DATA (WS FORM: F-6)
STATION: AUSTIN MUNI MN
MONTH: JUNE
YEAR: 2021
LATITUDE: 43 40 N
LONGITUDE: 92 56 W
TEMPERATURE IN F: :PCPN: SNOW: WIND :SUNSHINE: SKY :PK WND
================================================================================
1 2 3 4 5 6A 6B 7 8 9 10 11 12 13 14 15 16 17 18
12Z AVG MX 2MIN
DY MAX MIN AVG DEP HDD CDD WTR SNW DPTH SPD SPD DIR MIN PSBL S-S WX SPD DR
================================================================================
1 79 46 63 M 2 0 M M M 1.2 6 250 M M 0 M M
2 82 54 68 M 0 3 0.00 0.0 0 3.7 9 200 M M 1 M M
3 88 57 73 M 0 8 0.00 0.0 0 8.2 17 240 M M 0 24 260
4 91 66 79 M 0 14 0.00 0.0 0 11.4 16 260 M M 0 23 250
5 93 66 80 M 0 15 0.00 0.0 0 11.6 18 210 M M 0 28 210
6 88 68 78 M 0 13 0.00 0.0 0 13.4 23 210 M M 1 30 210
7 91 68 80 M 0 15 0.00 0.0 0 6.9 13 210 M M 1 18 180
8 93 70 82 M 0 17 0.00 0.0 0 3.2 12 140 M M 2 17 140
9 93 66 80 M 0 15 0.00 0.0 0 3.0 9 140 M M 3 M M
10 97 70 84 M 0 19 M 0.0 0 3.3 9 240 M M 1 M M
11 90 73 82 M 0 17 M M M 7.6 18 200 M M 1 25 260
12 84 63 74 M 0 9 M M M 8.9 17 330 M M 0 25 330
13 93 55 74 M 0 9 0.00 0.0 0 5.7 16 270 M M 0 25 270
14 84 61 73 M 0 8 0.00 M M 5.5 14 330 M M 0 23 350
15 82 55 69 M 0 4 0.00 M M 4.5 12 60 M M 0 17 60
16 86 55 71 M 0 6 0.00 M M 5.9 10 170 M M 0 17 180
17 95 66 81 M 0 16 M M M 7.0 17 260 M M 3 3 28 260
18 90 63 77 M 0 12 0.00 0.0 0 5.2 12 300 M M 0 21 310
19 81 63 72 M 0 7 0.00 0.0 0 6.2 12 340 M M 0 23 300
20 82 61 72 M 0 7 M M M 9.7 22 330 M M 4 36 240
21 66 48 57 M 8 0 0.00 0.0 0 12.5 20 310 M M 4 25 330
22 77 48 63 M 2 0 0.00 0.0 0 2.9 7 110 M M 3 M M
23 86 61 74 M 0 9 0.00 0.0 0 9.6 14 180 M M 3 1 20 180
24 90 72 81 M 0 16 0.00 0.0 0 9.7 16 220 M M 1 23 220
25 86 66 76 M 0 11 0.00 0.0 0 3.7 8 50 M M 4 22 60
26 73 66 70 M 0 5 M 0.0 0 5.1 12 10 M M 8 12 18 340
27 79 61 70 M 0 5 M 0.0 0 2.5 8 310 M M 3 M M
28 82 64 73 M 0 8 0.02 M M 3.4 17 340 M M 5 1 22 340
29 82 66 74 M 0 9 M M M 4.5 12 320 M M 4 1 18 290
30 82 64 73 M 0 8 0.00 0.0 0 2.6 9 340 M M 1 M M
================================================================================
SM 2565 1862 12 285 0.02 0.0 188.6 M 53
================================================================================
AV 85.5 62.1 6.3 FASTST M M 2 MAX(MPH)
MISC ----> 23 210 36 240
================================================================================
NOTES:
# LAST OF SEVERAL OCCURRENCES
COLUMN 17 PEAK WIND IN M.P.H.
PRELIMINARY LOCAL CLIMATOLOGICAL DATA (WS FORM: F-6) , PAGE 2
STATION: AUSTIN MUNI MN
MONTH: JUNE
YEAR: 2021
LATITUDE: 43 40 N
LONGITUDE: 92 56 W
[TEMPERATURE DATA] [PRECIPITATION DATA] SYMBOLS USED IN COLUMN 16
AVERAGE MONTHLY: 73.8 TOTAL FOR MONTH: 0.02 1 = FOG OR MIST
DPTR FM NORMAL: 0.0 DPTR FM NORMAL: M 2 = FOG REDUCING VISIBILITY
HIGHEST: 97 ON 10 GRTST 24HR 0.02 ON 28-28 TO 1/4 MILE OR LESS
LOWEST: 46 ON 1 3 = THUNDER
SNOW, ICE PELLETS, HAIL 4 = ICE PELLETS
TOTAL MONTH: 0.0 INCH 5 = HAIL
GRTST 24HR 0.0 6 = FREEZING RAIN OR DRIZZLE
GRTST DEPTH: 0 7 = DUSTSTORM OR SANDSTORM:
VSBY 1/2 MILE OR LESS
8 = SMOKE OR HAZE
[NO. OF DAYS WITH] [WEATHER - DAYS WITH] 9 = BLOWING SNOW
X = TORNADO
MAX 32 OR BELOW: 0 0.01 INCH OR MORE: 1
MAX 90 OR ABOVE: 11 0.10 INCH OR MORE: 0
MIN 32 OR BELOW: 0 0.50 INCH OR MORE: 0
MIN 0 OR BELOW: 0 1.00 INCH OR MORE: 0
[HDD (BASE 65) ]
TOTAL THIS MO. 12 CLEAR (SCALE 0-3) 22
DPTR FM NORMAL M PTCLDY (SCALE 4-7) 8
TOTAL FM JUL 1 7244 CLOUDY (SCALE 8-10) 0
DPTR FM NORMAL M
[CDD (BASE 65) ]
TOTAL THIS MO. 285
DPTR FM NORMAL M [PRESSURE DATA]
TOTAL FM JAN 1 348 HIGHEST SLP M ON M
DPTR FM NORMAL M LOWEST SLP M ON M
[REMARKS]
#FINAL-06-21#