000
CXUS54 KEWX 021340
CF6AUS
PRELIMINARY LOCAL CLIMATOLOGICAL DATA (WS FORM: F-6)
STATION: AUSTIN BERGSTROM
MONTH: APRIL
YEAR: 2020
LATITUDE: 30 13 N
LONGITUDE: 97 40 W
TEMPERATURE IN F: :PCPN: SNOW: WIND :SUNSHINE: SKY :PK WND
================================================================================
1 2 3 4 5 6A 6B 7 8 9 10 11 12 13 14 15 16 17 18
12Z AVG MX 2MIN
DY MAX MIN AVG DEP HDD CDD WTR SNW DPTH SPD SPD DIR MIN PSBL S-S WX SPD DR
================================================================================
1 77 46 62 -2 3 0 0.00 0.0 0 6.9 15 150 M M 4 1 21 170
2 72 60 66 2 0 1 0.37 0.0 0 6.1 16 140 M M 9 1 22 120
3 74 47 61 -3 4 0 2.20 0.0 0 9.2 26 340 M M 10 13 31 340
4 53 46 50 -14 15 0 0.53 0.0 0 10.8 21 360 M M 10 13 27 350
5 67 51 59 -6 6 0 0.00 0.0 0 5.8 15 20 M M 10 1 19 50
6 80 59 70 5 0 5 0.00 0.0 0 3.5 12 140 M M 8 1 16 160
7 86 69 78 13 0 13 0.00 0.0 0 7.1 17 200 M M 8 12 26 180
8 91 71 81 16 0 16 0.00 0.0 0 6.8 13 140 M M 7 18 21 180
9 91 65 78 12 0 13 0.23 0.0 0 5.0 26 340 M M 8 13 37 350
10 75 60 68 2 0 3 0.00 0.0 0 8.8 17 30 M M 8 1 24 20
11 78 56 67 1 0 2 0.01 0.0 0 7.6 17 160 M M 8 25 170
12 87 57 72 6 0 7 T 0.0 0 11.0 28 10 M M 4 1 42 260
13 63 44 54 -13 11 0 0.00 0.0 0 15.5 25 360 M M 0 33 360
14 65 45 55 -12 10 0 0.00 0.0 0 13.8 22 30 M M 3 30 40
15 69 41 55 -12 10 0 0.00 0.0 0 6.4 17 360 M M 2 24 350
16 77 42 60 -7 5 0 0.00 0.0 0 7.8 20 180 M M 3 28 140
17 73 56 65 -3 0 0 0.05 0.0 0 6.2 20 360 M M 9 1 26 20
18 62 55 59 -9 6 0 0.02 0.0 0 7.2 17 10 M M 10 1 24 20
19 94 57 76 8 0 11 0.04 0.0 0 5.4 22 310 M M 6 123 33 320
20 88 51 70 2 0 5 0.00 0.0 0 5.3 12 130 M M 5 12 20 110
21 86 64 75 6 0 10 T 0.0 0 9.0 22 140 M M 7 1 27 150
22 81 64 73 4 0 8 0.03 0.0 0 8.4 20 170 M M 9 128 28 180
23 87 56 72 3 0 7 0.00 0.0 0 6.2 17 360 M M 1 1 25 80
24 97 50 74 5 0 9 0.00 0.0 0 9.6 25 360 M M 1 35 360
25 81 53 67 -3 0 2 0.00 0.0 0 10.9 24 10 M M 4 37 30
26 86 47 67 -3 0 2 0.00 0.0 0 5.3 14 180 M M 2 1 22 120
27 89 52 71 1 0 6 0.00 0.0 0 12.0 25 180 M M 4 1 37 180
28 92 74 83 13 0 18 T 0.0 0 12.4 29 150 M M 7 42 150
29 84 54 69 -2 0 4 0.95 0.0 0 11.1 39 30 M M 7 13 54 40
30 86 51 69 -2 0 4 0.00 0.0 0 4.2 9 120 M M 1 16 130
================================================================================
SM 2391 1643 70 146 4.43 0.0 245.3 M 175
================================================================================
AV 79.7 54.8 8.2 FASTST M M 6 MAX(MPH)
MISC ----> # 39 30 # 54 40
================================================================================
NOTES:
# LAST OF SEVERAL OCCURRENCES
COLUMN 17 PEAK WIND IN M.P.H.
PRELIMINARY LOCAL CLIMATOLOGICAL DATA (WS FORM: F-6) , PAGE 2
STATION: AUSTIN BERGSTROM
MONTH: APRIL
YEAR: 2020
LATITUDE: 30 13 N
LONGITUDE: 97 40 W
[TEMPERATURE DATA] [PRECIPITATION DATA] SYMBOLS USED IN COLUMN 16
AVERAGE MONTHLY: 67.2 TOTAL FOR MONTH: 4.43 1 = FOG OR MIST
DPTR FM NORMAL: -0.1 DPTR FM NORMAL: 2.16 2 = FOG REDUCING VISIBILITY
HIGHEST: 97 ON 24 GRTST 24HR 2.20 ON 3- 3 TO 1/4 MILE OR LESS
LOWEST: 41 ON 15 3 = THUNDER
SNOW, ICE PELLETS, HAIL 4 = ICE PELLETS
TOTAL MONTH: 0.0 INCH 5 = HAIL
GRTST 24HR 0.0 6 = FREEZING RAIN OR DRIZZLE
GRTST DEPTH: 0 7 = DUSTSTORM OR SANDSTORM:
VSBY 1/2 MILE OR LESS
8 = SMOKE OR HAZE
[NO. OF DAYS WITH] [WEATHER - DAYS WITH] 9 = BLOWING SNOW
X = TORNADO
MAX 32 OR BELOW: 0 0.01 INCH OR MORE: 10
MAX 90 OR ABOVE: 5 0.10 INCH OR MORE: 5
MIN 32 OR BELOW: 0 0.50 INCH OR MORE: 3
MIN 0 OR BELOW: 0 1.00 INCH OR MORE: 1
[HDD (BASE 65) ]
TOTAL THIS MO. 70 CLEAR (SCALE 0-3) 7
DPTR FM NORMAL 7 PTCLDY (SCALE 4-7) 13
TOTAL FM JUL 1 1568 CLOUDY (SCALE 8-10) 10
DPTR FM NORMAL -332
[CDD (BASE 65) ]
TOTAL THIS MO. 146
DPTR FM NORMAL 16 [PRESSURE DATA]
TOTAL FM JAN 1 314 HIGHEST SLP 30.26 ON 15
DPTR FM NORMAL 126 LOWEST SLP 29.45 ON 12
[REMARKS]
#FINAL-04-20#