000
CXUS53 KGRB 140041
CF6AUW
PRELIMINARY LOCAL CLIMATOLOGICAL DATA (WS FORM: F-6)
STATION: WAUSAU WI
MONTH: MARCH
YEAR: 2023
LATITUDE: 44 55 N
LONGITUDE: 89 37 W
TEMPERATURE IN F: :PCPN: SNOW: WIND :SUNSHINE: SKY :PK WND
================================================================================
1 2 3 4 5 6A 6B 7 8 9 10 11 12 13 14 15 16 17 18
12Z AVG MX 2MIN
DY MAX MIN AVG DEP HDD CDD WTR SNW DPTH SPD SPD DIR MIN PSBL S-S WX SPD DR
================================================================================
1 34 28 31 7 34 0 0.09 1.3 11 5.0 12 90 M M 9 168 20 90
2 35 18 27 3 38 0 0.00 0.0 11 4.4 15 350 M M 3 8 22 340
3 36 15 26 1 39 0 0.00 0.0 11 2.4 8 290 M M 5 128 9 290
4 40 17 29 4 36 0 T T 11 4.0 17 270 M M 4 128 23 250
5 44 20 32 6 33 0 0.02 0.7 11 6.3 16 80 M M 3 18 23 70
6 35 32 34 8 31 0 0.16 2.8 13 9.7 16 40 M M 10 18 24 40
7 41 22 32 6 33 0 0.00 0.0 11 6.0 14 60 M M 1 20 50
8 41 25 33 6 32 0 0.00 0.0 10 8.3 16 90 M M 5 24 100
9 37 27 32 5 33 0 0.08 1.0 11 11.3 22 50 M M 10 31 40
10 34 26 30 2 35 0 0.28 4.8 16 7.3 17 20 M M 10 1 25 10
11 31 24 28 0 37 0 0.03 0.5 15 7.8 15 100 M M 10 1 20 100
12 34 24 29 1 36 0 0.49 9.6 23 7.9 16 50 M M 10 128 22 50
13 30 11 21 -8 44 0 0.03 0.5 23 9.2 17 340 M M 6 8 25 350
14 33 1 17 -12 48 0 0.00 0.0 22 4.2 9 150 M M 0 13 150
15 46 19 33 3 32 0 0.00 0.0 20 9.4 17 170 M M 2 23 180
16 42 32 37 7 28 0 0.30 0.1 16 6.8 20 310 M M 9 12 31 320
17 32 8 20 -11 45 0 0.03 0.7 16 17.6 25 260 M M 10 8 38 280
18 26 7 17 -14 48 0 T T 16 13.7 24 300 M M 6 8 34 300
19 35 12 24 -7 41 0 0.00 0.0 15 11.3 21 230 M M 0 30 220
20 44 20 32 0 33 0 0.00 0.0 15 3.2 14 60 M M 1 21 60
21 37 23 30 -2 35 0 T T 14 11.8 18 90 M M 6 26 80
22 42 30 36 3 29 0 0.12 1.5 13 9.4 22 230 M M 9 1 29 230
23 42 28 35 2 30 0 0.00 0.0 10 7.7 14 290 M M 2 20 290
24 43 19 31 -3 34 0 0.00 0.0 9 6.0 13 100 M M 1 128 16 90
25 45 28 37 3 28 0 0.00 0.0 9 6.4 16 290 M M 0 23 290
26 46 23 35 1 30 0 0.00 0.0 8 5.3 13 270 M M 0 17 280
27 43 23 33 -2 32 0 0.00 0.0 7 6.4 15 250 M M 1 19 220
28 37 23 30 -5 35 0 0.00 0.0 7 9.0 23 260 M M 3 31 270
29 29 17 23 -13 42 0 0.00 0.0 7 11.4 23 280 M M 2 30 290
30 40 10 25 -11 40 0 0.15 0.5 5 7.2 16 130 M M 4 16 24 90
31 40 33 37 1 28 0 1.80 T 2 11.7 29 40 M M 10 136 45 30
================================================================================
SM 1174 645 1099 0 3.58 24.0 248.1 M 152
================================================================================
AV 37.9 20.8 8.0 FASTST M M 5 MAX(MPH)
MISC ----> 29 40 45 30
================================================================================
NOTES:
# LAST OF SEVERAL OCCURRENCES
COLUMN 17 PEAK WIND IN M.P.H.
PRELIMINARY LOCAL CLIMATOLOGICAL DATA (WS FORM: F-6) , PAGE 2
STATION: WAUSAU WI
MONTH: MARCH
YEAR: 2023
LATITUDE: 44 55 N
LONGITUDE: 89 37 W
[TEMPERATURE DATA] [PRECIPITATION DATA] SYMBOLS USED IN COLUMN 16
AVERAGE MONTHLY: 29.3 TOTAL FOR MONTH: 3.58 1 = FOG OR MIST
DPTR FM NORMAL: -0.8 DPTR FM NORMAL: 1.75 2 = FOG REDUCING VISIBILITY
HIGHEST: 46 ON 26,15 GRTST 24HR 1.80 ON 31-31 TO 1/4 MILE OR LESS
LOWEST: 1 ON 14 3 = THUNDER
SNOW, ICE PELLETS, HAIL 4 = ICE PELLETS
TOTAL MONTH: 24.0 INCHES 5 = HAIL
GRTST 24HR 9.6 ON 12-12 6 = FREEZING RAIN OR DRIZZLE
GRTST DEPTH: 23 ON 13,12 7 = DUSTSTORM OR SANDSTORM:
VSBY 1/2 MILE OR LESS
8 = SMOKE OR HAZE
[NO. OF DAYS WITH] [WEATHER - DAYS WITH] 9 = BLOWING SNOW
X = TORNADO
MAX 32 OR BELOW: 5 0.01 INCH OR MORE: 13
MAX 90 OR ABOVE: 0 0.10 INCH OR MORE: 7
MIN 32 OR BELOW: 30 0.50 INCH OR MORE: 1
MIN 0 OR BELOW: 0 1.00 INCH OR MORE: 1
[HDD (BASE 65) ]
TOTAL THIS MO. 1099 CLEAR (SCALE 0-3) 14
DPTR FM NORMAL 17 PTCLDY (SCALE 4-7) 7
TOTAL FM JUL 1 6484 CLOUDY (SCALE 8-10) 10
DPTR FM NORMAL -648
[CDD (BASE 65) ]
TOTAL THIS MO. 0
DPTR FM NORMAL 0 [PRESSURE DATA]
TOTAL FM JAN 1 0 HIGHEST SLP 30.61 ON 8
DPTR FM NORMAL 0 LOWEST SLP 29.22 ON 31
[REMARKS]
#FINAL-03-23#