000
CXUS56 KLOX 011155
CF6AVX
PRELIMINARY LOCAL CLIMATOLOGICAL DATA (WS FORM: F-6)
STATION: AVALON
MONTH: OCTOBER
YEAR: 2022
LATITUDE: 33 24 N
LONGITUDE: 118 25 W
TEMPERATURE IN F: :PCPN: SNOW: WIND :SUNSHINE: SKY :PK WND
================================================================================
1 2 3 4 5 6A 6B 7 8 9 10 11 12 13 14 15 16 17 18
12Z AVG MX 2MIN
DY MAX MIN AVG DEP HDD CDD WTR SNW DPTH SPD SPD DIR MIN PSBL S-S WX SPD DR
================================================================================
1 65 58 62 -6 3 0 0.00 M M 5.4 14 240 M M 8 12 18 250
2 68 59 64 -3 1 0 0.00 M M 7.2 8 260 M M 7 10 300
3 73 59 66 -1 0 1 0.00 M M 4.2 12 250 M M 4 18 13 250
4 80 65 73 6 0 8 0.00 M M 3.3 9 270 M M 0 12 260
5 79 59 69 2 0 4 0.00 M M 3.7 10 260 M M 2 128 13 260
6 72 59 66 -1 0 1 0.00 M M 3.5 9 220 M M 6 128 13 270
7 72 61 67 1 0 2 0.00 M M 5.2 12 230 M M 4 128 13 260
8 79 59 69 3 0 4 0.00 M M 4.2 10 250 M M 2 128 12 260
9 75 59 67 1 0 2 0.00 M M 4.6 10 240 M M 1 128 12 60
10 69 58 64 -2 1 0 0.00 M M 5.9 13 230 M M 9 128 16 260
11 72 59 66 0 0 1 0.03 M M 5.8 24 120 M M 9 1238 34 110
12 67 58 63 -3 2 0 0.00 M M 5.3 16 240 M M 7 1238 20 250
13 65 59 62 -4 3 0 0.00 M M 3.9 10 240 M M 8 128 12 240
14 63 58 61 -4 4 0 0.00 M M 2.9 8 250 M M 10 128 10 130
15 66 57 62 -3 3 0 0.03 M M 5.5 24 260 M M 9 128 28 260
16 65 58 62 -3 3 0 0.00 M M 5.9 12 250 M M 5 12 13 250
17 71 57 64 -1 1 0 0.00 M M 4.9 13 250 M M 1 128 16 260
18 86 66 76 11 0 11 0.00 M M 5.5 13 260 M M 0 14 250
19 87 75 81 16 0 16 0.00 M M 7.7 16 100 M M 0 21 130
20 83 71 77 12 0 12 0.00 M M 5.6 14 260 M M 0 17 250
21 75 56 66 1 0 1 0.00 M M 3.3 12 150 M M 1 128 15 150
22 62 54 58 -6 7 0 T M M 9.7 24 260 M M 9 128 30 270
23 65 53 59 -5 6 0 0.00 M M 8.1 23 270 M M 3 28 280
24 71 56 64 0 1 0 0.00 M M 9.8 21 70 M M 0 26 70
25 70 56 63 -1 2 0 0.00 M M 5.2 13 320 M M 0 16 330
26 65 54 60 -4 5 0 0.00 M M 5.8 14 240 M M 2 128 16 230
27 68 54 61 -3 4 0 0.00 M M 6.1 12 130 M M 2 1 16 140
28 67 56 62 -2 3 0 0.00 M M 5.1 14 240 M M 0 1 15 240
29 73 59 66 2 0 1 0.00 M M 6.9 15 290 M M 0 20 300
30 80 64 72 8 0 7 0.00 M M 5.2 14 320 M M 0 18 320
31 78 58 68 4 0 3 0.00 M M 5.0 13 250 M M 0 16 250
================================================================================
SM 2231 1834 49 74 0.06 M 170.4 M 109
================================================================================
AV 72.0 59.2 5.5 FASTST M M 4 MAX(MPH)
MISC ----> # 24 120 34 110
================================================================================
NOTES:
# LAST OF SEVERAL OCCURRENCES
COLUMN 17 PEAK WIND IN M.P.H.
PRELIMINARY LOCAL CLIMATOLOGICAL DATA (WS FORM: F-6) , PAGE 2
STATION: AVALON
MONTH: OCTOBER
YEAR: 2022
LATITUDE: 33 24 N
LONGITUDE: 118 25 W
[TEMPERATURE DATA] [PRECIPITATION DATA] SYMBOLS USED IN COLUMN 16
AVERAGE MONTHLY: 65.6 TOTAL FOR MONTH: 0.06 1 = FOG OR MIST
DPTR FM NORMAL: 0.3 DPTR FM NORMAL: -0.42 2 = FOG REDUCING VISIBILITY
HIGHEST: 87 ON 19 GRTST 24HR 0.03 ON 11-11 TO 1/4 MILE OR LESS
LOWEST: 53 ON 23 3 = THUNDER
SNOW, ICE PELLETS, HAIL 4 = ICE PELLETS
TOTAL MONTH: M 5 = HAIL
GRTST 24HR M ON M 6 = FREEZING RAIN OR DRIZZLE
GRTST DEPTH: M ON M 7 = DUSTSTORM OR SANDSTORM:
VSBY 1/2 MILE OR LESS
8 = SMOKE OR HAZE
[NO. OF DAYS WITH] [WEATHER - DAYS WITH] 9 = BLOWING SNOW
X = TORNADO
MAX 32 OR BELOW: 0 0.01 INCH OR MORE: 2
MAX 90 OR ABOVE: 0 0.10 INCH OR MORE: 0
MIN 32 OR BELOW: 0 0.50 INCH OR MORE: 0
MIN 0 OR BELOW: 0 1.00 INCH OR MORE: 0
[HDD (BASE 65) ]
TOTAL THIS MO. 49 CLEAR (SCALE 0-3) 18
DPTR FM NORMAL -55 PTCLDY (SCALE 4-7) 7
TOTAL FM JUL 1 75 CLOUDY (SCALE 8-10) 6
DPTR FM NORMAL -122
[CDD (BASE 65) ]
TOTAL THIS MO. 74
DPTR FM NORMAL -39 [PRESSURE DATA]
TOTAL FM JAN 1 1066 HIGHEST SLP 30.16 ON 28
DPTR FM NORMAL 283 LOWEST SLP 29.74 ON 22
[REMARKS]
#FINAL-10-22#