000
CXUS55 KLBF 011510
CF6BBW
PRELIMINARY LOCAL CLIMATOLOGICAL DATA (WS FORM: F-6)
STATION: BROKEN BOW
MONTH: FEBRUARY
YEAR: 2023
LATITUDE: 41 26 N
LONGITUDE: 99 39 W
TEMPERATURE IN F: :PCPN: SNOW: WIND :SUNSHINE: SKY :PK WND
================================================================================
1 2 3 4 5 6A 6B 7 8 9 10 11 12 13 14 15 16 17 18
12Z AVG MX 2MIN
DY MAX MIN AVG DEP HDD CDD WTR SNW DPTH SPD SPD DIR MIN PSBL S-S WX SPD DR
================================================================================
1 32 4 18 -8 47 0 0.00 M M 5.9 20 260 M M 0 24 270
2 28 -3 13 -14 52 0 0.00 M M 10.9 29 350 M M 1 8 36 10
3 33 -2 16 -11 49 0 0.00 M M 8.7 16 170 M M 3 18 22 160
4 46 14 30 3 35 0 0.00 M M 10.9 28 300 M M 0 35 310
5 44 22 33 6 32 0 0.00 M M 4.4 18 160 M M 0 24 160
6 42 15 29 2 36 0 0.00 M M 12.8 31 310 M M 1 39 310
7 41 26 34 7 31 0 0.00 M M 6.5 16 300 M M 0 20 280
8 42 14 28 1 37 0 0.00 M M 5.4 25 340 M M 0 1 32 350
9 36 16 26 -1 39 0 0.00 M M 23.3 37 340 M M 6 48 340
10 35 2 19 -8 46 0 0.00 M M 4.6 17 220 M M 0 22 220
11 39 17 28 0 37 0 0.00 M M 5.7 14 190 M M 0 18 200
12 41 20 31 3 34 0 0.00 M M 7.8 20 340 M M 0 23 340
13 45 20 33 5 32 0 T M M 8.3 33 180 M M 1 44 170
14 42 28 35 7 30 0 0.25 M M 17.0 46 330 M M 7 1 58 310
15 28 16 22 -6 43 0 T M M 21.9 36 330 M M 10 8 45 330
16 30 17 24 -5 41 0 0.00 M M 9.7 24 350 M M 4 31 350
17 41 12 27 -2 38 0 0.00 M M 7.0 16 240 M M 0 20 240
18 42 16 29 0 36 0 0.00 M M 2.7 12 180 M M 0 18 13 180
19 43 23 33 3 32 0 0.00 M M 4.2 15 330 M M 0 19 300
20 43 24 34 4 31 0 0.00 M M 10.4 17 260 M M 3 25 260
21 43 27 35 5 30 0 0.00 M M 10.6 32 350 M M 4 1 41 350
22 29 0 15 -16 50 0 T M M 26.6 41 360 M M 10 19 54 350
23 6 -7 0 -31 65 0 T M M 15.6 28 320 M M 3 8 37 320
24 14 -3 6 -25 59 0 T M M 7.6 17 190 M M 6 8 23 190
25 46 7 27 -5 38 0 0.00 M M 6.8 17 210 M M 0 22 230
26 47 22 35 3 30 0 T M M 5.4 21 120 M M 2 1 27 120
27 45 30 38 6 27 0 0.00 M M 17.3 36 300 M M 0 45 300
28 43 29 36 3 29 0 T M M 6.3 17 180 M M 5 23 270
================================================================================
SM 1046 406 1086 0 0.25 M 284.3 M 66
================================================================================
AV 37.4 14.5 10.2 FASTST M M 2 MAX(MPH)
MISC ----> 46 330 58 310
================================================================================
NOTES:
# LAST OF SEVERAL OCCURRENCES
COLUMN 17 PEAK WIND IN M.P.H.
PRELIMINARY LOCAL CLIMATOLOGICAL DATA (WS FORM: F-6) , PAGE 2
STATION: BROKEN BOW
MONTH: FEBRUARY
YEAR: 2023
LATITUDE: 41 26 N
LONGITUDE: 99 39 W
[TEMPERATURE DATA] [PRECIPITATION DATA] SYMBOLS USED IN COLUMN 16
AVERAGE MONTHLY: 25.9 TOTAL FOR MONTH: 0.25 1 = FOG OR MIST
DPTR FM NORMAL: -2.9 DPTR FM NORMAL: -0.21 2 = FOG REDUCING VISIBILITY
HIGHEST: 47 ON 26 GRTST 24HR 0.25 ON 13-14 TO 1/4 MILE OR LESS
LOWEST: -7 ON 23 3 = THUNDER
SNOW, ICE PELLETS, HAIL 4 = ICE PELLETS
TOTAL MONTH: M 5 = HAIL
GRTST 24HR M ON M 6 = FREEZING RAIN OR DRIZZLE
GRTST DEPTH: M ON M 7 = DUSTSTORM OR SANDSTORM:
VSBY 1/2 MILE OR LESS
8 = SMOKE OR HAZE
[NO. OF DAYS WITH] [WEATHER - DAYS WITH] 9 = BLOWING SNOW
X = TORNADO
MAX 32 OR BELOW: 7 0.01 INCH OR MORE: 1
MAX 90 OR ABOVE: 0 0.10 INCH OR MORE: 1
MIN 32 OR BELOW: 28 0.50 INCH OR MORE: 0
MIN 0 OR BELOW: 5 1.00 INCH OR MORE: 0
[HDD (BASE 65) ]
TOTAL THIS MO. 1086 CLEAR (SCALE 0-3) 19
DPTR FM NORMAL 74 PTCLDY (SCALE 4-7) 7
TOTAL FM JUL 1 5009 CLOUDY (SCALE 8-10) 2
DPTR FM NORMAL 270
[CDD (BASE 65) ]
TOTAL THIS MO. 0
DPTR FM NORMAL 0 [PRESSURE DATA]
TOTAL FM JAN 1 0 HIGHEST SLP 30.72 ON 24
DPTR FM NORMAL 0 LOWEST SLP 29.16 ON 14
[REMARKS]
#FINAL-02-23#