000
CXUS51 KBOX 010910
CF6BDL
PRELIMINARY LOCAL CLIMATOLOGICAL DATA (WS FORM: F-6)
STATION: HARTFORD CT
MONTH: FEBRUARY
YEAR: 2024
LATITUDE: 41 55 N
LONGITUDE: 72 41 W
TEMPERATURE IN F: :PCPN: SNOW: WIND :SUNSHINE: SKY :PK WND
================================================================================
1 2 3 4 5 6A 6B 7 8 9 10 11 12 13 14 15 16 17 18
12Z AVG MX 2MIN
DY MAX MIN AVG DEP HDD CDD WTR SNW DPTH SPD SPD DIR MIN PSBL S-S WX SPD DR
================================================================================
1 42 34 38 11 27 0 0.00 0.0 2 5.3 10 210 M M 10 14 220
2 43 36 40 13 25 0 0.01 0.0 0 7.8 20 10 M M 10 26 30
3 41 29 35 8 30 0 0.00 0.0 0 11.7 20 10 M M 5 27 360
4 45 23 34 7 31 0 0.00 0.0 0 7.7 18 10 M M 0 22 20
5 44 25 35 7 30 0 0.00 0.0 0 10.2 22 10 M M 1 28 20
6 40 24 32 4 33 0 0.00 0.0 0 7.5 17 40 M M 1 22 40
7 45 24 35 7 30 0 0.00 0.0 0 4.4 13 20 M M 4 16 10
8 51 23 37 9 28 0 0.00 0.0 0 3.0 9 180 M M 3 12 180
9 53 32 43 15 22 0 0.00 0.0 0 7.7 18 170 M M 7 1 24 180
10 62 32 47 19 18 0 0.01 0.0 0 4.7 24 300 M M 8 12 33 300
11 47 29 38 9 27 0 0.00 0.0 0 8.2 17 300 M M 7 1 23 310
12 46 23 35 6 30 0 0.00 0.0 0 3.7 13 320 M M 6 15 310
13 36 22 29 0 36 0 0.37 7.2 1 8.1 17 360 M M 8 1 24 360
14 33 25 29 0 36 0 T 0.0 6 17.9 35 310 M M 2 8 48 310
15 37 20 29 -1 36 0 0.03 0.6 4 6.1 22 200 M M 5 1 30 170
16 39 26 33 3 32 0 T T 4 12.4 40 300 M M 5 1 52 290
17 35 22 29 -1 36 0 0.04 0.7 3 6.9 26 290 M M 8 15 30 310
18 37 17 27 -3 38 0 0.00 0.0 2 10.5 25 210 M M 5 32 220
19 36 22 29 -1 36 0 0.00 0.0 1 10.2 25 320 M M 1 32 320
20 37 14 26 -5 39 0 0.00 0.0 1 4.3 12 150 M M 1 14 160
21 40 15 28 -3 37 0 0.00 0.0 1 3.6 14 180 M M 4 17 180
22 43 22 33 2 32 0 0.06 T 1 7.2 17 170 M M 8 1 22 200
23 46 35 41 9 24 0 0.29 0.0 0 3.5 8 340 M M 9 1 12 350
24 40 22 31 -1 34 0 0.00 0.0 0 9.5 21 320 M M 4 27 310
25 39 16 28 -4 37 0 0.00 0.0 0 6.8 16 180 M M 1 20 190
26 57 28 43 11 22 0 0.00 0.0 0 8.1 18 210 M M 6 24 220
27 62 27 45 12 20 0 0.31 0.0 0 6.2 21 180 M M 5 1 26 170
28 56 38 47 14 18 0 0.75 0.0 0 15.1 30 320 M M 10 1 41 320
29 38 25 32 -1 33 0 T T 0 15.0 33 310 M M 5 45 310
================================================================================
SM 1270 730 877 0 1.87 8.5 233.3 M 149
================================================================================
AV 43.8 25.2 8.0 FASTST M M 5 MAX(MPH)
MISC ----> 40 300 52 290
================================================================================
NOTES:
# LAST OF SEVERAL OCCURRENCES
COLUMN 17 PEAK WIND IN M.P.H.
PRELIMINARY LOCAL CLIMATOLOGICAL DATA (WS FORM: F-6) , PAGE 2
STATION: HARTFORD CT
MONTH: FEBRUARY
YEAR: 2024
LATITUDE: 41 55 N
LONGITUDE: 72 41 W
[TEMPERATURE DATA] [PRECIPITATION DATA] SYMBOLS USED IN COLUMN 16
AVERAGE MONTHLY: 34.5 TOTAL FOR MONTH: 1.87 1 = FOG OR MIST
DPTR FM NORMAL: 4.9 DPTR FM NORMAL: -1.26 2 = FOG REDUCING VISIBILITY
HIGHEST: 62 ON 27,10 GRTST 24HR 0.75 ON 28-28 TO 1/4 MILE OR LESS
LOWEST: 14 ON 20 3 = THUNDER
SNOW, ICE PELLETS, HAIL 4 = ICE PELLETS
TOTAL MONTH: 8.5 INCHES 5 = HAIL
GRTST 24HR 7.2 ON 13-13 6 = FREEZING RAIN OR DRIZZLE
GRTST DEPTH: 6 ON 14 7 = DUSTSTORM OR SANDSTORM:
VSBY 1/2 MILE OR LESS
8 = SMOKE OR HAZE
[NO. OF DAYS WITH] [WEATHER - DAYS WITH] 9 = BLOWING SNOW
X = TORNADO
MAX 32 OR BELOW: 0 0.01 INCH OR MORE: 9
MAX 90 OR ABOVE: 0 0.10 INCH OR MORE: 4
MIN 32 OR BELOW: 25 0.50 INCH OR MORE: 1
MIN 0 OR BELOW: 0 1.00 INCH OR MORE: 0
[HDD (BASE 65) ]
TOTAL THIS MO. 877 CLEAR (SCALE 0-3) 8
DPTR FM NORMAL -114 PTCLDY (SCALE 4-7) 15
TOTAL FM JUL 1 3758 CLOUDY (SCALE 8-10) 6
DPTR FM NORMAL -645
[CDD (BASE 65) ]
TOTAL THIS MO. 0
DPTR FM NORMAL 0 [PRESSURE DATA]
TOTAL FM JAN 1 0 HIGHEST SLP 30.54 ON 21
DPTR FM NORMAL 0 LOWEST SLP 29.43 ON 24
[REMARKS]
#FINAL-02-24#