668
CXUS51 KBOX 010810
CF6BDL
PRELIMINARY LOCAL CLIMATOLOGICAL DATA (WS FORM: F-6)
STATION: HARTFORD CT
MONTH: MARCH
YEAR: 2021
LATITUDE: 41 55 N
LONGITUDE: 72 41 W
TEMPERATURE IN F: :PCPN: SNOW: WIND :SUNSHINE: SKY :PK WND
================================================================================
1 2 3 4 5 6A 6B 7 8 9 10 11 12 13 14 15 16 17 18
12Z AVG MX 2MIN
DY MAX MIN AVG DEP HDD CDD WTR SNW DPTH SPD SPD DIR MIN PSBL S-S WX SPD DR
================================================================================
1 44 24 34 1 31 0 0.26 T 1 10.9 35 290 M M 8 1 48 290
2 29 13 21 -12 44 0 T T 0 18.6 44 300 M M 1 57 290
3 49 21 35 1 30 0 0.00 0.0 0 7.4 17 300 M M 6 21 300
4 41 24 33 -1 32 0 T T 0 13.9 26 300 M M 5 39 300
5 36 20 28 -6 37 0 0.00 0.0 0 16.3 28 300 M M 5 40 300
6 34 21 28 -6 37 0 0.00 0.0 0 10.7 21 310 M M 6 27 290
7 38 18 28 -7 37 0 0.00 0.0 0 8.2 16 300 M M 3 22 340
8 42 17 30 -5 35 0 0.00 0.0 0 7.3 14 340 M M 3 20 290
9 60 31 46 11 19 0 0.00 0.0 0 9.7 22 290 M M 4 28 300
10 57 25 41 5 24 0 0.00 0.0 0 6.0 17 190 M M 3 22 190
11 70 35 53 17 12 0 0.00 0.0 0 9.8 21 180 M M 7 12 25 180
12 64 43 54 18 11 0 T 0.0 0 12.2 33 300 M M 3 45 290
13 45 27 36 -1 29 0 0.00 0.0 0 11.7 33 310 M M 2 47 310
14 49 24 37 0 28 0 T T 0 15.9 38 310 M M 5 5 54 300
15 33 17 25 -12 40 0 0.00 0.0 0 13.6 28 310 M M 2 36 300
16 37 15 26 -12 39 0 T T 0 6.1 13 210 M M 8 15 230
17 48 28 38 0 27 0 0.01 0.1 0 6.4 16 230 M M 8 20 230
18 45 39 42 4 23 0 0.73 0.0 0 9.0 29 10 M M 10 18 35 10
19 44 26 35 -4 30 0 0.00 0.0 0 15.3 29 360 M M 4 40 20
20 59 22 41 2 24 0 0.00 0.0 0 5.6 18 300 M M 1 21 310
21 65 26 46 7 19 0 0.00 0.0 0 3.4 15 180 M M 1 17 190
22 65 28 47 7 18 0 0.00 0.0 0 4.3 14 190 M M 1 17 180
23 69 28 49 9 16 0 0.00 0.0 0 4.6 15 190 M M 4 26 150
24 64 34 49 8 16 0 0.11 0.0 0 3.6 14 160 M M 9 1 16 190
25 75 51 63 22 2 0 0.16 0.0 0 7.5 17 170 M M 9 12 22 180
26 77 52 65 24 0 0 0.06 0.0 0 16.2 35 270 M M 8 12 48 260
27 66 43 55 13 10 0 0.00 0.0 0 8.9 24 310 M M 4 33 300
28 53 43 48 6 17 0 0.92 0.0 0 5.6 18 290 M M 9 1 25 290
29 52 33 43 0 22 0 T 0.0 0 16.3 39 290 M M 5 49 310
30 61 28 45 2 20 0 0.00 0.0 0 9.7 25 170 M M 2 30 170
31 65 42 54 11 11 0 0.25 0.0 0 10.8 25 180 M M 10 1 34 190
================================================================================
SM 1636 898 740 0 2.50 0.1 305.5 M 156
================================================================================
AV 52.8 29.0 9.9 FASTST M M 5 MAX(MPH)
MISC ----> 44 300 57 290
================================================================================
NOTES:
# LAST OF SEVERAL OCCURRENCES
COLUMN 17 PEAK WIND IN M.P.H.
PRELIMINARY LOCAL CLIMATOLOGICAL DATA (WS FORM: F-6) , PAGE 2
STATION: HARTFORD CT
MONTH: MARCH
YEAR: 2021
LATITUDE: 41 55 N
LONGITUDE: 72 41 W
[TEMPERATURE DATA] [PRECIPITATION DATA] SYMBOLS USED IN COLUMN 16
AVERAGE MONTHLY: 40.9 TOTAL FOR MONTH: 2.50 1 = FOG OR MIST
DPTR FM NORMAL: 3.1 DPTR FM NORMAL: -1.12 2 = FOG REDUCING VISIBILITY
HIGHEST: 77 ON 26 GRTST 24HR 0.92 ON 28-28 TO 1/4 MILE OR LESS
LOWEST: 13 ON 2 3 = THUNDER
SNOW, ICE PELLETS, HAIL 4 = ICE PELLETS
TOTAL MONTH: 0.1 INCH 5 = HAIL
GRTST 24HR 0.1 ON 17-17 6 = FREEZING RAIN OR DRIZZLE
GRTST DEPTH: 2 ON M 7 = DUSTSTORM OR SANDSTORM:
VSBY 1/2 MILE OR LESS
8 = SMOKE OR HAZE
[NO. OF DAYS WITH] [WEATHER - DAYS WITH] 9 = BLOWING SNOW
X = TORNADO
MAX 32 OR BELOW: 1 0.01 INCH OR MORE: 8
MAX 90 OR ABOVE: 0 0.10 INCH OR MORE: 6
MIN 32 OR BELOW: 21 0.50 INCH OR MORE: 2
MIN 0 OR BELOW: 0 1.00 INCH OR MORE: 0
[HDD (BASE 65) ]
TOTAL THIS MO. 740 CLEAR (SCALE 0-3) 10
DPTR FM NORMAL -103 PTCLDY (SCALE 4-7) 14
TOTAL FM JUL 1 4820 CLOUDY (SCALE 8-10) 7
DPTR FM NORMAL -462
[CDD (BASE 65) ]
TOTAL THIS MO. 0
DPTR FM NORMAL 0 [PRESSURE DATA]
TOTAL FM JAN 1 0 HIGHEST SLP 30.58 ON 21
DPTR FM NORMAL 0 LOWEST SLP 29.41 ON 28
[REMARKS]
#FINAL-03-21#