000
CXUS55 KBOU 010900
CF6BDU
PRELIMINARY LOCAL CLIMATOLOGICAL DATA (WS FORM: F-6)
STATION: BOULDER AIRPORT
MONTH: AUGUST
YEAR: 2022
LATITUDE: 40 2 N
LONGITUDE: 105 14 W
TEMPERATURE IN F: :PCPN: SNOW: WIND :SUNSHINE: SKY :PK WND
================================================================================
1 2 3 4 5 6A 6B 7 8 9 10 11 12 13 14 15 16 17 18
12Z AVG MX 2MIN
DY MAX MIN AVG DEP HDD CDD WTR SNW DPTH SPD SPD DIR MIN PSBL S-S WX SPD DR
================================================================================
1 97 63 80 M 0 15 M M M 5.0 20 250 M M 1 38 330
2 95 70 83 M 0 18 M M M 5.1 18 260 M M 2 3 31 260
3 88 68 78 M 0 13 M M M 4.0 16 340 M M 3 24 340
4 97 61 79 M 0 14 M M M 3.0 9 220 M M 0 M M
5 91 66 79 M 0 14 M M M 4.9 15 250 M M 1 28 260
6 90 64 77 M 0 12 M M M 3.5 8 220 M M 2 9 150
7 86 64 75 M 0 10 M M M 4.7 8 100 M M 3 25 300
8 88 61 75 M 0 10 M M M 2.1 6 160 M M 0 M M
9 93 64 79 M 0 14 0.00 M M 1.7 5 110 M M 0 M M
10 95 64 80 M 0 15 0.00 M M 2.9 9 160 M M 0 M M
11 95 63 79 M 0 14 0.00 M M 2.0 6 320 M M 0 M M
12 91 64 78 M 0 13 0.00 M M 4.4 10 30 M M 0 M M
13 88 66 77 M 0 12 0.00 M M 5.6 14 280 M M 2 18 40
14 86 63 75 M 0 10 0.00 M M 4.4 10 260 M M 2 22 40
15 81 63 72 M 0 7 0.18 M M 3.5 12 320 M M 5 23 0
16 72 61 67 M 0 2 0.82 M M 4.2 12 250 M M 8 20 250
17 82 57 70 M 0 5 0.00 M M 2.4 8 230 M M 0 1 M M
18 88 57 73 M 0 8 0.00 M M 2.9 9 20 M M 0 M M
19 82 59 71 M 0 6 0.00 M M 3.9 10 310 M M 2 20 330
20 79 59 69 M 0 4 0.02 M M 5.3 17 230 M M 3 3 31 300
21 81 55 68 M 0 3 0.00 M M 3.2 12 250 M M 1 17 250
22 84 59 72 M 0 7 0.08 M M 1.9 6 160 M M 1 M M
23 86 55 71 M 0 6 0.00 M M 4.9 22 290 M M 1 28 290
24 86 59 73 M 0 8 0.00 M M 1.9 7 250 M M 0 M M
25 82 55 69 M 0 4 0.04 M M 6.0 15 250 M M 3 22 270
26 81 61 71 M 0 6 0.00 M M 3.1 13 10 M M 2 20 20
27 90 55 73 M 0 8 0.00 M M 5.4 27 250 M M 1 33 250
28 91 72 82 M 0 17 0.00 M M 8.6 24 280 M M 0 33 280
29 86 59 73 M 0 8 0.00 M M 2.7 6 50 M M 0 M M
30 90 59 75 M 0 10 0.00 M M 1.9 6 230 M M 0 M M
31 91 61 76 M 0 11 0.02 M M 3.5 7 240 M M 0 26 160
================================================================================
SM 2712 1907 0 304 1.16 M 118.4 M 43
================================================================================
AV 87.5 61.5 3.8 FASTST M M 1 MAX(MPH)
MISC ----> 27 250 38 330
================================================================================
NOTES:
# LAST OF SEVERAL OCCURRENCES
COLUMN 17 PEAK WIND IN M.P.H.
PRELIMINARY LOCAL CLIMATOLOGICAL DATA (WS FORM: F-6) , PAGE 2
STATION: BOULDER AIRPORT
MONTH: AUGUST
YEAR: 2022
LATITUDE: 40 2 N
LONGITUDE: 105 14 W
[TEMPERATURE DATA] [PRECIPITATION DATA] SYMBOLS USED IN COLUMN 16
AVERAGE MONTHLY: 74.5 TOTAL FOR MONTH: 1.16 1 = FOG OR MIST
DPTR FM NORMAL: 0.0 DPTR FM NORMAL: M 2 = FOG REDUCING VISIBILITY
HIGHEST: 97 ON 1, 4 GRTST 24HR 0.82 ON 16-16 TO 1/4 MILE OR LESS
LOWEST: 55 ON 25,23 3 = THUNDER
SNOW, ICE PELLETS, HAIL 4 = ICE PELLETS
TOTAL MONTH: M 5 = HAIL
GRTST 24HR M ON M 6 = FREEZING RAIN OR DRIZZLE
GRTST DEPTH: M ON M 7 = DUSTSTORM OR SANDSTORM:
VSBY 1/2 MILE OR LESS
8 = SMOKE OR HAZE
[NO. OF DAYS WITH] [WEATHER - DAYS WITH] 9 = BLOWING SNOW
X = TORNADO
MAX 32 OR BELOW: 0 0.01 INCH OR MORE: 6
MAX 90 OR ABOVE: 13 0.10 INCH OR MORE: 2
MIN 32 OR BELOW: 0 0.50 INCH OR MORE: 1
MIN 0 OR BELOW: 0 1.00 INCH OR MORE: 0
[HDD (BASE 65) ]
TOTAL THIS MO. 0 CLEAR (SCALE 0-3) 28
DPTR FM NORMAL M PTCLDY (SCALE 4-7) 3
TOTAL FM JUL 1 0 CLOUDY (SCALE 8-10) 0
DPTR FM NORMAL M
[CDD (BASE 65) ]
TOTAL THIS MO. 304
DPTR FM NORMAL M [PRESSURE DATA]
TOTAL FM JAN 1 894 HIGHEST SLP M ON M
DPTR FM NORMAL M LOWEST SLP M ON M
[REMARKS]
#FINAL-08-22#