000
CXUS53 KIWX 010846
CF6BEH
PRELIMINARY LOCAL CLIMATOLOGICAL DATA (WS FORM: F-6)
STATION: BENTON HARBOR
MONTH: JULY
YEAR: 2022
LATITUDE: 42 7 N
LONGITUDE: 86 26 W
TEMPERATURE IN F: :PCPN: SNOW: WIND :SUNSHINE: SKY :PK WND
================================================================================
1 2 3 4 5 6A 6B 7 8 9 10 11 12 13 14 15 16 17 18
12Z AVG MX 2MIN
DY MAX MIN AVG DEP HDD CDD WTR SNW DPTH SPD SPD DIR MIN PSBL S-S WX SPD DR
================================================================================
1 80 59 70 -1 0 5 0.00 M M 6.1 22 230 M M 3 1 30 230
2 79 54 67 -4 0 2 0.00 M M 3.3 9 290 M M 1 12 15 280
3 83 58 71 0 0 6 0.00 M M 3.2 13 270 M M 1 18 18 280
4 90 60 75 4 0 10 T M M 7.6 21 300 M M 1 13 34 310
5 85 69 77 6 0 12 0.84 M M 4.3 22 240 M M 7 13 32 230
6 84 70 77 6 0 12 0.11 M M 3.8 13 60 M M 5 13 19 10
7 85 66 76 5 0 11 0.00 M M 3.0 9 280 M M 1 1 13 20
8 83 66 75 3 0 10 0.17 M M 5.1 14 80 M M 4 1 23 70
9 82 60 71 -1 0 6 0.00 M M 6.9 14 80 M M 0 20 100
10 79 53 66 -6 0 1 0.00 M M 3.7 13 160 M M 0 17 150
11 85 67 76 4 0 11 0.15 M M 10.2 23 240 M M 4 38 33 240
12 77 63 70 -2 0 5 0.00 M M 5.5 15 270 M M 4 22 280
13 76 62 69 -3 0 4 0.00 M M 5.8 16 270 M M 3 23 300
14 79 57 68 -4 0 3 0.00 M M 2.9 10 310 M M 1 1 18 340
15 75 55 65 -7 0 0 0.39 M M 4.1 16 260 M M 6 18 20 260
16 83 67 75 3 0 10 T M M 3.5 12 120 M M 7 12 17 90
17 80 69 75 3 0 10 0.89 M M 4.3 9 140 M M 8 13 14 140
18 82 64 73 1 0 8 0.00 M M 3.5 10 290 M M 2 12 16 280
19 87 64 76 4 0 11 0.00 0.0 0 6.3 14 190 M M 0 22 250
20 87 72 80 8 0 15 0.02 M M 12.7 28 240 M M 2 37 250
21 89 68 79 7 0 14 0.39 M M 9.7 36 230 M M 2 13 49 220
22 87 65 76 4 0 11 0.00 M M 5.1 14 250 M M 1 13 18 220
23 85 68 77 5 0 12 0.28 M M 9.2 31 200 M M 3 13 46 210
24 84 69 77 5 0 12 0.33 M M 11.1 30 230 M M 6 13 46 230
25 75 57 66 -6 0 1 0.00 M M 3.2 10 290 M M 1 17 310
26 80 56 68 -4 0 3 0.00 M M 2.4 9 290 M M 0 1 14 280
27 81 63 72 0 0 7 T M M 4.9 13 270 M M 5 18 18 250
28 78 64 71 -1 0 6 0.01 M M 6.4 21 270 M M 3 18 27 280
29 76 56 66 -5 0 1 0.00 M M 4.3 14 280 M M 0 18 20 260
30 80 56 68 -3 0 3 0.00 M M 2.8 12 260 M M 0 16 290
31 84 59 72 1 0 7 0.00 M M 3.5 13 270 M M 4 19 220
================================================================================
SM 2540 1936 0 229 3.58 0.0 168.4 M 85
================================================================================
AV 81.9 62.5 5.4 FASTST M M 3 MAX(MPH)
MISC ----> 36 230 49 220
================================================================================
NOTES:
# LAST OF SEVERAL OCCURRENCES
COLUMN 17 PEAK WIND IN M.P.H.
PRELIMINARY LOCAL CLIMATOLOGICAL DATA (WS FORM: F-6) , PAGE 2
STATION: BENTON HARBOR
MONTH: JULY
YEAR: 2022
LATITUDE: 42 7 N
LONGITUDE: 86 26 W
[TEMPERATURE DATA] [PRECIPITATION DATA] SYMBOLS USED IN COLUMN 16
AVERAGE MONTHLY: 72.2 TOTAL FOR MONTH: 3.58 1 = FOG OR MIST
DPTR FM NORMAL: 0.7 DPTR FM NORMAL: 0.41 2 = FOG REDUCING VISIBILITY
HIGHEST: 90 ON 4 GRTST 24HR 0.89 ON 17-17 TO 1/4 MILE OR LESS
LOWEST: 53 ON 10 3 = THUNDER
SNOW, ICE PELLETS, HAIL 4 = ICE PELLETS
TOTAL MONTH: 0.0 INCH 5 = HAIL
GRTST 24HR 0.0 6 = FREEZING RAIN OR DRIZZLE
GRTST DEPTH: 0 7 = DUSTSTORM OR SANDSTORM:
VSBY 1/2 MILE OR LESS
8 = SMOKE OR HAZE
[NO. OF DAYS WITH] [WEATHER - DAYS WITH] 9 = BLOWING SNOW
X = TORNADO
MAX 32 OR BELOW: 0 0.01 INCH OR MORE: 11
MAX 90 OR ABOVE: 1 0.10 INCH OR MORE: 9
MIN 32 OR BELOW: 0 0.50 INCH OR MORE: 2
MIN 0 OR BELOW: 0 1.00 INCH OR MORE: 0
[HDD (BASE 65) ]
TOTAL THIS MO. 0 CLEAR (SCALE 0-3) 20
DPTR FM NORMAL -15 PTCLDY (SCALE 4-7) 11
TOTAL FM JUL 1 0 CLOUDY (SCALE 8-10) 0
DPTR FM NORMAL -5
[CDD (BASE 65) ]
TOTAL THIS MO. 229
DPTR FM NORMAL 13 [PRESSURE DATA]
TOTAL FM JAN 1 479 HIGHEST SLP 30.20 ON 30
DPTR FM NORMAL 80 LOWEST SLP 29.57 ON 20
[REMARKS]
#FINAL-07-22#