000
CXUS53 KIWX 010810
CF6BEH
PRELIMINARY LOCAL CLIMATOLOGICAL DATA (WS FORM: F-6)
STATION: BENTON HARBOR
MONTH: OCTOBER
YEAR: 2021
LATITUDE: 42 7 N
LONGITUDE: 86 26 W
TEMPERATURE IN F: :PCPN: SNOW: WIND :SUNSHINE: SKY :PK WND
================================================================================
1 2 3 4 5 6A 6B 7 8 9 10 11 12 13 14 15 16 17 18
12Z AVG MX 2MIN
DY MAX MIN AVG DEP HDD CDD WTR SNW DPTH SPD SPD DIR MIN PSBL S-S WX SPD DR
================================================================================
1 83 52 68 10 0 3 0.00 M M 5.5 10 180 M M 0 1 15 150
2 77 58 68 10 0 3 0.06 M M 5.3 13 170 M M 5 17 160
3 74 66 70 13 0 5 0.10 M M 4.2 12 240 M M 8 18 16 250
4 70 64 67 10 0 2 0.02 M M 4.3 10 70 M M 10 1 20 350
5 74 62 68 12 0 3 0.00 M M 7.2 13 110 M M 8 18 90
6 73 61 67 11 0 2 0.00 M M 8.3 14 120 M M 8 18 19 110
7 75 65 70 14 0 5 0.04 0.0 0 6.7 14 120 M M 7 1 20 110
8 73 59 66 11 0 1 0.20 0.0 0 3.6 12 280 M M 8 123 16 290
9 79 58 69 14 0 4 0.00 0.0 0 3.8 10 130 M M 4 12 15 150
10 81 69 75 20 0 10 0.01 0.0 0 7.5 14 170 M M 3 38 20 150
11 81 64 73 19 0 8 0.33 0.0 0 9.0 22 200 M M 3 138 34 220
12 65 58 62 8 3 0 0.07 0.0 0 9.3 18 230 M M 10 1 26 240
13 73 52 63 9 2 0 0.06 0.0 0 5.0 13 150 M M 5 12 21 160
14 71 56 64 11 1 0 0.27 M M 5.1 14 250 M M 6 1 19 260
15 65 53 59 6 6 0 0.25 M M 2.8 9 320 M M 9 1 19 340
16 59 52 56 3 9 0 T M M 13.6 21 310 M M 9 32 300
17 63 56 60 8 5 0 0.00 M M 10.3 18 280 M M 1 31 310
18 67 41 54 2 11 0 0.00 M M 3.9 13 270 M M 0 1 15 280
19 72 45 59 7 6 0 0.00 M M 4.7 14 260 M M 0 17 240
20 73 48 61 10 4 0 T M M 5.4 14 190 M M 3 22 200
21 66 47 57 6 8 0 0.18 M M 12.9 30 270 M M 10 13 40 270
22 51 39 45 -6 20 0 0.15 M M 5.1 10 300 M M 7 1 16 300
23 54 36 45 -5 20 0 0.04 M M 4.0 15 290 M M 8 1 21 280
24 47 33 40 -10 25 0 1.36 M M 8.1 25 90 M M 6 1 43 90
25 51 45 48 -2 17 0 1.07 M M 10.9 25 90 M M 9 1 41 90
26 53 35 44 -5 21 0 0.00 M M 2.9 13 360 M M 1 1 22 20
27 57 31 44 -5 21 0 0.00 M M 5.8 20 130 M M 1 1 28 130
28 60 50 55 7 10 0 0.23 M M 9.9 20 120 M M 8 1 29 90
29 56 51 54 6 11 0 0.39 M M 6.3 12 80 M M 10 1 19 90
30 53 49 51 3 14 0 0.12 M M 4.0 10 40 M M 9 1 20 20
31 55 45 50 3 15 0 0.00 M M 10.3 18 310 M M 7 30 310
================================================================================
SM 2051 1600 229 46 4.95 0.0 205.7 M 183
================================================================================
AV 66.2 51.6 6.6 FASTST M M 6 MAX(MPH)
MISC ----> 30 270 43 90
================================================================================
NOTES:
# LAST OF SEVERAL OCCURRENCES
COLUMN 17 PEAK WIND IN M.P.H.
PRELIMINARY LOCAL CLIMATOLOGICAL DATA (WS FORM: F-6) , PAGE 2
STATION: BENTON HARBOR
MONTH: OCTOBER
YEAR: 2021
LATITUDE: 42 7 N
LONGITUDE: 86 26 W
[TEMPERATURE DATA] [PRECIPITATION DATA] SYMBOLS USED IN COLUMN 16
AVERAGE MONTHLY: 58.9 TOTAL FOR MONTH: 4.95 1 = FOG OR MIST
DPTR FM NORMAL: 6.3 DPTR FM NORMAL: 0.79 2 = FOG REDUCING VISIBILITY
HIGHEST: 83 ON 1 GRTST 24HR 2.40 ON 24-25 TO 1/4 MILE OR LESS
LOWEST: 31 ON 27 3 = THUNDER
SNOW, ICE PELLETS, HAIL 4 = ICE PELLETS
TOTAL MONTH: 0.0 INCH 5 = HAIL
GRTST 24HR 0.0 6 = FREEZING RAIN OR DRIZZLE
GRTST DEPTH: 0 7 = DUSTSTORM OR SANDSTORM:
VSBY 1/2 MILE OR LESS
8 = SMOKE OR HAZE
[NO. OF DAYS WITH] [WEATHER - DAYS WITH] 9 = BLOWING SNOW
X = TORNADO
MAX 32 OR BELOW: 0 0.01 INCH OR MORE: 19
MAX 90 OR ABOVE: 0 0.10 INCH OR MORE: 12
MIN 32 OR BELOW: 1 0.50 INCH OR MORE: 2
MIN 0 OR BELOW: 0 1.00 INCH OR MORE: 2
[HDD (BASE 65) ]
TOTAL THIS MO. 229 CLEAR (SCALE 0-3) 9
DPTR FM NORMAL -165 PTCLDY (SCALE 4-7) 11
TOTAL FM JUL 1 269 CLOUDY (SCALE 8-10) 11
DPTR FM NORMAL -282
[CDD (BASE 65) ]
TOTAL THIS MO. 46
DPTR FM NORMAL 35 [PRESSURE DATA]
TOTAL FM JAN 1 970 HIGHEST SLP 30.28 ON 6
DPTR FM NORMAL 315 LOWEST SLP 29.52 ON 29
[REMARKS]
#FINAL-10-21#