000
CXAK56 PAFC 011003
CF6BET
PRELIMINARY LOCAL CLIMATOLOGICAL DATA (WS FORM: F-6)
STATION: BETHEL
MONTH: JULY
YEAR: 2023
LATITUDE: 60 46 N
LONGITUDE: 161 48 W
TEMPERATURE IN F: :PCPN: SNOW: WIND :SUNSHINE: SKY :PK WND
================================================================================
1 2 3 4 5 6A 6B 7 8 9 10 11 12 13 14 15 16 17 18
12Z AVG MX 2MIN
DY MAX MIN AVG DEP HDD CDD WTR SNW DPTH SPD SPD DIR MIN PSBL S-S WX SPD DR
================================================================================
1 73 48 61 4 4 0 0.05 M M 8.9 21 60 M M 4 12 26 80
2 63 50 57 0 8 0 T M M 10.5 17 120 M M 5 24 100
3 59 48 54 -3 11 0 0.19 M M 7.0 14 210 M M 8 1 17 150
4 59 44 52 -5 13 0 0.08 M M 9.4 16 100 M M 9 1 22 90
5 60 49 55 -2 10 0 0.12 M M 5.8 13 90 M M 10 1 17 150
6 58 48 53 -4 12 0 0.22 M M 8.0 17 190 M M 10 1 22 190
7 58 46 52 -5 13 0 0.03 M M 10.7 20 190 M M 9 1 25 190
8 51 46 49 -8 16 0 0.34 M M 19.1 30 170 M M 10 1 38 160
9 54 48 51 -6 14 0 0.58 M M 14.0 21 170 M M 10 1 26 140
10 53 45 49 -8 16 0 T M M 13.1 17 190 M M 10 1 25 190
11 60 45 53 -4 12 0 T M M 8.0 17 300 M M 8 1 22 300
12 60 46 53 -4 12 0 0.00 M M 6.7 14 330 M M 6 1 16 330
13 54 47 51 -6 14 0 0.05 M M 11.8 22 190 M M 8 1 31 180
14 M M M M M M M M M M 99 M M M M M M
15 M M M M M M M M M M M M M M M 1 M M
16 M M M M M M M M M 11.5 14 310 M M 10 M M
17 M M M M M M M M M 13.5 17 300 M M 3 30 290
18 M M M M M M M M M 6.5 9 230 M M 3 2 M M
19 M M M M M M M M M 15.0 69 170 M M 8 12 M M
20 59 52 56 0 9 0 0.42 M M 11.6 18 190 M M 10 1 23 190
21 61 51 56 0 9 0 0.04 M M 8.9 15 200 M M 10 1 20 200
22 71 54 63 7 2 0 T M M 9.2 20 210 M M 9 25 200
23 59 51 55 -1 10 0 0.01 M M 6.2 12 140 M M 10 M M
24 62 54 58 2 7 0 0.05 M M 7.0 15 160 M M 10 1 18 160
25 58 53 56 0 9 0 T M M 9.1 18 170 M M 10 1 24 190
26 62 51 57 1 8 0 0.05 M M 5.6 14 210 M M 9 1 16 210
27 59 53 56 1 9 0 0.16 M M 10.3 18 190 M M 10 1 25 190
28 58 52 55 0 10 0 0.48 M M 8.3 17 230 M M 10 1 23 290
29 59 50 55 0 10 0 T M M 6.9 14 230 M M 10 1 18 240
30 63 51 57 2 8 0 T M M 4.3 8 60 M M 8 10 90
31 71 52 62 7 3 0 T M M 4.0 10 230 M M 5 8 12 230
================================================================================
SM 1504 1234 249 0 2.87 M 270.9 M 242
================================================================================
AV 60.2 49.4 9.3 FASTST M M 8 MAX(MPH)
MISC ----> 99 9999 38 160
================================================================================
NOTES:
# LAST OF SEVERAL OCCURRENCES
COLUMN 17 PEAK WIND IN M.P.H.
PRELIMINARY LOCAL CLIMATOLOGICAL DATA (WS FORM: F-6) , PAGE 2
STATION: BETHEL
MONTH: JULY
YEAR: 2023
LATITUDE: 60 46 N
LONGITUDE: 161 48 W
[TEMPERATURE DATA] [PRECIPITATION DATA] SYMBOLS USED IN COLUMN 16
AVERAGE MONTHLY: 54.8 TOTAL FOR MONTH: 2.87 1 = FOG OR MIST
DPTR FM NORMAL: -1.5 DPTR FM NORMAL: 0.30 2 = FOG REDUCING VISIBILITY
HIGHEST: 73 ON 1 GRTST 24HR 0.68 ON 8- 9 TO 1/4 MILE OR LESS
LOWEST: 44 ON 4 3 = THUNDER
SNOW, ICE PELLETS, HAIL 4 = ICE PELLETS
TOTAL MONTH: M 5 = HAIL
GRTST 24HR M ON M 6 = FREEZING RAIN OR DRIZZLE
GRTST DEPTH: M ON M 7 = DUSTSTORM OR SANDSTORM:
VSBY 1/2 MILE OR LESS
8 = SMOKE OR HAZE
[NO. OF DAYS WITH] [WEATHER - DAYS WITH] 9 = BLOWING SNOW
X = TORNADO
MAX 32 OR BELOW: 0 0.01 INCH OR MORE: 16
MAX 90 OR ABOVE: 0 0.10 INCH OR MORE: 8
MIN 32 OR BELOW: 0 0.50 INCH OR MORE: 1
MIN 0 OR BELOW: 0 1.00 INCH OR MORE: 0
[HDD (BASE 65) ]
TOTAL THIS MO. 249 CLEAR (SCALE 0-3) 2
DPTR FM NORMAL -24 PTCLDY (SCALE 4-7) 8
TOTAL FM JUL 1 249 CLOUDY (SCALE 8-10) 21
DPTR FM NORMAL -22
[CDD (BASE 65) ]
TOTAL THIS MO. 0
DPTR FM NORMAL -3 [PRESSURE DATA]
TOTAL FM JAN 1 0 HIGHEST SLP M ON M
DPTR FM NORMAL -5 LOWEST SLP 29.54 ON 9
[REMARKS]
#FINAL-07-23#