000
CXAK56 PAFC 011033
CF6BET
PRELIMINARY LOCAL CLIMATOLOGICAL DATA (WS FORM: F-6)
STATION: BETHEL
MONTH: JANUARY
YEAR: 2023
LATITUDE: 60 46 N
LONGITUDE: 161 48 W
TEMPERATURE IN F: :PCPN: SNOW: WIND :SUNSHINE: SKY :PK WND
================================================================================
1 2 3 4 5 6A 6B 7 8 9 10 11 12 13 14 15 16 17 18
12Z AVG MX 2MIN
DY MAX MIN AVG DEP HDD CDD WTR SNW DPTH SPD SPD DIR MIN PSBL S-S WX SPD DR
================================================================================
1 15 7 11 5 54 0 T M M 21.0 30 30 M M 2 18 37 30
2 16 10 13 7 52 0 0.00 M M 14.7 20 10 M M 4 23 10
3 20 14 17 11 48 0 0.07 M M 5.7 17 360 M M 10 1 20 360
4 17 6 12 6 53 0 T M M 8.9 15 350 M M 4 1 20 340
5 17 7 12 6 53 0 T M M 4.9 12 180 M M 10 12 13 180
6 18 14 16 10 49 0 T M M 4.5 8 290 M M 10 10 270
7 18 5 12 6 53 0 T M M 8.5 16 10 M M 3 19 30
8 12 3 8 2 57 0 T M M 15.9 22 20 M M 2 16 27 20
9 11 1 6 0 59 0 0.02 M M 22.5 31 20 M M 6 1 39 20
10 18 10 14 8 51 0 0.05 M M 12.5 25 40 M M 9 1 33 50
11 19 10 15 9 50 0 0.02 M M 6.1 15 240 M M 10 16 18 240
12 11 0 6 0 59 0 T M M 7.7 16 20 M M 10 12 20 20
13 12 4 8 2 57 0 T M M 11.6 16 10 M M 5 1 19 30
14 18 9 14 8 51 0 0.02 M M 12.4 18 40 M M 7 1 21 50
15 21 11 16 10 49 0 0.11 M M 13.0 23 30 M M 9 1 28 40
16 23 15 19 13 46 0 0.09 M M 8.7 22 50 M M 9 1 27 40
17 15 8 12 6 53 0 0.00 M M 11.5 18 10 M M 10 22 20
18 10 3 7 1 58 0 0.01 M M 14.5 20 10 M M 10 1 M M
19 8 4 6 -1 59 0 T M M 13.1 20 340 M M 10 1 23 340
20 4 -11 -3 -10 68 0 0.03 M M 18.4 25 320 M M 8 18 32 320
21 -6 -20 -13 -20 78 0 T M M 16.6 36 30 M M 0 18 44 30
22 -6 -13 -9 -17 74 0 0.04 M M 33.1 40 30 M M 8 129 54 40
23 -9 -15 -12 -20 77 0 0.02 M M 31.7 38 30 M M 4 9 48 20
24 -3 -9 -6 -14 71 0 0.06 M M 28.0 35 20 M M 10 12 43 30
25 0 -16 -8 -16 73 0 0.09 M M 12.6 29 360 M M 7 18 34 20
26 29 -13 8 -1 57 0 0.04 M M 11.0 23 150 M M 7 1 30 150
27 34 12 23 14 42 0 0.20 M M 9.8 21 180 M M 7 16 25 180
28 33 24 29 20 36 0 0.03 M M 7.4 20 200 M M 9 126 23 190
29 38 25 32 22 33 0 0.21 M M 10.1 16 100 M M 9 22 100
30 37 22 30 20 35 0 0.27 M M 6.6 14 260 M M 10 12 17 270
31 27 19 23 13 42 0 0.02 M M 4.1 8 300 M M 10 12 9 300
================================================================================
SM 477 146 1697 0 1.40 M 407.1 M 229
================================================================================
AV 15.4 4.7 13.1 FASTST M M 7 MAX(MPH)
MISC ----> 40 30 54 40
================================================================================
NOTES:
# LAST OF SEVERAL OCCURRENCES
COLUMN 17 PEAK WIND IN M.P.H.
PRELIMINARY LOCAL CLIMATOLOGICAL DATA (WS FORM: F-6) , PAGE 2
STATION: BETHEL
MONTH: JANUARY
YEAR: 2023
LATITUDE: 60 46 N
LONGITUDE: 161 48 W
[TEMPERATURE DATA] [PRECIPITATION DATA] SYMBOLS USED IN COLUMN 16
AVERAGE MONTHLY: 10.0 TOTAL FOR MONTH: 1.40 1 = FOG OR MIST
DPTR FM NORMAL: 3.1 DPTR FM NORMAL: 0.63 2 = FOG REDUCING VISIBILITY
HIGHEST: 38 ON 29 GRTST 24HR 0.59 ON 15-16 TO 1/4 MILE OR LESS
LOWEST: -20 ON 21 3 = THUNDER
SNOW, ICE PELLETS, HAIL 4 = ICE PELLETS
TOTAL MONTH: M 5 = HAIL
GRTST 24HR M ON M 6 = FREEZING RAIN OR DRIZZLE
GRTST DEPTH: M ON M 7 = DUSTSTORM OR SANDSTORM:
VSBY 1/2 MILE OR LESS
8 = SMOKE OR HAZE
[NO. OF DAYS WITH] [WEATHER - DAYS WITH] 9 = BLOWING SNOW
X = TORNADO
MAX 32 OR BELOW: 27 0.01 INCH OR MORE: 19
MAX 90 OR ABOVE: 0 0.10 INCH OR MORE: 4
MIN 32 OR BELOW: 31 0.50 INCH OR MORE: 0
MIN 0 OR BELOW: 8 1.00 INCH OR MORE: 0
[HDD (BASE 65) ]
TOTAL THIS MO. 1697 CLEAR (SCALE 0-3) 3
DPTR FM NORMAL -102 PTCLDY (SCALE 4-7) 12
TOTAL FM JUL 1 6823 CLOUDY (SCALE 8-10) 16
DPTR FM NORMAL -276
[CDD (BASE 65) ]
TOTAL THIS MO. 0
DPTR FM NORMAL 0 [PRESSURE DATA]
TOTAL FM JAN 1 0 HIGHEST SLP M ON M
DPTR FM NORMAL 0 LOWEST SLP 28.69 ON 1
[REMARKS]
#FINAL-01-23#