000
CXUS51 KCTP 010800
CF6BFD
PRELIMINARY LOCAL CLIMATOLOGICAL DATA (WS FORM: F-6)
STATION: BRADFORD
MONTH: SEPTEMBER
YEAR: 2023
LATITUDE: 41 47 N
LONGITUDE: 78 38 W
TEMPERATURE IN F: :PCPN: SNOW: WIND :SUNSHINE: SKY :PK WND
================================================================================
1 2 3 4 5 6A 6B 7 8 9 10 11 12 13 14 15 16 17 18
12Z AVG MX 2MIN
DY MAX MIN AVG DEP HDD CDD WTR SNW DPTH SPD SPD DIR MIN PSBL S-S WX SPD DR
================================================================================
1 75 41 58 -5 7 0 0.00 M M 3.1 12 110 M M 0 17 150
2 80 48 64 1 1 0 0.00 M M 4.8 14 280 M M 0 1 20 290
3 85 66 76 13 0 11 0.00 M M 5.6 15 270 M M 1 1 22 300
4 88 63 76 14 0 11 0.00 M M 6.2 15 300 M M 0 1 20 290
5 87 57 72 10 0 7 0.00 M M 3.1 12 320 M M 2 1 14 310
6 87 60 74 12 0 9 0.00 M M 2.5 13 220 M M 2 18 17 230
7 78 65 72 10 0 7 0.11 M M 3.4 16 280 M M 7 138 22 280
8 76 63 70 8 0 5 0.00 M M 4.4 13 320 M M 8 18 16 290
9 72 62 67 6 0 2 0.55 M M 3.9 9 80 M M 9 13 11 90
10 71 63 67 6 0 2 0.13 M M 2.3 10 330 M M 10 12 13 330
11 76 56 66 6 0 1 0.00 M M 2.6 12 290 M M 8 12 14 270
12 74 53 64 4 1 0 0.28 M M 4.4 13 310 M M 6 12 17 290
13 70 49 60 0 5 0 0.06 M M 5.6 15 300 M M 7 1 19 290
14 67 43 55 -5 10 0 0.00 M M 4.2 15 310 M M 5 128 18 320
15 70 38 54 -5 11 0 0.00 M M 4.4 13 80 M M 0 1 20 80
16 72 36 54 -5 11 0 0.00 M M 2.5 10 320 M M 1 128 15 280
17 69 42 56 -3 9 0 0.00 M M 2.3 12 150 M M 3 14 140
18 69 46 58 0 7 0 T M M 6.9 21 300 M M 6 128 26 310
19 67 44 56 -2 9 0 0.00 M M 5.8 15 310 M M 6 1 22 270
20 72 39 56 -2 9 0 0.00 M M 3.9 16 320 M M 1 1 22 320
21 73 40 57 0 8 0 0.00 M M 2.5 12 70 M M 2 1 15 20
22 70 42 56 -1 9 0 0.00 M M 3.9 15 130 M M 0 18 20 120
23 61 49 55 -1 10 0 0.02 M M 7.0 15 80 M M 4 20 80
24 60 53 57 1 8 0 0.34 M M 7.1 14 60 M M 10 18 21 70
25 64 56 60 4 5 0 0.03 M M 6.9 17 100 M M 10 1 23 120
26 57 53 55 0 10 0 0.02 M M 9.5 15 130 M M 10 1 22 140
27 66 44 55 0 10 0 0.00 M M 7.5 21 120 M M 9 27 110
28 67 45 56 1 9 0 T M M 7.2 16 110 M M 4 27 160
29 71 54 63 9 2 0 T M M 3.7 10 140 M M 8 1 14 140
30 76 52 64 10 1 0 0.00 M M 3.2 12 330 M M 5 12 15 80
================================================================================
SM 2170 1522 152 55 1.54 M 140.4 M 144
================================================================================
AV 72.3 50.7 4.7 FASTST M M 5 MAX(MPH)
MISC ----> # 21 300 # 27 110
================================================================================
NOTES:
# LAST OF SEVERAL OCCURRENCES
COLUMN 17 PEAK WIND IN M.P.H.
PRELIMINARY LOCAL CLIMATOLOGICAL DATA (WS FORM: F-6) , PAGE 2
STATION: BRADFORD
MONTH: SEPTEMBER
YEAR: 2023
LATITUDE: 41 47 N
LONGITUDE: 78 38 W
[TEMPERATURE DATA] [PRECIPITATION DATA] SYMBOLS USED IN COLUMN 16
AVERAGE MONTHLY: 61.5 TOTAL FOR MONTH: 1.54 1 = FOG OR MIST
DPTR FM NORMAL: 2.6 DPTR FM NORMAL: -2.11 2 = FOG REDUCING VISIBILITY
HIGHEST: 88 ON 4 GRTST 24HR 0.55 ON 9- 9 TO 1/4 MILE OR LESS
LOWEST: 36 ON 16 3 = THUNDER
SNOW, ICE PELLETS, HAIL 4 = ICE PELLETS
TOTAL MONTH: M 5 = HAIL
GRTST 24HR M ON M 6 = FREEZING RAIN OR DRIZZLE
GRTST DEPTH: M ON M 7 = DUSTSTORM OR SANDSTORM:
VSBY 1/2 MILE OR LESS
8 = SMOKE OR HAZE
[NO. OF DAYS WITH] [WEATHER - DAYS WITH] 9 = BLOWING SNOW
X = TORNADO
MAX 32 OR BELOW: 0 0.01 INCH OR MORE: 9
MAX 90 OR ABOVE: 0 0.10 INCH OR MORE: 5
MIN 32 OR BELOW: 0 0.50 INCH OR MORE: 1
MIN 0 OR BELOW: 0 1.00 INCH OR MORE: 0
[HDD (BASE 65) ]
TOTAL THIS MO. 152 CLEAR (SCALE 0-3) 11
DPTR FM NORMAL -57 PTCLDY (SCALE 4-7) 13
TOTAL FM JUL 1 183 CLOUDY (SCALE 8-10) 6
DPTR FM NORMAL -129
[CDD (BASE 65) ]
TOTAL THIS MO. 55
DPTR FM NORMAL 29 [PRESSURE DATA]
TOTAL FM JAN 1 341 HIGHEST SLP 30.37 ON 22
DPTR FM NORMAL 62 LOWEST SLP 29.78 ON 7
[REMARKS]
#FINAL-09-23#