000
CXUS54 KAMA 010810
CF6BGD
PRELIMINARY LOCAL CLIMATOLOGICAL DATA (WS FORM: F-6)
STATION: BORGER
MONTH: NOVEMBER
YEAR: 2021
LATITUDE: 35 42 N
LONGITUDE: 101 24 W
TEMPERATURE IN F: :PCPN: SNOW: WIND :SUNSHINE: SKY :PK WND
================================================================================
1 2 3 4 5 6A 6B 7 8 9 10 11 12 13 14 15 16 17 18
12Z AVG MX 2MIN
DY MAX MIN AVG DEP HDD CDD WTR SNW DPTH SPD SPD DIR MIN PSBL S-S WX SPD DR
================================================================================
1 66 37 52 -3 13 0 0.00 M M 5.8 20 70 M M 0 28 70
2 45 39 42 -13 23 0 0.00 M M 7.4 12 110 M M 8 16 50
3 47 35 41 -13 24 0 0.00 M M 3.7 8 20 M M 8 12 9 40
4 61 31 46 -8 19 0 0.00 M M 4.2 8 230 M M 0 1 M M
5 71 42 57 4 8 0 0.00 M M 10.1 17 150 M M 0 26 150
6 82 42 62 9 3 0 0.00 M M 11.1 23 170 M M 0 35 190
7 87 54 71 18 0 6 0.00 M M 13.3 22 180 M M 0 33 200
8 85 52 69 17 0 4 0.00 M M 9.0 20 30 M M 0 31 180
9 68 45 57 5 8 0 0.00 M M 6.9 13 10 M M 2 18 360
10 72 50 61 9 4 0 0.00 M M 11.1 29 350 M M 1 39 20
11 63 41 52 1 13 0 0.00 M M 6.2 15 190 M M 2 29 190
12 58 37 48 -3 17 0 0.00 M M 10.3 28 30 M M 0 38 30
13 73 34 54 4 11 0 0.00 M M 6.2 23 240 M M 0 30 240
14 65 37 51 1 14 0 0.00 M M 7.1 26 340 M M 0 39 340
15 84 41 63 13 2 0 0.00 M M 6.1 13 180 M M 0 19 180
16 86 43 65 16 0 0 0.00 M M 10.2 21 240 M M 0 32 260
17 61 36 49 0 16 0 0.00 M M 15.8 31 20 M M 0 45 10
18 55 26 41 -7 24 0 0.00 M M 8.9 20 180 M M 0 30 180
19 69 38 54 6 11 0 0.00 M M 16.0 26 210 M M 0 40 210
20 72 46 59 11 6 0 0.00 M M 7.0 15 250 M M 0 22 180
21 61 38 50 3 15 0 0.00 M M 9.6 24 10 M M 0 31 20
22 72 34 53 6 12 0 0.00 M M 6.2 17 240 M M 0 25 270
23 77 41 59 13 6 0 0.00 M M 12.5 28 200 M M 0 46 210
24 67 44 56 10 9 0 0.00 M M 15.8 24 350 M M 0 37 230
25 54 34 44 -2 21 0 0.00 M M 9.6 21 350 M M 0 30 350
26 71 33 52 7 13 0 0.00 M M 9.9 24 250 M M 0 32 240
27 69 35 52 7 13 0 0.00 M M 10.4 28 20 M M 0 35 30
28 67 32 50 5 15 0 0.00 M M 8.3 20 200 M M 0 27 200
29 81 41 61 17 4 0 0.00 M M 8.9 16 240 M M 0 21 230
30 64 39 52 8 13 0 0.00 M M 8.4 23 20 M M 0 32 10
================================================================================
SM 2053 1177 337 10 0.00 M 276.0 M 21
================================================================================
AV 68.4 39.2 9.2 FASTST M M 1 MAX(MPH)
MISC ----> 31 20 46 210
================================================================================
NOTES:
# LAST OF SEVERAL OCCURRENCES
COLUMN 17 PEAK WIND IN M.P.H.
PRELIMINARY LOCAL CLIMATOLOGICAL DATA (WS FORM: F-6) , PAGE 2
STATION: BORGER
MONTH: NOVEMBER
YEAR: 2021
LATITUDE: 35 42 N
LONGITUDE: 101 24 W
[TEMPERATURE DATA] [PRECIPITATION DATA] SYMBOLS USED IN COLUMN 16
AVERAGE MONTHLY: 53.8 TOTAL FOR MONTH: 0.00 1 = FOG OR MIST
DPTR FM NORMAL: 4.4 DPTR FM NORMAL: -0.69 2 = FOG REDUCING VISIBILITY
HIGHEST: 87 ON 7 GRTST 24HR 0.00 ON 1- 1 TO 1/4 MILE OR LESS
LOWEST: 26 ON 18 3 = THUNDER
SNOW, ICE PELLETS, HAIL 4 = ICE PELLETS
TOTAL MONTH: M 5 = HAIL
GRTST 24HR M ON M 6 = FREEZING RAIN OR DRIZZLE
GRTST DEPTH: M ON M 7 = DUSTSTORM OR SANDSTORM:
VSBY 1/2 MILE OR LESS
8 = SMOKE OR HAZE
[NO. OF DAYS WITH] [WEATHER - DAYS WITH] 9 = BLOWING SNOW
X = TORNADO
MAX 32 OR BELOW: 0 0.01 INCH OR MORE: 0
MAX 90 OR ABOVE: 0 0.10 INCH OR MORE: 0
MIN 32 OR BELOW: 3 0.50 INCH OR MORE: 0
MIN 0 OR BELOW: 0 1.00 INCH OR MORE: 0
[HDD (BASE 65) ]
TOTAL THIS MO. 337 CLEAR (SCALE 0-3) 28
DPTR FM NORMAL -138 PTCLDY (SCALE 4-7) 1
TOTAL FM JUL 1 422 CLOUDY (SCALE 8-10) 1
DPTR FM NORMAL -254
[CDD (BASE 65) ]
TOTAL THIS MO. 10
DPTR FM NORMAL 4 [PRESSURE DATA]
TOTAL FM JAN 1 2376 HIGHEST SLP M ON M
DPTR FM NORMAL 327 LOWEST SLP 29.58 ON 16
[REMARKS]
#FINAL-11-21#