000
CXUS51 KCAR 010600
CF6BGR
PRELIMINARY LOCAL CLIMATOLOGICAL DATA (WS FORM: F-6)
STATION: BANGOR ME
MONTH: SEPTEMBER
YEAR: 2020
LATITUDE: 44 47 N
LONGITUDE: 68 49 W
TEMPERATURE IN F: :PCPN: SNOW: WIND :SUNSHINE: SKY :PK WND
================================================================================
1 2 3 4 5 6A 6B 7 8 9 10 11 12 13 14 15 16 17 18
12Z AVG MX 2MIN
DY MAX MIN AVG DEP HDD CDD WTR SNW DPTH SPD SPD DIR MIN PSBL S-S WX SPD DR
================================================================================
1 71 47 59 -5 6 0 0.00 0.0 0 8.5 21 180 M M 4 1 26 190
2 73 50 62 -2 3 0 0.01 0.0 0 8.6 24 170 M M 8 1 32 170
3 78 62 70 7 0 5 0.03 0.0 0 2.8 10 340 M M 8 1 14 140
4 81 52 67 4 0 2 0.00 0.0 0 6.4 14 280 M M 2 27 310
5 73 50 62 -1 3 0 0.00 0.0 0 5.7 14 300 M M 3 19 300
6 75 46 61 -1 4 0 0.00 0.0 0 3.0 13 190 M M 4 15 190
7 75 48 62 0 3 0 0.00 0.0 0 12.0 26 190 M M 5 1 39 180
8 81 62 72 10 0 7 0.00 0.0 0 8.2 14 190 M M 7 1 18 190
9 78 61 70 9 0 5 0.00 0.0 0 6.8 16 180 M M 8 1 21 180
10 83 61 72 11 0 7 T 0.0 0 8.2 21 330 M M 9 1 24 320
11 67 44 56 -5 9 0 0.00 0.0 0 9.7 22 360 M M 4 28 360
12 70 37 54 -6 11 0 0.00 0.0 0 3.6 15 190 M M 2 1 18 200
13 69 44 57 -3 8 0 0.01 0.0 0 11.3 25 180 M M 7 12 32 180
14 71 45 58 -2 7 0 0.00 0.0 0 10.7 28 330 M M 4 1 33 330
15 62 39 51 -8 14 0 0.00 0.0 0 4.3 13 330 M M 4 16 340
16 72 50 61 2 4 0 0.00 0.0 0 12.4 23 180 M M 5 34 190
17 74 55 65 7 0 0 T 0.0 0 7.7 17 330 M M 6 22 330
18 64 41 53 -5 12 0 T 0.0 0 10.3 17 340 M M 6 21 350
19 61 32 47 -11 18 0 0.00 0.0 0 6.5 16 320 M M 2 22 350
20 61 28 45 -12 20 0 0.00 0.0 0 5.0 17 20 M M 1 24 350
21 64 26 45 -12 20 0 0.00 0.0 0 2.5 13 340 M M 1 16 80
22 62 31 47 -9 18 0 0.00 0.0 0 12.4 24 350 M M 8 36 360
23 77 55 66 10 0 1 0.00 0.0 0 11.4 26 330 M M 6 34 320
24 77 52 65 9 0 0 0.00 0.0 0 6.5 16 290 M M 5 26 260
25 70 44 57 2 8 0 0.00 0.0 0 3.5 13 190 M M 6 15 190
26 71 51 61 6 4 0 T 0.0 0 9.4 18 170 M M 6 1 23 190
27 75 58 67 13 0 2 0.00 0.0 0 11.3 21 180 M M 9 1 27 190
28 68 64 66 12 0 1 0.02 0.0 0 10.0 17 170 M M 10 12 23 170
29 73 64 69 15 0 4 T 0.0 0 10.4 18 170 M M 10 1 21 180
30 73 54 64 11 1 0 0.21 0.0 0 14.8 39 180 M M 7 1 52 190
================================================================================
SM 2149 1453 173 34 0.28 0.0 243.9 M 167
================================================================================
AV 71.6 48.4 8.1 FASTST M M 6 MAX(MPH)
MISC ----> # 39 180 # 52 190
================================================================================
NOTES:
# LAST OF SEVERAL OCCURRENCES
COLUMN 17 PEAK WIND IN M.P.H.
PRELIMINARY LOCAL CLIMATOLOGICAL DATA (WS FORM: F-6) , PAGE 2
STATION: BANGOR ME
MONTH: SEPTEMBER
YEAR: 2020
LATITUDE: 44 47 N
LONGITUDE: 68 49 W
[TEMPERATURE DATA] [PRECIPITATION DATA] SYMBOLS USED IN COLUMN 16
AVERAGE MONTHLY: 60.0 TOTAL FOR MONTH: 0.28 1 = FOG OR MIST
DPTR FM NORMAL: 1.2 DPTR FM NORMAL: -3.55 2 = FOG REDUCING VISIBILITY
HIGHEST: 83 ON 10 GRTST 24HR 0.21 ON 30-30 TO 1/4 MILE OR LESS
LOWEST: 26 ON 21 3 = THUNDER
SNOW, ICE PELLETS, HAIL 4 = ICE PELLETS
TOTAL MONTH: 0.0 INCH 5 = HAIL
GRTST 24HR 0.0 6 = FREEZING RAIN OR DRIZZLE
GRTST DEPTH: 0 7 = DUSTSTORM OR SANDSTORM:
VSBY 1/2 MILE OR LESS
8 = SMOKE OR HAZE
[NO. OF DAYS WITH] [WEATHER - DAYS WITH] 9 = BLOWING SNOW
X = TORNADO
MAX 32 OR BELOW: 0 0.01 INCH OR MORE: 5
MAX 90 OR ABOVE: 0 0.10 INCH OR MORE: 1
MIN 32 OR BELOW: 4 0.50 INCH OR MORE: 0
MIN 0 OR BELOW: 0 1.00 INCH OR MORE: 0
[HDD (BASE 65) ]
TOTAL THIS MO. 173 CLEAR (SCALE 0-3) 5
DPTR FM NORMAL -36 PTCLDY (SCALE 4-7) 20
TOTAL FM JUL 1 221 CLOUDY (SCALE 8-10) 5
DPTR FM NORMAL -51
[CDD (BASE 65) ]
TOTAL THIS MO. 34
DPTR FM NORMAL 11 [PRESSURE DATA]
TOTAL FM JAN 1 523 HIGHEST SLP 30.65 ON 21
DPTR FM NORMAL 206 LOWEST SLP 29.23 ON 30
[REMARKS]
#FINAL-09-20#