000
CXUS55 KVEF 010910
CF6BIH
PRELIMINARY LOCAL CLIMATOLOGICAL DATA (WS FORM: F-6)
STATION: BISHOP CA
MONTH: DECEMBER
YEAR: 2023
LATITUDE: 37 22 N
LONGITUDE: 118 22 W
TEMPERATURE IN F: :PCPN: SNOW: WIND :SUNSHINE: SKY :PK WND
================================================================================
1 2 3 4 5 6A 6B 7 8 9 10 11 12 13 14 15 16 17 18
12Z AVG MX 2MIN
DY MAX MIN AVG DEP HDD CDD WTR SNW DPTH SPD SPD DIR MIN PSBL S-S WX SPD DR
================================================================================
1 60 19 40 0 25 0 0.00 0.0 0 6.0 21 350 M M 3 31 340
2 55 21 38 -2 27 0 0.00 0.0 0 3.2 8 290 M M 1 10 300
3 64 23 44 4 21 0 0.00 0.0 0 4.3 10 290 M M 0 13 170
4 67 27 47 8 18 0 0.00 0.0 0 4.8 9 320 M M 0 10 360
5 66 27 47 8 18 0 0.00 0.0 0 4.7 10 310 M M 0 12 300
6 64 23 44 5 21 0 0.00 0.0 0 7.3 25 360 M M 0 36 10
7 66 27 47 8 18 0 0.00 0.0 0 6.3 23 350 M M 0 31 10
8 58 21 40 2 25 0 0.00 0.0 0 9.1 24 360 M M 0 30 360
9 53 18 36 -2 29 0 0.00 0.0 0 4.2 12 290 M M 0 15 300
10 57 19 38 0 27 0 0.00 0.0 0 3.5 9 300 M M 0 10 300
11 63 20 42 4 23 0 0.00 0.0 0 5.6 15 300 M M 0 18 310
12 60 23 42 4 23 0 0.00 0.0 0 13.7 26 350 M M 0 39 350
13 56 25 41 3 24 0 0.00 0.0 0 7.9 20 340 M M 0 26 330
14 55 18 37 -1 28 0 0.00 0.0 0 5.7 10 280 M M 0 12 280
15 57 23 40 2 25 0 0.00 0.0 0 4.7 9 300 M M 0 10 330
16 63 23 43 5 22 0 0.00 0.0 0 5.4 12 300 M M 0 13 300
17 61 26 44 6 21 0 0.00 0.0 0 5.3 12 320 M M 0 15 150
18 59 32 46 8 19 0 T 0.0 0 4.7 10 320 M M 7 13 270
19 58 27 43 5 22 0 0.03 0.0 0 4.8 16 160 M M 6 22 170
20 55 33 44 6 21 0 0.13 0.0 0 7.0 20 150 M M 7 1 25 160
21 51 40 46 8 19 0 0.20 0.0 0 2.5 13 140 M M 8 1 18 150
22 58 30 44 6 21 0 T 0.0 0 4.3 8 340 M M 2 10 340
23 58 26 42 4 23 0 0.00 0.0 0 6.7 20 360 M M 0 28 350
24 56 20 38 0 27 0 0.00 0.0 0 4.4 10 160 M M 0 13 170
25 61 24 43 5 22 0 0.00 0.0 0 3.8 10 150 M M 3 12 150
26 59 30 45 7 20 0 0.00 0.0 0 4.6 12 160 M M 1 15 150
27 53 31 42 4 23 0 0.00 0.0 0 4.6 13 290 M M 0 16 150
28 60 23 42 4 23 0 0.00 0.0 0 3.7 10 40 M M 0 11 30
29 59 24 42 4 23 0 0.00 0.0 0 13.1 30 160 M M 0 42 170
30 52 25 39 1 26 0 0.00 0.0 0 6.2 15 270 M M 4 19 280
31 49 19 34 -4 31 0 0.00 0.0 0 5.4 14 160 M M 1 21 160
================================================================================
SM 1813 767 715 0 0.36 0.0 177.5 M 43
================================================================================
AV 58.5 24.7 5.7 FASTST M M 1 MAX(MPH)
MISC ----> 30 160 42 170
================================================================================
NOTES:
# LAST OF SEVERAL OCCURRENCES
COLUMN 17 PEAK WIND IN M.P.H.
PRELIMINARY LOCAL CLIMATOLOGICAL DATA (WS FORM: F-6) , PAGE 2
STATION: BISHOP CA
MONTH: DECEMBER
YEAR: 2023
LATITUDE: 37 22 N
LONGITUDE: 118 22 W
[TEMPERATURE DATA] [PRECIPITATION DATA] SYMBOLS USED IN COLUMN 16
AVERAGE MONTHLY: 41.6 TOTAL FOR MONTH: 0.36 1 = FOG OR MIST
DPTR FM NORMAL: 3.3 DPTR FM NORMAL: -0.30 2 = FOG REDUCING VISIBILITY
HIGHEST: 67 ON 4 GRTST 24HR 0.33 ON 20-21 TO 1/4 MILE OR LESS
LOWEST: 18 ON 14, 9 3 = THUNDER
SNOW, ICE PELLETS, HAIL 4 = ICE PELLETS
TOTAL MONTH: 0.0 INCH 5 = HAIL
GRTST 24HR 0.0 6 = FREEZING RAIN OR DRIZZLE
GRTST DEPTH: 0 7 = DUSTSTORM OR SANDSTORM:
VSBY 1/2 MILE OR LESS
8 = SMOKE OR HAZE
[NO. OF DAYS WITH] [WEATHER - DAYS WITH] 9 = BLOWING SNOW
X = TORNADO
MAX 32 OR BELOW: 0 0.01 INCH OR MORE: 3
MAX 90 OR ABOVE: 0 0.10 INCH OR MORE: 2
MIN 32 OR BELOW: 29 0.50 INCH OR MORE: 0
MIN 0 OR BELOW: 0 1.00 INCH OR MORE: 0
[HDD (BASE 65) ]
TOTAL THIS MO. 715 CLEAR (SCALE 0-3) 26
DPTR FM NORMAL -112 PTCLDY (SCALE 4-7) 5
TOTAL FM JUL 1 1529 CLOUDY (SCALE 8-10) 0
DPTR FM NORMAL -155
[CDD (BASE 65) ]
TOTAL THIS MO. 0
DPTR FM NORMAL 0 [PRESSURE DATA]
TOTAL FM JAN 1 1021 HIGHEST SLP M ON M
DPTR FM NORMAL -190 LOWEST SLP 29.74 ON 19
[REMARKS]
#FINAL-12-23#