000
CXUS55 KVEF 010910
CF6BIH
PRELIMINARY LOCAL CLIMATOLOGICAL DATA (WS FORM: F-6)
STATION: BISHOP CA
MONTH: OCTOBER
YEAR: 2023
LATITUDE: 37 22 N
LONGITUDE: 118 22 W
TEMPERATURE IN F: :PCPN: SNOW: WIND :SUNSHINE: SKY :PK WND
================================================================================
1 2 3 4 5 6A 6B 7 8 9 10 11 12 13 14 15 16 17 18
12Z AVG MX 2MIN
DY MAX MIN AVG DEP HDD CDD WTR SNW DPTH SPD SPD DIR MIN PSBL S-S WX SPD DR
================================================================================
1 66 42 54 -9 11 0 0.18 0.0 0 4.5 21 350 M M 6 13 30 350
2 70 43 57 -6 8 0 0.00 0.0 0 7.2 20 340 M M 4 26 340
3 76 41 59 -3 6 0 0.00 0.0 0 6.2 20 350 M M 3 29 360
4 78 45 62 0 3 0 0.00 0.0 0 5.7 13 360 M M 0 17 350
5 83 44 64 2 1 0 0.00 0.0 0 5.7 10 330 M M 0 12 300
6 87 44 66 5 0 1 0.00 0.0 0 6.5 15 180 M M 0 23 180
7 87 44 66 5 0 1 0.00 0.0 0 5.9 15 170 M M 0 21 180
8 87 43 65 5 0 0 0.00 0.0 0 6.0 20 160 M M 0 26 170
9 83 41 62 2 3 0 0.00 0.0 0 6.0 18 150 M M 0 26 150
10 82 38 60 0 5 0 0.00 0.0 0 5.2 18 340 M M 0 28 350
11 75 40 58 -1 7 0 0.00 0.0 0 14.8 25 340 M M 0 36 360
12 70 36 53 -6 12 0 0.00 0.0 0 6.5 20 360 M M 0 26 360
13 72 33 53 -6 12 0 0.00 0.0 0 7.7 18 160 M M 0 27 150
14 75 36 56 -2 9 0 0.00 0.0 0 5.1 12 150 M M 0 18 150
15 80 36 58 0 7 0 0.00 0.0 0 5.2 15 150 M M 0 20 150
16 83 38 61 3 4 0 0.00 0.0 0 5.1 12 150 M M 0 15 120
17 88 38 63 6 2 0 0.00 0.0 0 5.3 10 300 M M 0 16 260
18 88 42 65 8 0 0 0.00 0.0 0 5.4 10 300 M M 0 14 340
19 88 41 65 9 0 0 0.00 0.0 0 6.7 16 160 M M 0 20 150
20 86 40 63 7 2 0 0.00 0.0 0 4.8 13 350 M M 0 14 360
21 85 41 63 7 2 0 0.00 0.0 0 7.0 20 170 M M 0 26 160
22 79 40 60 5 5 0 0.00 0.0 0 6.5 18 330 M M 0 27 340
23 75 49 62 7 3 0 T 0.0 0 10.9 21 350 M M 2 30 360
24 75 37 56 2 9 0 0.00 0.0 0 6.3 16 160 M M 0 23 170
25 72 35 54 0 11 0 0.00 0.0 0 6.5 20 10 M M 2 27 10
26 70 39 55 1 10 0 0.00 0.0 0 8.5 21 330 M M 0 8 30 340
27 66 32 49 -4 16 0 0.00 0.0 0 6.0 14 150 M M 0 20 160
28 62 30 46 -7 19 0 0.00 0.0 0 18.1 33 360 M M 0 47 350
29 65 26 46 -6 19 0 0.00 0.0 0 10.7 20 350 M M 0 27 360
30 71 25 48 -4 17 0 0.00 0.0 0 6.4 12 310 M M 0 16 340
31 69 22 46 -6 19 0 0.00 0.0 0 4.7 12 300 M M 0 12 190
================================================================================
SM 2393 1181 222 2 0.18 0.0 217.1 M 17
================================================================================
AV 77.2 38.1 7.0 FASTST M M 1 MAX(MPH)
MISC ----> 33 360 47 350
================================================================================
NOTES:
# LAST OF SEVERAL OCCURRENCES
COLUMN 17 PEAK WIND IN M.P.H.
PRELIMINARY LOCAL CLIMATOLOGICAL DATA (WS FORM: F-6) , PAGE 2
STATION: BISHOP CA
MONTH: OCTOBER
YEAR: 2023
LATITUDE: 37 22 N
LONGITUDE: 118 22 W
[TEMPERATURE DATA] [PRECIPITATION DATA] SYMBOLS USED IN COLUMN 16
AVERAGE MONTHLY: 57.6 TOTAL FOR MONTH: 0.18 1 = FOG OR MIST
DPTR FM NORMAL: 0.1 DPTR FM NORMAL: -0.17 2 = FOG REDUCING VISIBILITY
HIGHEST: 88 ON 19,18 GRTST 24HR 0.43 ON 30- 1 TO 1/4 MILE OR LESS
LOWEST: 22 ON 31 3 = THUNDER
SNOW, ICE PELLETS, HAIL 4 = ICE PELLETS
TOTAL MONTH: 0.0 INCH 5 = HAIL
GRTST 24HR 0.0 6 = FREEZING RAIN OR DRIZZLE
GRTST DEPTH: 0 7 = DUSTSTORM OR SANDSTORM:
VSBY 1/2 MILE OR LESS
8 = SMOKE OR HAZE
[NO. OF DAYS WITH] [WEATHER - DAYS WITH] 9 = BLOWING SNOW
X = TORNADO
MAX 32 OR BELOW: 0 0.01 INCH OR MORE: 1
MAX 90 OR ABOVE: 0 0.10 INCH OR MORE: 1
MIN 32 OR BELOW: 5 0.50 INCH OR MORE: 0
MIN 0 OR BELOW: 0 1.00 INCH OR MORE: 0
[HDD (BASE 65) ]
TOTAL THIS MO. 222 CLEAR (SCALE 0-3) 29
DPTR FM NORMAL -23 PTCLDY (SCALE 4-7) 2
TOTAL FM JUL 1 232 CLOUDY (SCALE 8-10) 0
DPTR FM NORMAL -43
[CDD (BASE 65) ]
TOTAL THIS MO. 2
DPTR FM NORMAL -10 [PRESSURE DATA]
TOTAL FM JAN 1 1021 HIGHEST SLP M ON M
DPTR FM NORMAL -190 LOWEST SLP 29.47 ON 10
[REMARKS]
#FINAL-10-23#