000
CXUS53 KBIS 010830
CF6BIS
PRELIMINARY LOCAL CLIMATOLOGICAL DATA (WS FORM: F-6)
STATION: BISMARCK ND
MONTH: MAY
YEAR: 2023
LATITUDE: 46 46 N
LONGITUDE: 100 45 W
TEMPERATURE IN F: :PCPN: SNOW: WIND :SUNSHINE: SKY :PK WND
================================================================================
1 2 3 4 5 6A 6B 7 8 9 10 11 12 13 14 15 16 17 18
12Z AVG MX 2MIN
DY MAX MIN AVG DEP HDD CDD WTR SNW DPTH SPD SPD DIR MIN PSBL S-S WX SPD DR
================================================================================
1 61 26 44 -5 21 0 0.00 0.0 0 7.6 21 350 M M 0 31 30
2 69 27 48 -2 17 0 0.00 0.0 0 2.9 8 150 M M 0 11 150
3 82 32 57 7 8 0 0.00 0.0 0 6.5 14 160 M M 0 19 190
4 77 38 58 8 7 0 0.00 0.0 0 8.6 17 70 M M 0 23 70
5 71 38 55 4 10 0 0.00 0.0 0 10.2 21 100 M M 0 29 100
6 56 47 52 1 13 0 0.12 0.0 0 10.1 20 60 M M 8 1 25 50
7 58 48 53 1 12 0 T 0.0 0 7.2 14 30 M M 9 1 20 20
8 64 45 55 3 10 0 0.01 0.0 0 4.4 20 130 M M 7 23 130
9 73 40 57 4 8 0 0.05 T 0 11.6 37 170 M M 5 135 55 180
10 83 49 66 13 0 1 0.00 0.0 0 6.3 17 140 M M 0 1 24 160
11 75 49 62 9 3 0 0.01 0.0 0 8.3 17 120 M M 4 1 22 110
12 68 58 63 9 2 0 1.59 0.0 0 7.8 17 360 M M 9 13 23 350
13 63 56 60 6 5 0 0.09 0.0 0 13.3 23 70 M M 10 1 31 70
14 74 51 63 8 2 0 0.00 0.0 0 6.9 18 60 M M 2 25 40
15 78 43 61 6 4 0 0.00 0.0 0 3.2 12 230 M M 0 1 17 220
16 81 47 64 8 1 0 0.00 0.0 0 3.1 12 180 M M 0 18 210
17 75 49 62 6 3 0 T 0.0 0 9.1 29 310 M M 5 8 38 320
18 58 39 49 -7 16 0 0.00 0.0 0 9.6 23 320 M M 9 18 30 330
19 68 37 53 -4 12 0 0.00 0.0 0 6.6 16 320 M M 1 26 10
20 81 39 60 3 5 0 0.00 0.0 0 8.3 21 190 M M 0 27 170
21 81 48 65 8 0 0 0.00 0.0 0 2.4 10 130 M M 0 12 130
22 84 46 65 7 0 0 0.00 0.0 0 3.2 12 50 M M 0 15 70
23 89 51 70 12 0 5 0.45 0.0 0 5.2 29 60 M M 1 138 36 60
24 82 62 72 13 0 7 0.01 0.0 0 13.8 25 180 M M 2 38 32 160
25 85 58 72 13 0 7 0.00 0.0 0 13.8 28 160 M M 0 8 38 160
26 83 61 72 13 0 7 T 0.0 M 16.8 31 170 M M 3 41 170
27 84 62 73 13 0 8 0.12 0.0 0 16.0 30 150 M M 3 1 39 180
28 82 61 72 12 0 7 0.18 0.0 0 8.3 24 200 M M 2 13 34 210
29 85 56 71 11 0 6 0.35 0.0 0 6.6 29 310 M M 4 13 40 310
30 85 52 69 8 0 4 0.00 0.0 0 6.0 16 290 M M 0 1 23 290
31 74 57 66 5 0 1 0.03 0.0 0 6.1 15 170 M M 5 23 170
================================================================================
SM 2329 1472 159 53 3.01 T 249.8 M 89
================================================================================
AV 75.1 47.5 8.1 FASTST M M 3 MAX(MPH)
MISC ----> 37 170 55 180
================================================================================
NOTES:
# LAST OF SEVERAL OCCURRENCES
COLUMN 17 PEAK WIND IN M.P.H.
PRELIMINARY LOCAL CLIMATOLOGICAL DATA (WS FORM: F-6) , PAGE 2
STATION: BISMARCK ND
MONTH: MAY
YEAR: 2023
LATITUDE: 46 46 N
LONGITUDE: 100 45 W
[TEMPERATURE DATA] [PRECIPITATION DATA] SYMBOLS USED IN COLUMN 16
AVERAGE MONTHLY: 61.3 TOTAL FOR MONTH: 3.01 1 = FOG OR MIST
DPTR FM NORMAL: 6.0 DPTR FM NORMAL: 0.51 2 = FOG REDUCING VISIBILITY
HIGHEST: 89 ON 23 GRTST 24HR 1.61 ON 12-13 TO 1/4 MILE OR LESS
LOWEST: 26 ON 1 3 = THUNDER
SNOW, ICE PELLETS, HAIL 4 = ICE PELLETS
TOTAL MONTH: T 5 = HAIL
GRTST 24HR T ON 9- 9 6 = FREEZING RAIN OR DRIZZLE
GRTST DEPTH: 0 7 = DUSTSTORM OR SANDSTORM:
VSBY 1/2 MILE OR LESS
8 = SMOKE OR HAZE
[NO. OF DAYS WITH] [WEATHER - DAYS WITH] 9 = BLOWING SNOW
X = TORNADO
MAX 32 OR BELOW: 0 0.01 INCH OR MORE: 12
MAX 90 OR ABOVE: 0 0.10 INCH OR MORE: 6
MIN 32 OR BELOW: 3 0.50 INCH OR MORE: 1
MIN 0 OR BELOW: 0 1.00 INCH OR MORE: 1
[HDD (BASE 65) ]
TOTAL THIS MO. 159 CLEAR (SCALE 0-3) 20
DPTR FM NORMAL -157 PTCLDY (SCALE 4-7) 7
TOTAL FM JUL 1 9095 CLOUDY (SCALE 8-10) 4
DPTR FM NORMAL 699
[CDD (BASE 65) ]
TOTAL THIS MO. 53
DPTR FM NORMAL 36 [PRESSURE DATA]
TOTAL FM JAN 1 53 HIGHEST SLP 30.55 ON 14
DPTR FM NORMAL 36 LOWEST SLP 29.67 ON 29
[REMARKS]
#FINAL-05-23#