000
CXUS56 KBOI 011002
CF6BKE
PRELIMINARY LOCAL CLIMATOLOGICAL DATA (WS FORM: F-6)
STATION: BAKER OR
MONTH: JANUARY
YEAR: 2023
LATITUDE: 44 50 N
LONGITUDE: 117 49 W
TEMPERATURE IN F: :PCPN: SNOW: WIND :SUNSHINE: SKY :PK WND
================================================================================
1 2 3 4 5 6A 6B 7 8 9 10 11 12 13 14 15 16 17 18
12Z AVG MX 2MIN
DY MAX MIN AVG DEP HDD CDD WTR SNW DPTH SPD SPD DIR MIN PSBL S-S WX SPD DR
================================================================================
1 35 11 23 -5 42 0 T M M 5.7 18 330 M M 3 128 24 340
2 27 7 17 -11 48 0 0.00 M M 3.9 10 110 M M 8 1 15 120
3 30 20 25 -3 40 0 T M M 2.8 14 140 M M 9 1 18 140
4 36 18 27 -1 38 0 0.00 M M 11.3 25 120 M M 8 1 32 120
5 41 31 36 8 29 0 0.00 M M 12.5 28 130 M M 6 38 130
6 39 22 31 3 34 0 0.00 M M 5.4 18 110 M M 5 12 25 120
7 39 32 36 8 29 0 0.00 M M 13.3 22 110 M M 7 31 130
8 41 34 38 10 27 0 T 0.0 0 13.1 24 90 M M 7 1 32 90
9 38 26 32 4 33 0 0.02 M M 10.1 23 130 M M 5 1 31 120
10 37 27 32 4 33 0 T M M 5.9 16 110 M M 10 1 20 110
11 41 27 34 6 31 0 0.00 M M 8.0 20 130 M M 8 1 24 110
12 41 34 38 10 27 0 0.14 M M 13.8 21 110 M M 7 1 29 130
13 43 37 40 12 25 0 T M M 12.7 21 130 M M 3 29 110
14 46 36 41 13 24 0 T M M 11.5 20 130 M M 7 28 120
15 45 30 38 9 27 0 0.00 M M 9.0 22 180 M M 4 29 170
16 41 22 32 3 33 0 0.00 M M 3.0 13 340 M M 2 1 17 340
17 42 19 31 2 34 0 0.00 M M 2.8 14 330 M M 2 18 340
18 35 20 28 -1 37 0 0.13 M M 7.7 22 110 M M 6 1 30 120
19 35 13 24 -5 41 0 T M M 9.2 24 350 M M 6 1 31 340
20 32 7 20 -9 45 0 0.00 M M 1.8 7 190 M M 0 7 190
21 31 8 20 -9 45 0 T M M 4.1 21 120 M M 2 1 27 110
22 34 14 24 -5 41 0 0.01 M M 8.3 28 340 M M 9 1 35 340
23 35 9 22 -8 43 0 0.00 M M 3.6 14 330 M M 3 16 340
24 35 6 21 -9 44 0 0.00 M M 2.0 9 240 M M 3 11 240
25 43 23 33 3 32 0 0.00 M M 6.7 17 360 M M 7 25 350
26 44 21 33 3 32 0 0.00 M M 1.9 10 250 M M 1 13 260
27 45 29 37 7 28 0 T M M 8.0 21 340 M M 7 1 29 330
28 34 18 26 -4 39 0 T M M 12.3 31 330 M M 8 1 42 330
29 21 7 14 -16 51 0 0.00 M M 17.4 29 350 M M 0 40 340
30 23 1 12 -18 53 0 0.00 M M 3.4 8 190 M M 0 10 190
31 24 9 17 -13 48 0 0.00 M M 6.8 17 110 M M 5 23 110
================================================================================
SM 1133 618 1133 0 0.30 0.0 238.0 M 158
================================================================================
AV 36.5 19.9 7.7 FASTST M M 5 MAX(MPH)
MISC ----> 31 330 42 330
================================================================================
NOTES:
# LAST OF SEVERAL OCCURRENCES
COLUMN 17 PEAK WIND IN M.P.H.
PRELIMINARY LOCAL CLIMATOLOGICAL DATA (WS FORM: F-6) , PAGE 2
STATION: BAKER OR
MONTH: JANUARY
YEAR: 2023
LATITUDE: 44 50 N
LONGITUDE: 117 49 W
[TEMPERATURE DATA] [PRECIPITATION DATA] SYMBOLS USED IN COLUMN 16
AVERAGE MONTHLY: 28.2 TOTAL FOR MONTH: 0.30 1 = FOG OR MIST
DPTR FM NORMAL: -0.6 DPTR FM NORMAL: -0.40 2 = FOG REDUCING VISIBILITY
HIGHEST: 46 ON 14 GRTST 24HR 0.14 ON 12-12 TO 1/4 MILE OR LESS
LOWEST: 1 ON 30 3 = THUNDER
SNOW, ICE PELLETS, HAIL 4 = ICE PELLETS
TOTAL MONTH: 0.0 INCH 5 = HAIL
GRTST 24HR 0.0 6 = FREEZING RAIN OR DRIZZLE
GRTST DEPTH: 0 7 = DUSTSTORM OR SANDSTORM:
VSBY 1/2 MILE OR LESS
8 = SMOKE OR HAZE
[NO. OF DAYS WITH] [WEATHER - DAYS WITH] 9 = BLOWING SNOW
X = TORNADO
MAX 32 OR BELOW: 7 0.01 INCH OR MORE: 4
MAX 90 OR ABOVE: 0 0.10 INCH OR MORE: 2
MIN 32 OR BELOW: 27 0.50 INCH OR MORE: 0
MIN 0 OR BELOW: 0 1.00 INCH OR MORE: 0
[HDD (BASE 65) ]
TOTAL THIS MO. 1133 CLEAR (SCALE 0-3) 9
DPTR FM NORMAL 11 PTCLDY (SCALE 4-7) 18
TOTAL FM JUL 1 4232 CLOUDY (SCALE 8-10) 4
DPTR FM NORMAL 285
[CDD (BASE 65) ]
TOTAL THIS MO. 0
DPTR FM NORMAL 0 [PRESSURE DATA]
TOTAL FM JAN 1 0 HIGHEST SLP 30.64 ON 26
DPTR FM NORMAL 0 LOWEST SLP 29.46 ON 15
[REMARKS]
#FINAL-01-23#